{"id":5386,"date":"2022-04-13T08:48:53","date_gmt":"2022-04-13T04:48:53","guid":{"rendered":"http:\/\/college-lechaudron.ac-reunion.fr\/?page_id=5386"},"modified":"2022-04-13T08:48:53","modified_gmt":"2022-04-13T04:48:53","slug":"le-chef-detablissement-et-son-adjoint","status":"publish","type":"page","link":"https:\/\/etab.ac-reunion.fr\/clg-elie-wiesel\/le-chef-detablissement-et-son-adjoint\/","title":{"rendered":"Le chef d\u2019\u00e9tablissement et son adjoint"},"content":{"rendered":"<p><u>Le chef d\u2019\u00e9tablissement<\/u>\u00a0est second\u00e9 dans les t\u00e2ches p\u00e9dagogiques, \u00e9ducatives et administratives par\u00a0<u>un adjoint<\/u>.<\/p>\n<p>Double qualit\u00e9\u00a0:<\/p>\n<p>&#8211;\u00a0\u00a0\u00a0\u00a0\u00a0\u00a0\u00a0\u00a0\u00a0organe ex\u00e9cutif de l\u2019\u00e9tablissement<\/p>\n<p>&#8211;\u00a0\u00a0\u00a0\u00a0\u00a0\u00a0\u00a0\u00a0\u00a0repr\u00e9sentant de l\u2019\u00e9tablissement<\/p>\n<p><strong>I \u2013\u00a0<u>Le chef d\u2019\u00e9tablissement et son adjoint, organes ex\u00e9cutifs de l\u2019\u00e9tablissement<\/u><\/strong><\/p>\n<p><strong>1-1<\/strong>\u00a0\u00a0\u00a0\u00a0\u00a0\u00a0\u00a0\u00a0\u00a0\u00a0\u00a0Ils repr\u00e9sentent l\u2019EPLE en justice dans tous les actes de la vie civile\u00a0:<\/p>\n<p>Il pr\u00e9side\u00a0:\u00a0\u00a0\u00a0\u25cf\u00a0le conseil d\u2019administration,<\/p>\n<ul>\n<li>la commission permanente et les conseils de classe.<\/li>\n<\/ul>\n<p>Le chef d\u2019\u00e9tablissement a autorit\u00e9 sur le personnel qu\u2019il ou elle recrute (CES, CEC, assistants d\u2019\u00e9ducation, aides \u00e9ducateurs, \u2026).<\/p>\n<p><strong>1-2<\/strong>\u00a0\u00a0\u00a0\u00a0\u00a0\u00a0\u00a0\u00a0\u00a0\u00a0\u00a0Ils assurent les relations avec les trois autorit\u00e9s charg\u00e9es du contr\u00f4le administratif de l\u2019\u00e9tablissement\u00a0:<\/p>\n<p>&#8211;\u00a0\u00a0\u00a0\u00a0\u00a0\u00a0\u00a0\u00a0\u00a0repr\u00e9sentant de l\u2019Etat<\/p>\n<p>&#8211;\u00a0\u00a0\u00a0\u00a0\u00a0\u00a0\u00a0\u00a0\u00a0collectivit\u00e9 de rattachement<\/p>\n<p>&#8211;\u00a0\u00a0\u00a0\u00a0\u00a0\u00a0\u00a0\u00a0\u00a0autorit\u00e9 acad\u00e9mique<\/p>\n<p>Le chef d\u2019\u00e9tablissement assure \u00e0 lui seul\u00a0:<\/p>\n<p>&#8211;\u00a0\u00a0\u00a0\u00a0\u00a0\u00a0\u00a0\u00a0\u00a0l\u2019ordonnance des recettes, des d\u00e9penses<\/p>\n<p>&#8211;\u00a0\u00a0\u00a0\u00a0\u00a0\u00a0\u00a0\u00a0\u00a0la pr\u00e9paration du budget<\/p>\n<p><strong>II\u00a0<\/strong>\u2013\u00a0<strong><u>Le chef d\u2019\u00e9tablissement et son adjoint, repr\u00e9sentants de l\u2019Etat au sein de l\u2019EPLE<\/u><\/strong><\/p>\n<p><strong>2-1\u00a0<\/strong>Ils ont autorit\u00e9 sur l\u2019ensemble des personnels<\/p>\n<p><strong>2-2\u00a0<\/strong>Ils assurent le fonctionnement r\u00e9gulier de l\u2019\u00e9tablissement\u00a0:<\/p>\n<p>o\u00a0\u00a0\u00a0\u00a0\u00a0\u00a0\u00a0au plan p\u00e9dagogique<\/p>\n<p>o\u00a0\u00a0\u00a0\u00a0\u00a0\u00a0\u00a0dans le domaine de la vie scolaire<\/p>\n<p>o\u00a0\u00a0\u00a0\u00a0\u00a0\u00a0\u00a0en mati\u00e8re disciplinaire<\/p>\n<p><strong>2-3\u00a0<\/strong>Ils prennent toutes les dispositions pour assurer la s\u00e9curit\u00e9 des personnes, des biens, l\u2019hygi\u00e8ne et la salubrit\u00e9 de l\u2019\u00e9tablissement.<\/p>\n<p><a href=\"https:\/\/www.education.gouv.fr\/etre-personnel-de-direction-6830\">https:\/\/www.education.gouv.fr\/etre-personnel-de-direction-6830<\/a><\/p>\n","protected":false},"excerpt":{"rendered":"<p>Le chef d\u2019\u00e9tablissement\u00a0est second\u00e9 dans les t\u00e2ches p\u00e9dagogiques, \u00e9ducatives et administratives par\u00a0un adjoint. Double qualit\u00e9\u00a0: &#8211;\u00a0\u00a0\u00a0\u00a0\u00a0\u00a0\u00a0\u00a0\u00a0organe ex\u00e9cutif de l\u2019\u00e9tablissement &#8211;\u00a0\u00a0\u00a0\u00a0\u00a0\u00a0\u00a0\u00a0\u00a0repr\u00e9sentant de l\u2019\u00e9tablissement I \u2013\u00a0Le chef d\u2019\u00e9tablissement et son adjoint, organes ex\u00e9cutifs de l\u2019\u00e9tablissement 1-1\u00a0\u00a0\u00a0\u00a0\u00a0\u00a0\u00a0\u00a0\u00a0\u00a0\u00a0Ils repr\u00e9sentent l\u2019EPLE en justice dans tous les actes de la vie civile\u00a0: Il pr\u00e9side\u00a0:\u00a0\u00a0\u00a0\u25cf\u00a0le conseil d\u2019administration, la commission permanente et les [&hellip;]<\/p>\n","protected":false},"author":19455,"featured_media":0,"parent":0,"menu_order":0,"comment_status":"closed","ping_status":"closed","template":"","meta":{"footnotes":"","_links_to":"","_links_to_target":""},"class_list":["post-5386","page","type-page","status-publish","hentry"],"_links":{"self":[{"href":"https:\/\/etab.ac-reunion.fr\/clg-elie-wiesel\/wp-json\/wp\/v2\/pages\/5386","targetHints":{"allow":["GET"]}}],"collection":[{"href":"https:\/\/etab.ac-reunion.fr\/clg-elie-wiesel\/wp-json\/wp\/v2\/pages"}],"about":[{"href":"https:\/\/etab.ac-reunion.fr\/clg-elie-wiesel\/wp-json\/wp\/v2\/types\/page"}],"author":[{"embeddable":true,"href":"https:\/\/etab.ac-reunion.fr\/clg-elie-wiesel\/wp-json\/wp\/v2\/users\/19455"}],"replies":[{"embeddable":true,"href":"https:\/\/etab.ac-reunion.fr\/clg-elie-wiesel\/wp-json\/wp\/v2\/comments?post=5386"}],"version-history":[{"count":1,"href":"https:\/\/etab.ac-reunion.fr\/clg-elie-wiesel\/wp-json\/wp\/v2\/pages\/5386\/revisions"}],"predecessor-version":[{"id":5387,"href":"https:\/\/etab.ac-reunion.fr\/clg-elie-wiesel\/wp-json\/wp\/v2\/pages\/5386\/revisions\/5387"}],"wp:attachment":[{"href":"https:\/\/etab.ac-reunion.fr\/clg-elie-wiesel\/wp-json\/wp\/v2\/media?parent=5386"}],"curies":[{"name":"wp","href":"https:\/\/api.w.org\/{rel}","templated":true}]}}