{"id":5400,"date":"2022-04-13T08:56:35","date_gmt":"2022-04-13T04:56:35","guid":{"rendered":"http:\/\/college-lechaudron.ac-reunion.fr\/?page_id=5400"},"modified":"2022-04-13T08:56:35","modified_gmt":"2022-04-13T04:56:35","slug":"le-c-p-e","status":"publish","type":"page","link":"https:\/\/etab.ac-reunion.fr\/clg-elie-wiesel\/le-c-p-e\/","title":{"rendered":"Le C.P.E."},"content":{"rendered":"<p>Le C.P.E. (Conseiller Principal d\u2019\u00c9ducation)<\/p>\n<p><strong>Le conseiller principal d&rsquo;\u00e9ducation participe aux activit\u00e9s \u00e9ducatives du second degr\u00e9 sans enseigner<\/strong>. Les fonctions sont exerc\u00e9es sous la responsabilit\u00e9 du chef d&rsquo;\u00e9tablissement. Elles se situent dans le cadre g\u00e9n\u00e9ral de la vie scolaire et contribuent \u00e0 placer les \u00e9l\u00e8ves dans les meilleures conditions possibles pour leur scolarit\u00e9. Leurs responsabilit\u00e9s sont r\u00e9parties principalement dans les trois domaines suivants\u00a0:<\/p>\n<ul>\n<li><strong>le fonctionnement de l&rsquo;\u00e9tablissement\u00a0<\/strong>: organisation de la vie collective quotidienne hors du temps de classe, en liaison avec la vie p\u00e9dagogique dans l&rsquo;\u00e9tablissement<\/li>\n<li><strong>la collaboration avec le personnel enseignant\u00a0<\/strong>: travail en liaison \u00e9troite avec les professeurs afin d&rsquo;assurer le suivi des \u00e9l\u00e8ves et participation aux conseils de classe<\/li>\n<li><strong>l&rsquo;animation \u00e9ducative<\/strong>\u00a0: cr\u00e9ation des conditions du dialogue dans l&rsquo;action \u00e9ducative, sur le plan collectif et sur le plan individuel, organisation de la concertation et de la participation des diff\u00e9rents acteurs \u00e0 la vie scolaire au sein de l&rsquo;\u00e9tablissement<\/li>\n<\/ul>\n<p><a href=\"https:\/\/www.education.gouv.fr\/conseiller-principal-d-education-11459\">https:\/\/www.education.gouv.fr\/conseiller-principal-d-education-11459<\/a><\/p>\n","protected":false},"excerpt":{"rendered":"<p>Le C.P.E. (Conseiller Principal d\u2019\u00c9ducation) Le conseiller principal d&rsquo;\u00e9ducation participe aux activit\u00e9s \u00e9ducatives du second degr\u00e9 sans enseigner. Les fonctions sont exerc\u00e9es sous la responsabilit\u00e9 du chef d&rsquo;\u00e9tablissement. Elles se situent dans le cadre g\u00e9n\u00e9ral de la vie scolaire et contribuent \u00e0 placer les \u00e9l\u00e8ves dans les meilleures conditions possibles pour leur scolarit\u00e9. Leurs responsabilit\u00e9s [&hellip;]<\/p>\n","protected":false},"author":19455,"featured_media":0,"parent":0,"menu_order":0,"comment_status":"closed","ping_status":"closed","template":"","meta":{"footnotes":"","_links_to":"","_links_to_target":""},"class_list":["post-5400","page","type-page","status-publish","hentry"],"_links":{"self":[{"href":"https:\/\/etab.ac-reunion.fr\/clg-elie-wiesel\/wp-json\/wp\/v2\/pages\/5400","targetHints":{"allow":["GET"]}}],"collection":[{"href":"https:\/\/etab.ac-reunion.fr\/clg-elie-wiesel\/wp-json\/wp\/v2\/pages"}],"about":[{"href":"https:\/\/etab.ac-reunion.fr\/clg-elie-wiesel\/wp-json\/wp\/v2\/types\/page"}],"author":[{"embeddable":true,"href":"https:\/\/etab.ac-reunion.fr\/clg-elie-wiesel\/wp-json\/wp\/v2\/users\/19455"}],"replies":[{"embeddable":true,"href":"https:\/\/etab.ac-reunion.fr\/clg-elie-wiesel\/wp-json\/wp\/v2\/comments?post=5400"}],"version-history":[{"count":1,"href":"https:\/\/etab.ac-reunion.fr\/clg-elie-wiesel\/wp-json\/wp\/v2\/pages\/5400\/revisions"}],"predecessor-version":[{"id":5401,"href":"https:\/\/etab.ac-reunion.fr\/clg-elie-wiesel\/wp-json\/wp\/v2\/pages\/5400\/revisions\/5401"}],"wp:attachment":[{"href":"https:\/\/etab.ac-reunion.fr\/clg-elie-wiesel\/wp-json\/wp\/v2\/media?parent=5400"}],"curies":[{"name":"wp","href":"https:\/\/api.w.org\/{rel}","templated":true}]}}