{"id":5657,"date":"2022-09-25T19:15:26","date_gmt":"2022-09-25T15:15:26","guid":{"rendered":"https:\/\/etab.ac-reunion.fr\/clg-elie-wiesel\/?page_id=5657"},"modified":"2022-09-25T20:07:23","modified_gmt":"2022-09-25T16:07:23","slug":"mobile","status":"publish","type":"page","link":"https:\/\/etab.ac-reunion.fr\/clg-elie-wiesel\/mobile\/","title":{"rendered":"Mobile"},"content":{"rendered":"<p style=\"text-align: center\"><strong>HORAIRES D\u2019OUVERTURE \u00a0 <\/strong><\/p>\n<p style=\"text-align: center\"><strong>d<\/strong><strong>u Lundi au vendredi<\/strong>.<\/p>\n<p style=\"text-align: center\"><span style=\"color: #0000ff\"><strong>Matin<\/strong><strong>:<\/strong> \u00a0\u00a0\u00a0<\/span><strong><span style=\"color: #0000ff\"> 7H35\/12h00\u00a0<\/span>\u00a0\u00a0\u00a0\u00a0\u00a0\u00a0\u00a0\u00a0 <\/strong><\/p>\n<p style=\"text-align: center\"><span style=\"color: #339966\"><strong>Apr\u00e8s-midi<\/strong><strong>:<\/strong>\u00a0<\/span><strong><span style=\"color: #339966\"> \u00e0 13H15 \/18h00 sauf mercredi (\u00e9tablissement ferm\u00e9)<\/span><br \/>\n<\/strong><\/p>\n<p style=\"text-align: center\"><strong>Par Mail : <\/strong>ce.9741208v@ac-reunion.fr<\/p>\n<p style=\"text-align: center\"><strong>Par t\u00e9l\u00e9phone : <\/strong>0262 28 24 32<\/p>\n<p style=\"text-align: center\"><strong>Par Fax :\u00a0<\/strong>0262 28 07 06\u00a0\u00a0\u00a0\u00a0\u00a0\u00a0\u00a0\u00a0\u00a0\u00a0 <strong>Par Courrier :<\/strong>1, rue Bridet BP 286 97494 Sainte-Clotilde C\u00e9dex<\/p>\n<p style=\"text-align: center\"><div class=\"su-button-center\"><a href=\"https:\/\/etab.ac-reunion.fr\/clg-elie-wiesel\/category\/2022-2023\/\" class=\"su-button su-button-style-3d\" style=\"color:#100401;background-color:#54a9f4;border-color:#4488c4;border-radius:8px\" target=\"_blank\" rel=\"noopener noreferrer\"><span style=\"color:#100401;padding:0px 22px;font-size:17px;line-height:34px;border-color:#88c3f8;border-radius:8px;text-shadow:none\"> Informations<\/span><\/a><\/div>\n<p style=\"text-align: center\"><div class=\"su-button-center\"><a href=\"https:\/\/sso.ac-reunion.fr\/login?service=https%3A%2F%2Fhubole.ac-reunion.fr%2Fedispatcher%2Fng%2Fhub\" class=\"su-button su-button-style-3d\" style=\"color:#100401;background-color:#299b1b;border-color:#217c16;border-radius:8px\" target=\"_blank\" rel=\"noopener noreferrer\"><span style=\"color:#100401;padding:0px 22px;font-size:17px;line-height:34px;border-color:#6ab960;border-radius:8px;text-shadow:none\"> M\u00e9tice<\/span><\/a><\/div>\n<p style=\"text-align: center\"><div class=\"su-button-center\"><a href=\"https:\/\/etab.ac-reunion.fr\/clg-elie-wiesel\/wp-content\/uploads\/sites\/20\/2022\/06\/journal-53-21-juin-2022.pdf\" class=\"su-button su-button-style-3d\" style=\"color:#100401;background-color:#ea8719;border-color:#bc6c14;border-radius:8px\" target=\"_blank\" rel=\"noopener noreferrer\"><span style=\"color:#100401;padding:0px 22px;font-size:17px;line-height:34px;border-color:#f1ab5e;border-radius:8px;text-shadow:none\"> Le journal scolaire<\/span><\/a><\/div>\n<p style=\"text-align: center\"><div class=\"su-button-center\"><a href=\"https:\/\/etab.ac-reunion.fr\/clg-elie-wiesel\/pial-nord-04\/\" class=\"su-button su-button-style-3d\" style=\"color:#100401;background-color:#f1ed12;border-color:#c1be0f;border-radius:8px\" target=\"_blank\" rel=\"noopener noreferrer\"><span style=\"color:#100401;padding:0px 22px;font-size:17px;line-height:34px;border-color:#f6f35a;border-radius:8px;text-shadow:none\"> PialNord04<\/span><\/a><\/div>\n<p style=\"text-align: center\"><div class=\"su-button-center\"><a href=\"https:\/\/etab.ac-reunion.fr\/clg-elie-wiesel\/blogs-pedagogiques\/\" class=\"su-button su-button-style-3d\" style=\"color:#100401;background-color:#f112ad;border-color:#c10f8b;border-radius:8px\" target=\"_blank\" rel=\"noopener noreferrer\"><span style=\"color:#100401;padding:0px 22px;font-size:17px;line-height:34px;border-color:#f65ac6;border-radius:8px;text-shadow:none\"> Blogs des mati\u00e8res<\/span><\/a><\/div>\n<p>&nbsp;<\/p>\n","protected":false},"excerpt":{"rendered":"<p>HORAIRES D\u2019OUVERTURE \u00a0 du Lundi au vendredi. Matin: \u00a0\u00a0\u00a0 7H35\/12h00\u00a0\u00a0\u00a0\u00a0\u00a0\u00a0\u00a0\u00a0\u00a0 Apr\u00e8s-midi:\u00a0 \u00e0 13H15 \/18h00 sauf mercredi (\u00e9tablissement ferm\u00e9) Par Mail : ce.9741208v@ac-reunion.fr Par t\u00e9l\u00e9phone : 0262 28 24 32 Par Fax :\u00a00262 28 07 06\u00a0\u00a0\u00a0\u00a0\u00a0\u00a0\u00a0\u00a0\u00a0\u00a0 Par Courrier :1, rue Bridet BP 286 97494 Sainte-Clotilde C\u00e9dex &nbsp;<\/p>\n","protected":false},"author":19455,"featured_media":0,"parent":0,"menu_order":0,"comment_status":"closed","ping_status":"closed","template":"","meta":{"footnotes":"","_links_to":"","_links_to_target":""},"class_list":["post-5657","page","type-page","status-publish","hentry"],"_links":{"self":[{"href":"https:\/\/etab.ac-reunion.fr\/clg-elie-wiesel\/wp-json\/wp\/v2\/pages\/5657","targetHints":{"allow":["GET"]}}],"collection":[{"href":"https:\/\/etab.ac-reunion.fr\/clg-elie-wiesel\/wp-json\/wp\/v2\/pages"}],"about":[{"href":"https:\/\/etab.ac-reunion.fr\/clg-elie-wiesel\/wp-json\/wp\/v2\/types\/page"}],"author":[{"embeddable":true,"href":"https:\/\/etab.ac-reunion.fr\/clg-elie-wiesel\/wp-json\/wp\/v2\/users\/19455"}],"replies":[{"embeddable":true,"href":"https:\/\/etab.ac-reunion.fr\/clg-elie-wiesel\/wp-json\/wp\/v2\/comments?post=5657"}],"version-history":[{"count":9,"href":"https:\/\/etab.ac-reunion.fr\/clg-elie-wiesel\/wp-json\/wp\/v2\/pages\/5657\/revisions"}],"predecessor-version":[{"id":5671,"href":"https:\/\/etab.ac-reunion.fr\/clg-elie-wiesel\/wp-json\/wp\/v2\/pages\/5657\/revisions\/5671"}],"wp:attachment":[{"href":"https:\/\/etab.ac-reunion.fr\/clg-elie-wiesel\/wp-json\/wp\/v2\/media?parent=5657"}],"curies":[{"name":"wp","href":"https:\/\/api.w.org\/{rel}","templated":true}]}}