{"id":1043,"date":"2013-12-12T09:16:53","date_gmt":"2013-12-12T05:16:53","guid":{"rendered":"http:\/\/college-ehugot-tmp.ac-reunion.fr\/?page_id=1043"},"modified":"2021-09-12T11:27:22","modified_gmt":"2021-09-12T07:27:22","slug":"qui-etait-emile-hugot","status":"publish","type":"page","link":"https:\/\/etab.ac-reunion.fr\/clg-emile-hugot\/qui-etait-emile-hugot\/","title":{"rendered":"Qui \u00e9tait Emile Hugot ?"},"content":{"rendered":"<h4><span style=\"color: #ffffff\"><img loading=\"lazy\" decoding=\"async\" class=\"wp-image-3690 alignleft\" src=\"https:\/\/etab.ac-reunion.fr\/clg-emile-hugot\/wp-content\/uploads\/sites\/42\/2021\/09\/Emile_hugot-208x300.jpg\" alt=\"\" width=\"107\" height=\"154\" srcset=\"https:\/\/etab.ac-reunion.fr\/clg-emile-hugot\/wp-content\/uploads\/sites\/42\/2021\/09\/Emile_hugot-208x300.jpg 208w, https:\/\/etab.ac-reunion.fr\/clg-emile-hugot\/wp-content\/uploads\/sites\/42\/2021\/09\/Emile_hugot-104x150.jpg 104w, https:\/\/etab.ac-reunion.fr\/clg-emile-hugot\/wp-content\/uploads\/sites\/42\/2021\/09\/Emile_hugot.jpg 260w\" sizes=\"auto, (max-width: 107px) 100vw, 107px\" \/>Emile Hugot \u00ab\u00a0Monsieur Sucre\u00a0\u00bb<\/span><\/h4>\n<h5><span style=\"color: #ffffff\">(<em>9 Juin 1904 &#8211; 7 Ao\u00fbt 1993)<\/em><\/span><\/h5>\n<p>N\u00e9 \u00e0 Saint-Denis (R\u00e9union) d&rsquo;un p\u00e8re directeur d&rsquo;usine sucri\u00e8re.<br \/>\nFait des \u00e9tudes brillantes au lyc\u00e9e Leconte de lisle<!--more--> (1913-1921). Prix d&rsquo;honneur de l&rsquo;association des Anciens \u00c9l\u00e8ves en 1921, il entre au lyc\u00e9e Saint-Louis \u00e0 Paris puis \u00e0 l&rsquo;\u00e9cole Centrale des Arts et Manufactures de Paris (1923-1926). \u00c9l\u00e8ve officier \u00e0 l&rsquo;\u00e9cole militaire d&rsquo;artillerie de Poitiers il devient sous-lieutenant d&rsquo;artillerie \u00e0 Blida.<\/p>\n<p>Il retrouve la vie civile comme chimiste stagiaire au sucreries d&rsquo;Artres et de Bucy-le-Long avant de revenir \u00e0 la R\u00e9union le 5 Mai 1928.<\/p>\n<p>Ing\u00e9nieur G\u00e9om\u00e8tre \u00e0 la soci\u00e9t\u00e9 Hydro-\u00e9lectrique de la R\u00e9union (SHER 1928-1929).<\/p>\n<p>Les usines sucri\u00e8res ayant besoin d&rsquo;\u00e9nergie, l&rsquo;objectif est de capter la Rivi\u00e8re des Marsouins et de produire 36 000 kWh.<\/p>\n<p>Aide son p\u00e8re au Cabinet Hugot. Administrateur d\u00e9l\u00e9gu\u00e9 de la Soci\u00e9t\u00e9 Sucri\u00e8re Adam de Villiers (La Mare) en 1932 puis de la Soci\u00e9t\u00e9 Agricole et Industrielle de l&rsquo;Eperon. Mobilis\u00e9 le 1er Septembre 1939, il est commandant de batterie de C\u00f4te de Pointe-des-Galets. Il s&rsquo;oppose au d\u00e9barquement des Forces Fran\u00e7aises Libres avec le L\u00e9opard le 28 Novembre 1942. Bless\u00e9, il est transf\u00e9r\u00e9 sur l&rsquo;Angleterre.<br \/>\nA Londres, il est affect\u00e9 \u00e0 l&rsquo;Etat Major des Forces Fran\u00e7aise Libres et participe \u00e0 la campagne d&rsquo;Alsace avant d&rsquo;\u00eatre envoy\u00e9 sur le front des Alpes. Il est promu Capitaine le 25 Septembre et d\u00e9mobilis\u00e9 le 28 Septembre 1945.<\/p>\n<p>Il rentre \u00e0 la R\u00e9union pour se consacrer au Sucre. Il restructure l&rsquo;\u00e9conomie sucri\u00e8re (fusion des usines et propri\u00e9t\u00e9s de la Mare, Savanna et Grand-Bois et des propri\u00e9t\u00e9s des la Convenance et de l&rsquo;Eperon) et forme la Soci\u00e9t\u00e9 des Sucreries de Bourbon (2 D\u00e9cembre 1948). Il y joint l&rsquo;usine et la propri\u00e9t\u00e9 de Stella en 1952. Cette Soci\u00e9t\u00e9 produira \u00e0 partir de 1979 plus de la moiti\u00e9 du sucre de l&rsquo;\u00eele.<\/p>\n<p>C&rsquo;est \u00e0 l&rsquo;\u00e9tranger que son g\u00e9nie sera le plus reconnu:<\/p>\n<ul>\n<li>Mission au \u00eeles Hawa\u00ef, Cuba, Porto Rico (1950)<\/li>\n<\/ul>\n<ul>\n<li>Congr\u00e8s Internationaux Sucriers<\/li>\n<\/ul>\n<ul>\n<li>Auteur de \u00ab\u00a0La Sucrerie de Cannes\u00a0\u00bb (1950 puis 1970) traduit en anglais \u00ab\u00a0Hardbook of Cane Sugar Engineering\u00a0\u00bb (Elsevier 1960 puis 1972 et 1985) en Espagnol et en portugais.<\/li>\n<\/ul>\n<p>Il est l&rsquo;auteur de la formule de paiement de la Canne \u00e0 la richesse et de nombreuses formules agricoles ou techniques.<br \/>\nMembre de l&rsquo;A\u00e9ro-Club Roland Garros et de l&rsquo;a\u00e9ro-Club de France. F\u00e9ru d&rsquo;excursion en montagne, a pratiqu\u00e9 beaucoup de sports en particulier l&rsquo;athl\u00e9tisme (sprint, demi-fond, lancers) la natation, le tennis et le rugby.<\/p>\n<p>Il a \u00e9t\u00e9:<\/p>\n<ul>\n<li>Pr\u00e9sident de l&rsquo;EER (Energie Electrique de la R\u00e9union) 1950-1975<\/li>\n<\/ul>\n<ul>\n<li>Vice Pr\u00e9sident de la Chambre de Commerce: 1954-1974<\/li>\n<\/ul>\n<ul>\n<li>Membre de la Chambre d&rsquo;Agriculture: 1946-1980<\/li>\n<\/ul>\n<ul>\n<li>Membre du Comit\u00e9 Economique et Social.<\/li>\n<\/ul>\n","protected":false},"excerpt":{"rendered":"<p>Emile Hugot \u00ab\u00a0Monsieur Sucre\u00a0\u00bb (9 Juin 1904 &#8211; 7 Ao\u00fbt 1993) N\u00e9 \u00e0 Saint-Denis (R\u00e9union) d&rsquo;un p\u00e8re directeur d&rsquo;usine sucri\u00e8re. Fait des \u00e9tudes brillantes au lyc\u00e9e Leconte de lisle<\/p>\n<p> <a class=\"continue-reading-link\" href=\"https:\/\/etab.ac-reunion.fr\/clg-emile-hugot\/qui-etait-emile-hugot\/\"><span>Continue reading<\/span><i class=\"crycon-right-dir\"><\/i><\/a> <\/p>\n","protected":false},"author":311,"featured_media":0,"parent":0,"menu_order":0,"comment_status":"closed","ping_status":"open","template":"","meta":{"footnotes":"","_links_to":"","_links_to_target":""},"class_list":["post-1043","page","type-page","status-publish","hentry"],"_links":{"self":[{"href":"https:\/\/etab.ac-reunion.fr\/clg-emile-hugot\/wp-json\/wp\/v2\/pages\/1043","targetHints":{"allow":["GET"]}}],"collection":[{"href":"https:\/\/etab.ac-reunion.fr\/clg-emile-hugot\/wp-json\/wp\/v2\/pages"}],"about":[{"href":"https:\/\/etab.ac-reunion.fr\/clg-emile-hugot\/wp-json\/wp\/v2\/types\/page"}],"author":[{"embeddable":true,"href":"https:\/\/etab.ac-reunion.fr\/clg-emile-hugot\/wp-json\/wp\/v2\/users\/311"}],"replies":[{"embeddable":true,"href":"https:\/\/etab.ac-reunion.fr\/clg-emile-hugot\/wp-json\/wp\/v2\/comments?post=1043"}],"version-history":[{"count":31,"href":"https:\/\/etab.ac-reunion.fr\/clg-emile-hugot\/wp-json\/wp\/v2\/pages\/1043\/revisions"}],"predecessor-version":[{"id":3691,"href":"https:\/\/etab.ac-reunion.fr\/clg-emile-hugot\/wp-json\/wp\/v2\/pages\/1043\/revisions\/3691"}],"wp:attachment":[{"href":"https:\/\/etab.ac-reunion.fr\/clg-emile-hugot\/wp-json\/wp\/v2\/media?parent=1043"}],"curies":[{"name":"wp","href":"https:\/\/api.w.org\/{rel}","templated":true}]}}

Qui était Emile Hugot ?

<h4><span style="color: #ffffff"><img loading="lazy" decoding="async" class="wp-image-3690 alignleft" src="https://etab.ac-reunion.fr/clg-emile-hugot/wp-content/uploads/sites/42/2021/09/Emile_hugot-208x300.jpg" alt="" width="107" height="154" srcset="https://etab.ac-reunion.fr/clg-emile-hugot/wp-content/uploads/sites/42/2021/09/Emile_hugot-208x300.jpg 208w, https://etab.ac-reunion.fr/clg-emile-hugot/wp-content/uploads/sites/42/2021/09/Emile_hugot-104x150.jpg 104w, https://etab.ac-reunion.fr/clg-emile-hugot/wp-content/uploads/sites/42/2021/09/Emile_hugot.jpg 260w" sizes="auto, (max-width: 107px) 100vw, 107px" />Emile Hugot « Monsieur Sucre »</span></h4>
<h5><span style="color: #ffffff">(<em>9 Juin 1904 &#8211; 7 Août 1993)</em></span></h5>
<p>Né à Saint-Denis (Réunion) d&rsquo;un père directeur d&rsquo;usine sucrière.<br />
Fait des études brillantes au lycée Leconte de lisle<!--more--> (1913-1921). Prix d&rsquo;honneur de l&rsquo;association des Anciens Élèves en 1921, il entre au lycée Saint-Louis à Paris puis à l&rsquo;école Centrale des Arts et Manufactures de Paris (1923-1926). Élève officier à l&rsquo;école militaire d&rsquo;artillerie de Poitiers il devient sous-lieutenant d&rsquo;artillerie à Blida.</p>
<p>Il retrouve la vie civile comme chimiste stagiaire au sucreries d&rsquo;Artres et de Bucy-le-Long avant de revenir à la Réunion le 5 Mai 1928.</p>
<p>Ingénieur Géomètre à la société Hydro-électrique de la Réunion (SHER 1928-1929).</p>
<p>Les usines sucrières ayant besoin d&rsquo;énergie, l&rsquo;objectif est de capter la Rivière des Marsouins et de produire 36 000 kWh.</p>
<p>Aide son père au Cabinet Hugot. Administrateur délégué de la Société Sucrière Adam de Villiers (La Mare) en 1932 puis de la Société Agricole et Industrielle de l&rsquo;Eperon. Mobilisé le 1er Septembre 1939, il est commandant de batterie de Côte de Pointe-des-Galets. Il s&rsquo;oppose au débarquement des Forces Françaises Libres avec le Léopard le 28 Novembre 1942. Blessé, il est transféré sur l&rsquo;Angleterre.<br />
A Londres, il est affecté à l&rsquo;Etat Major des Forces Française Libres et participe à la campagne d&rsquo;Alsace avant d&rsquo;être envoyé sur le front des Alpes. Il est promu Capitaine le 25 Septembre et démobilisé le 28 Septembre 1945.</p>
<p>Il rentre à la Réunion pour se consacrer au Sucre. Il restructure l&rsquo;économie sucrière (fusion des usines et propriétés de la Mare, Savanna et Grand-Bois et des propriétés des la Convenance et de l&rsquo;Eperon) et forme la Société des Sucreries de Bourbon (2 Décembre 1948). Il y joint l&rsquo;usine et la propriété de Stella en 1952. Cette Société produira à partir de 1979 plus de la moitié du sucre de l&rsquo;île.</p>
<p>C&rsquo;est à l&rsquo;étranger que son génie sera le plus reconnu:</p>
<ul>
<li>Mission au îles Hawaï, Cuba, Porto Rico (1950)</li>
</ul>
<ul>
<li>Congrès Internationaux Sucriers</li>
</ul>
<ul>
<li>Auteur de « La Sucrerie de Cannes » (1950 puis 1970) traduit en anglais « Hardbook of Cane Sugar Engineering » (Elsevier 1960 puis 1972 et 1985) en Espagnol et en portugais.</li>
</ul>
<p>Il est l&rsquo;auteur de la formule de paiement de la Canne à la richesse et de nombreuses formules agricoles ou techniques.<br />
Membre de l&rsquo;Aéro-Club Roland Garros et de l&rsquo;aéro-Club de France. Féru d&rsquo;excursion en montagne, a pratiqué beaucoup de sports en particulier l&rsquo;athlétisme (sprint, demi-fond, lancers) la natation, le tennis et le rugby.</p>
<p>Il a été:</p>
<ul>
<li>Président de l&rsquo;EER (Energie Electrique de la Réunion) 1950-1975</li>
</ul>
<ul>
<li>Vice Président de la Chambre de Commerce: 1954-1974</li>
</ul>
<ul>
<li>Membre de la Chambre d&rsquo;Agriculture: 1946-1980</li>
</ul>
<ul>
<li>Membre du Comité Economique et Social.</li>
</ul>

<p>Emile Hugot « Monsieur Sucre » (9 Juin 1904 &#8211; 7 Août 1993) Né à Saint-Denis (Réunion) d&rsquo;un père directeur d&rsquo;usine sucrière. Fait des études brillantes au lycée Leconte de lisle</p>
<p> <a class="continue-reading-link" href="https://etab.ac-reunion.fr/clg-emile-hugot/qui-etait-emile-hugot/"><span>Continue reading</span><i class="crycon-right-dir"></i></a> </p>
