{"id":633,"date":"2015-09-02T10:32:34","date_gmt":"2015-09-02T06:32:34","guid":{"rendered":"http:\/\/college-etang-stpaul.ac-reunion.fr\/?page_id=633"},"modified":"2023-08-15T09:22:38","modified_gmt":"2023-08-15T05:22:38","slug":"reglement-interieur","status":"publish","type":"page","link":"https:\/\/etab.ac-reunion.fr\/clg-etang-saint-paul\/reglement-interieur\/","title":{"rendered":"R\u00e8glement int\u00e9rieur"},"content":{"rendered":"<h1>Ci-dessous, le r\u00e8glement int\u00e9rieur en vigueur au Coll\u00e8ge pour l&rsquo;ann\u00e9e 2023-2024 :<\/h1>\n<p><a href=\"https:\/\/etab.ac-reunion.fr\/clg-etang-saint-paul\/wp-content\/uploads\/sites\/29\/2023\/08\/annexe-1-Reglement-interieur.pdf\"><img loading=\"lazy\" decoding=\"async\" class=\"aligncenter size-full wp-image-3923\" src=\"https:\/\/etab.ac-reunion.fr\/clg-etang-saint-paul\/wp-content\/uploads\/sites\/29\/2023\/08\/Capture-decran-2023-08-15-092203.png\" alt=\"\" width=\"567\" height=\"788\" \/><\/a><\/p>\n<p>&nbsp;<\/p>\n<p style=\"text-align: center\"><a href=\"https:\/\/etab.ac-reunion.fr\/clg-etang-saint-paul\/wp-content\/uploads\/sites\/29\/2023\/08\/annexe-1-Reglement-interieur.pdf\">R\u00e8glement int\u00e9rieur 2023-2024<\/a><\/p>\n<p>&nbsp;<\/p>\n<p>&nbsp;<\/p>\n","protected":false},"excerpt":{"rendered":"<p>Ci-dessous, le r\u00e8glement int\u00e9rieur en vigueur au Coll\u00e8ge pour l&rsquo;ann\u00e9e 2023-2024 : &nbsp; R\u00e8glement int\u00e9rieur 2023-2024 &nbsp; &nbsp;<\/p>\n","protected":false},"author":2269,"featured_media":0,"parent":0,"menu_order":0,"comment_status":"closed","ping_status":"closed","template":"","meta":{"_et_pb_use_builder":"","_et_pb_old_content":"","_et_gb_content_width":"","footnotes":"","_links_to":"","_links_to_target":""},"class_list":["post-633","page","type-page","status-publish","hentry"],"_links":{"self":[{"href":"https:\/\/etab.ac-reunion.fr\/clg-etang-saint-paul\/wp-json\/wp\/v2\/pages\/633","targetHints":{"allow":["GET"]}}],"collection":[{"href":"https:\/\/etab.ac-reunion.fr\/clg-etang-saint-paul\/wp-json\/wp\/v2\/pages"}],"about":[{"href":"https:\/\/etab.ac-reunion.fr\/clg-etang-saint-paul\/wp-json\/wp\/v2\/types\/page"}],"author":[{"embeddable":true,"href":"https:\/\/etab.ac-reunion.fr\/clg-etang-saint-paul\/wp-json\/wp\/v2\/users\/2269"}],"replies":[{"embeddable":true,"href":"https:\/\/etab.ac-reunion.fr\/clg-etang-saint-paul\/wp-json\/wp\/v2\/comments?post=633"}],"version-history":[{"count":11,"href":"https:\/\/etab.ac-reunion.fr\/clg-etang-saint-paul\/wp-json\/wp\/v2\/pages\/633\/revisions"}],"predecessor-version":[{"id":3922,"href":"https:\/\/etab.ac-reunion.fr\/clg-etang-saint-paul\/wp-json\/wp\/v2\/pages\/633\/revisions\/3922"}],"wp:attachment":[{"href":"https:\/\/etab.ac-reunion.fr\/clg-etang-saint-paul\/wp-json\/wp\/v2\/media?parent=633"}],"curies":[{"name":"wp","href":"https:\/\/api.w.org\/{rel}","templated":true}]}}