{"id":2866,"date":"2025-04-15T16:06:18","date_gmt":"2025-04-15T13:06:18","guid":{"rendered":"https:\/\/etab.ac-reunion.fr\/clg-gaston-crochet\/?page_id=2866"},"modified":"2025-04-29T14:58:10","modified_gmt":"2025-04-29T11:58:10","slug":"orientation-2","status":"publish","type":"page","link":"https:\/\/etab.ac-reunion.fr\/clg-gaston-crochet\/orientation-2\/","title":{"rendered":"Orientation et stages"},"content":{"rendered":"\n<p class=\"has-large-font-size\"><strong>Pr\u00e9parer l\u2019avenir d\u00e8s le coll\u00e8ge<\/strong><\/p>\n\n\n\n<p class=\"has-large-font-size\">L\u2019orientation est un enjeu majeur pour nos \u00e9l\u00e8ves. Le coll\u00e8ge Gaston Crochet met en place un accompagnement progressif tout au long du cycle 4 :<\/p>\n\n\n\n<p class=\"has-accent-2-color has-text-color has-link-color has-large-font-size wp-elements-d23f9885b5634efd92ea4211aef52e0d\">\ud83d\udd39 <strong>D\u00e9couverte des m\u00e9tiers et de soi<\/strong><\/p>\n\n\n\n<ul class=\"wp-block-list\">\n<li class=\"has-accent-2-color has-text-color has-link-color has-large-font-size wp-elements-dd8e593ce643df0198078066909b2120\">Ateliers en classe d\u00e8s la 5e<\/li>\n\n\n\n<li class=\"has-accent-2-color has-text-color has-link-color has-large-font-size wp-elements-4ded64a36c8b779e048a78f7baf5f07e\">Partenariat avec des partenaires (entreprises, MFR,&#8230;) et les <strong>Cord\u00e9es de la r\u00e9ussite<\/strong> (Lyc\u00e9es, universit\u00e9s&#8230;)<\/li>\n\n\n\n<li class=\"has-accent-2-color has-text-color has-link-color has-large-font-size wp-elements-efea59a80d3b789f54d62a954fff3435\">Visites, t\u00e9moignages de professionnels, et quiz interactifs<\/li>\n<\/ul>\n\n\n\n<p class=\"has-accent-1-color has-text-color has-link-color has-large-font-size wp-elements-b0df0f88fcb40d0f0b139b8e93a5141f\">\ud83d\udd39 <strong>Stage d&rsquo;observation en milieu professionnel<\/strong><br>Obligatoire en 3e, ce stage dure au moins 5 jours. Il permet aux \u00e9l\u00e8ves de d\u00e9couvrir le monde du travail, de construire leur projet d\u2019orientation et de pr\u00e9parer leur rapport de stage.<\/p>\n\n\n\n<p class=\"has-headings-color has-text-color has-link-color has-large-font-size wp-elements-8f3c305f04e3861dd6212e2ec65c6da5\">\ud83d\udd39<strong> Parcours personnalis\u00e9 d\u2019orientation<\/strong><br>Gr\u00e2ce aux dispositifs <strong>PPRE<\/strong>, <strong>PAP<\/strong> ou <strong>PPS<\/strong>, chaque \u00e9l\u00e8ve b\u00e9n\u00e9ficie d\u2019un suivi adapt\u00e9, en lien avec sa famille et les \u00e9quipes \u00e9ducatives.<\/p>\n\n\n\n<p class=\"has-headings-color has-text-color has-link-color has-large-font-size wp-elements-f12b9cb2350b5e1e9759ad882388154e\">Les familles sont r\u00e9guli\u00e8rement inform\u00e9es et associ\u00e9es \u00e0 ces d\u00e9marches pour accompagner au mieux le parcours de leur enfant.<\/p>\n","protected":false},"excerpt":{"rendered":"<p>Pr\u00e9parer l\u2019avenir d\u00e8s le coll\u00e8ge L\u2019orientation est un enjeu majeur pour nos \u00e9l\u00e8ves. Le coll\u00e8ge Gaston Crochet met en place un accompagnement progressif tout au long du cycle 4 : \ud83d\udd39 D\u00e9couverte des m\u00e9tiers et de soi \ud83d\udd39 Stage d&rsquo;observation en milieu professionnelObligatoire en 3e, ce stage dure au moins &hellip;<\/p>\n","protected":false},"author":14734,"featured_media":0,"parent":0,"menu_order":0,"comment_status":"closed","ping_status":"closed","template":"","meta":{"footnotes":""},"class_list":["post-2866","page","type-page","status-publish","hentry"],"_links":{"self":[{"href":"https:\/\/etab.ac-reunion.fr\/clg-gaston-crochet\/wp-json\/wp\/v2\/pages\/2866","targetHints":{"allow":["GET"]}}],"collection":[{"href":"https:\/\/etab.ac-reunion.fr\/clg-gaston-crochet\/wp-json\/wp\/v2\/pages"}],"about":[{"href":"https:\/\/etab.ac-reunion.fr\/clg-gaston-crochet\/wp-json\/wp\/v2\/types\/page"}],"author":[{"embeddable":true,"href":"https:\/\/etab.ac-reunion.fr\/clg-gaston-crochet\/wp-json\/wp\/v2\/users\/14734"}],"replies":[{"embeddable":true,"href":"https:\/\/etab.ac-reunion.fr\/clg-gaston-crochet\/wp-json\/wp\/v2\/comments?post=2866"}],"version-history":[{"count":3,"href":"https:\/\/etab.ac-reunion.fr\/clg-gaston-crochet\/wp-json\/wp\/v2\/pages\/2866\/revisions"}],"predecessor-version":[{"id":3209,"href":"https:\/\/etab.ac-reunion.fr\/clg-gaston-crochet\/wp-json\/wp\/v2\/pages\/2866\/revisions\/3209"}],"wp:attachment":[{"href":"https:\/\/etab.ac-reunion.fr\/clg-gaston-crochet\/wp-json\/wp\/v2\/media?parent=2866"}],"curies":[{"name":"wp","href":"https:\/\/api.w.org\/{rel}","templated":true}]}}