{"id":2870,"date":"2025-04-15T16:08:06","date_gmt":"2025-04-15T13:08:06","guid":{"rendered":"https:\/\/etab.ac-reunion.fr\/clg-gaston-crochet\/?page_id=2870"},"modified":"2025-12-05T14:27:21","modified_gmt":"2025-12-05T11:27:21","slug":"les-parents","status":"publish","type":"page","link":"https:\/\/etab.ac-reunion.fr\/clg-gaston-crochet\/les-parents\/","title":{"rendered":"DNB 2026"},"content":{"rendered":"\n<p class=\"has-accent-2-color has-text-color has-link-color has-large-font-size wp-elements-b01f6d7c3f3d5e0dc4b720f87ff60c64\"><strong>DNB 2026 : modalit\u00e9s, calendrier et conseils pour nos \u00e9l\u00e8ves de 3\u1d49<\/strong><\/p>\n\n\n\n<p class=\"has-large-font-size\">La session 2026 du Dipl\u00f4me national du brevet (DNB) du coll\u00e8ge s\u2019annonce avec de nouvelles modalit\u00e9s et un calendrier pr\u00e9cis\u00e9. Nous vous invitons \u00e0 prendre connaissance attentivement des informations ci-dessous afin de bien vous pr\u00e9parer sereinement \u00e0 cet examen.<\/p>\n\n\n\n<p class=\"has-accent-2-color has-text-color has-link-color has-large-font-size wp-elements-e5138da623cf29a48ba51e4e766d3fd7\"><strong>1. Calendrier des \u00e9preuves :<\/strong><\/p>\n\n\n\n<ul class=\"wp-block-list\">\n<li class=\"has-large-font-size\">Session normale : les \u00e9preuves \u00e9crites auront lieu&nbsp;<strong>vendredi 26 juin<\/strong>,&nbsp;<strong>lundi 29 juin<\/strong>&nbsp;et&nbsp;<strong>mardi 30 juin 2026<\/strong>.&nbsp;<a href=\"https:\/\/ent2d.ac-bordeaux.fr\/disciplines\/sti-college\/2025\/09\/26\/le-nouveau-diplome-national-du-brevet-dnb-pour-la-session-2026\/?utm_source=chatgpt.com\" target=\"_blank\" rel=\"noreferrer noopener\">ENT2D+2\u00e9duscol+2<\/a><\/li>\n<\/ul>\n\n\n\n<ul class=\"wp-block-list\">\n<li class=\"has-large-font-size\">Session de remplacement : pr\u00e9vues les\u00a0<strong>jeudi 10 septembre<\/strong>\u00a0et\u00a0<strong>vendredi 11 septembre 2026<\/strong>.<\/li>\n<\/ul>\n\n\n\n<p class=\"has-accent-2-color has-text-color has-link-color has-large-font-size wp-elements-d37f368d59965d95a2eca00c96173c4a\">2. <strong>Modalit\u00e9s d\u2019attribution du dipl\u00f4me :<\/strong><\/p>\n\n\n\n<ul class=\"wp-block-list\">\n<li class=\"has-large-font-size\">\u00c0 compter de la session 2026, le dipl\u00f4me sera attribu\u00e9 aux candidats ayant&nbsp;<strong>obtenu une moyenne finale \u2265 10 \/ 20<\/strong>.&nbsp;<a href=\"https:\/\/www.education.gouv.fr\/bo\/2025\/Hebdo33\/MENE2515977N?utm_source=chatgpt.com\" target=\"_blank\" rel=\"noreferrer noopener\">Minist\u00e8re de l&rsquo;\u00c9ducation nationale+1<\/a><\/li>\n\n\n\n<li class=\"has-large-font-size\">Le calcul de cette moyenne finale se r\u00e9partit de la fa\u00e7on suivante :\n<ul class=\"wp-block-list\">\n<li class=\"has-large-font-size\">Le&nbsp;<strong>contr\u00f4le continu<\/strong>&nbsp;(moyennes annuelles de toutes les disciplines obligatoires en classe de 3\u1d49) compte pour&nbsp;<strong>40 %<\/strong>&nbsp;de la note finale.&nbsp;<a href=\"https:\/\/eduscol.education.fr\/713\/modalites-d-attribution-du-diplome-national-du-brevet?utm_source=chatgpt.com\" target=\"_blank\" rel=\"noreferrer noopener\">\u00e9duscol+1<\/a><\/li>\n\n\n\n<li class=\"has-large-font-size\">Les&nbsp;<strong>\u00e9preuves terminales<\/strong>&nbsp;(\u00e9crites + orale) comptent pour&nbsp;<strong>60 %<\/strong>&nbsp;de la note finale.&nbsp;<a href=\"https:\/\/www.education.gouv.fr\/bo\/2025\/Hebdo33\/MENE2515977N?utm_source=chatgpt.com\" target=\"_blank\" rel=\"noreferrer noopener\">Minist\u00e8re de l&rsquo;\u00c9ducation nationale+1<\/a><\/li>\n<\/ul>\n<\/li>\n<\/ul>\n\n\n\n<ul class=\"wp-block-list\">\n<li class=\"has-large-font-size\">Pour les candidats sous statut scolaire, le contr\u00f4le continu est d\u00e9sormais d\u00e9fini \u00e0 partir des moyennes annuelles de toutes les disciplines suivies en 3\u1d49, toutes au m\u00eame coefficient.&nbsp;<a href=\"https:\/\/eduscol.education.fr\/713\/modalites-d-attribution-du-diplome-national-du-brevet?utm_source=chatgpt.com\" target=\"_blank\" rel=\"noreferrer noopener\">\u00e9duscol+1<\/a><\/li>\n<\/ul>\n\n\n\n<ul class=\"wp-block-list\">\n<li class=\"has-large-font-size\">La grille des mentions reste la suivante :\n<ul class=\"wp-block-list\">\n<li class=\"has-large-font-size\">\u00ab Assez bien \u00bb : moyenne \u2265 12 \/ 20<\/li>\n\n\n\n<li class=\"has-large-font-size\">\u00ab Bien \u00bb : moyenne \u2265 14 \/ 20<\/li>\n\n\n\n<li class=\"has-large-font-size\">\u00ab Tr\u00e8s bien \u00bb : moyenne \u2265 16 \/ 20<\/li>\n\n\n\n<li class=\"has-large-font-size\">\u00ab Tr\u00e8s bien avec f\u00e9licitations du jury \u00bb : moyenne \u2265 18 \/ 20<\/li>\n<\/ul>\n<\/li>\n<\/ul>\n\n\n\n<p class=\"has-accent-2-color has-text-color has-link-color has-large-font-size wp-elements-17c311086ef7ac492d74849b8bb8db73\"><strong>3. Principales nouveaut\u00e9s \u00e0 conna\u00eetre :<\/strong><\/p>\n\n\n\n<ul class=\"wp-block-list\">\n<li class=\"has-large-font-size\">Le contr\u00f4le continu n\u2019est plus fond\u00e9 sur l\u2019\u00e9valuation du socle commun de comp\u00e9tences comme auparavant : il repose sur la moyenne des moyennes de 3\u1d49.<\/li>\n\n\n\n<li class=\"has-large-font-size\">La part des \u00e9preuves terminales \u00e9tant renforc\u00e9e (60 %), la performance aux examens devient encore plus importante.\u00a0<\/li>\n\n\n\n<li class=\"has-large-font-size\">L\u2019\u00e9preuve de sciences implique deux disciplines parmi : physique-chimie, SVT, technologie. Le choix est annonc\u00e9 environ deux mois avant l\u2019examen.<\/li>\n<\/ul>\n\n\n\n<p class=\"has-accent-2-color has-text-color has-link-color has-large-font-size wp-elements-a1be7c8d80aee9304619773639ed0852\"><strong>4. Conseils pour bien se pr\u00e9parer :<\/strong><\/p>\n\n\n\n<ul class=\"wp-block-list\">\n<li class=\"has-large-font-size\">Veillez \u00e0 suivre assid\u00fbment les cours et \u00e0 soigner vos moyennes dans toutes les disciplines : chaque point compte.<\/li>\n\n\n\n<li class=\"has-large-font-size\">Anticipez votre organisation : travail r\u00e9gulier, fiches de r\u00e9vision, entra\u00eenements sur les sujets d\u2019\u00e9preuves.<\/li>\n\n\n\n<li class=\"has-large-font-size\">Ne n\u00e9gligez pas l\u2019\u00e9preuve orale : bien pr\u00e9parer son projet ou parcours et entra\u00eener son expression orale.<\/li>\n\n\n\n<li class=\"has-large-font-size\">Pour les familles : soutenez votre enfant dans sa pr\u00e9paration ; cr\u00e9ez un climat calme pour les r\u00e9visions et veillez au bon \u00e9quilibre repos\/travail.<\/li>\n\n\n\n<li class=\"has-large-font-size\">Restez inform\u00e9s : le coll\u00e8ge vous communiquera les calendriers internes, modalit\u00e9s sp\u00e9cifiques, et les \u00e9ventuelles consignes particuli\u00e8res.<\/li>\n<\/ul>\n","protected":false},"excerpt":{"rendered":"<p>DNB 2026 : modalit\u00e9s, calendrier et conseils pour nos \u00e9l\u00e8ves de 3\u1d49 La session 2026 du Dipl\u00f4me national du brevet (DNB) du coll\u00e8ge s\u2019annonce avec de nouvelles modalit\u00e9s et un calendrier pr\u00e9cis\u00e9. Nous vous invitons \u00e0 prendre connaissance attentivement des informations ci-dessous afin de bien vous pr\u00e9parer sereinement \u00e0 cet &hellip;<\/p>\n","protected":false},"author":14734,"featured_media":0,"parent":0,"menu_order":0,"comment_status":"closed","ping_status":"closed","template":"","meta":{"footnotes":""},"class_list":["post-2870","page","type-page","status-publish","hentry"],"_links":{"self":[{"href":"https:\/\/etab.ac-reunion.fr\/clg-gaston-crochet\/wp-json\/wp\/v2\/pages\/2870","targetHints":{"allow":["GET"]}}],"collection":[{"href":"https:\/\/etab.ac-reunion.fr\/clg-gaston-crochet\/wp-json\/wp\/v2\/pages"}],"about":[{"href":"https:\/\/etab.ac-reunion.fr\/clg-gaston-crochet\/wp-json\/wp\/v2\/types\/page"}],"author":[{"embeddable":true,"href":"https:\/\/etab.ac-reunion.fr\/clg-gaston-crochet\/wp-json\/wp\/v2\/users\/14734"}],"replies":[{"embeddable":true,"href":"https:\/\/etab.ac-reunion.fr\/clg-gaston-crochet\/wp-json\/wp\/v2\/comments?post=2870"}],"version-history":[{"count":5,"href":"https:\/\/etab.ac-reunion.fr\/clg-gaston-crochet\/wp-json\/wp\/v2\/pages\/2870\/revisions"}],"predecessor-version":[{"id":3717,"href":"https:\/\/etab.ac-reunion.fr\/clg-gaston-crochet\/wp-json\/wp\/v2\/pages\/2870\/revisions\/3717"}],"wp:attachment":[{"href":"https:\/\/etab.ac-reunion.fr\/clg-gaston-crochet\/wp-json\/wp\/v2\/media?parent=2870"}],"curies":[{"name":"wp","href":"https:\/\/api.w.org\/{rel}","templated":true}]}}