{"id":2872,"date":"2025-04-15T16:09:03","date_gmt":"2025-04-15T13:09:03","guid":{"rendered":"https:\/\/etab.ac-reunion.fr\/clg-gaston-crochet\/?page_id=2872"},"modified":"2025-04-28T18:38:05","modified_gmt":"2025-04-28T15:38:05","slug":"metice-educonnect","status":"publish","type":"page","link":"https:\/\/etab.ac-reunion.fr\/clg-gaston-crochet\/metice-educonnect\/","title":{"rendered":"Metice EduConnect"},"content":{"rendered":"\n<p><strong>A quoi sert EduConnect&nbsp;?<\/strong><\/p>\n\n\n\n<figure class=\"wp-block-image size-full is-resized\"><img loading=\"lazy\" decoding=\"async\" width=\"348\" height=\"144\" src=\"https:\/\/etab.ac-reunion.fr\/clg-gaston-crochet\/wp-content\/uploads\/sites\/97\/2025\/04\/Capture-decran-2025-04-28-a-14.25.24.png\" alt=\"\" class=\"wp-image-3083\" style=\"width:194px;height:auto\" srcset=\"https:\/\/etab.ac-reunion.fr\/clg-gaston-crochet\/wp-content\/uploads\/sites\/97\/2025\/04\/Capture-decran-2025-04-28-a-14.25.24.png 348w, https:\/\/etab.ac-reunion.fr\/clg-gaston-crochet\/wp-content\/uploads\/sites\/97\/2025\/04\/Capture-decran-2025-04-28-a-14.25.24-300x124.png 300w\" sizes=\"auto, (max-width: 348px) 100vw, 348px\" \/><\/figure>\n\n\n\n<p><strong>EduConnect<\/strong> est un compte unique qui permet de suivre la scolarit\u00e9 de vos enfants du 1<sup>er<\/sup> et 2<sup>nd<\/sup> degr\u00e9. Vous aurez acc\u00e8s&nbsp;:<\/p>\n\n\n\n<p>\u25cf \u00e0 l\u2019espace num\u00e9rique de travail (ENT) de vos enfants : Pronote, Messagerie p\u00e9dagogique, etc. <\/p>\n\n\n\n<p>\u25cf au portail Scolarit\u00e9 Services pour effectuer des d\u00e9marches en ligne (par exemple : demande de bourses, orientation, inscription).<\/p>\n\n\n\n<div style=\"height:17px\" aria-hidden=\"true\" class=\"wp-block-spacer\"><\/div>\n\n\n\n<div class=\"wp-block-group is-nowrap is-layout-flex wp-container-core-group-is-layout-ad2f72ca wp-block-group-is-layout-flex\">\n<div class=\"wp-block-buttons is-layout-flex wp-block-buttons-is-layout-flex\">\n<div class=\"wp-block-button\"><a class=\"wp-block-button__link wp-element-button\" href=\"https:\/\/sso.ac-reunion.fr\/login?service=https%3A%2F%2Fhubole.ac-reunion.fr%2Fedispatcher%2Fng%2Fhub\">Se connecter<\/a><\/div>\n<\/div>\n\n\n\n<div style=\"height:100px;width:0px\" aria-hidden=\"true\" class=\"wp-block-spacer wp-container-content-6388d5dc\"><\/div>\n\n\n\n<div class=\"wp-block-buttons is-layout-flex wp-block-buttons-is-layout-flex\">\n<div class=\"wp-block-button\"><a class=\"wp-block-button__link wp-element-button\" href=\"https:\/\/etab.ac-reunion.fr\/clg-gaston-crochet\/tutoriel\/\">Tutoriel<\/a><\/div>\n<\/div>\n<\/div>\n\n\n\n<p><\/p>\n\n\n\n<p><\/p>\n","protected":false},"excerpt":{"rendered":"<p>A quoi sert EduConnect&nbsp;? EduConnect est un compte unique qui permet de suivre la scolarit\u00e9 de vos enfants du 1er et 2nd degr\u00e9. Vous aurez acc\u00e8s&nbsp;: \u25cf \u00e0 l\u2019espace num\u00e9rique de travail (ENT) de vos enfants : Pronote, Messagerie p\u00e9dagogique, etc. \u25cf au portail Scolarit\u00e9 Services pour effectuer des d\u00e9marches &hellip;<\/p>\n","protected":false},"author":14734,"featured_media":0,"parent":0,"menu_order":0,"comment_status":"closed","ping_status":"closed","template":"","meta":{"footnotes":""},"class_list":["post-2872","page","type-page","status-publish","hentry"],"_links":{"self":[{"href":"https:\/\/etab.ac-reunion.fr\/clg-gaston-crochet\/wp-json\/wp\/v2\/pages\/2872","targetHints":{"allow":["GET"]}}],"collection":[{"href":"https:\/\/etab.ac-reunion.fr\/clg-gaston-crochet\/wp-json\/wp\/v2\/pages"}],"about":[{"href":"https:\/\/etab.ac-reunion.fr\/clg-gaston-crochet\/wp-json\/wp\/v2\/types\/page"}],"author":[{"embeddable":true,"href":"https:\/\/etab.ac-reunion.fr\/clg-gaston-crochet\/wp-json\/wp\/v2\/users\/14734"}],"replies":[{"embeddable":true,"href":"https:\/\/etab.ac-reunion.fr\/clg-gaston-crochet\/wp-json\/wp\/v2\/comments?post=2872"}],"version-history":[{"count":15,"href":"https:\/\/etab.ac-reunion.fr\/clg-gaston-crochet\/wp-json\/wp\/v2\/pages\/2872\/revisions"}],"predecessor-version":[{"id":3145,"href":"https:\/\/etab.ac-reunion.fr\/clg-gaston-crochet\/wp-json\/wp\/v2\/pages\/2872\/revisions\/3145"}],"wp:attachment":[{"href":"https:\/\/etab.ac-reunion.fr\/clg-gaston-crochet\/wp-json\/wp\/v2\/media?parent=2872"}],"curies":[{"name":"wp","href":"https:\/\/api.w.org\/{rel}","templated":true}]}}