{"id":3312,"date":"2025-05-20T15:58:19","date_gmt":"2025-05-20T12:58:19","guid":{"rendered":"https:\/\/etab.ac-reunion.fr\/clg-gaston-crochet\/?page_id=3312"},"modified":"2025-07-03T15:26:02","modified_gmt":"2025-07-03T12:26:02","slug":"litterature-et-expression","status":"publish","type":"page","link":"https:\/\/etab.ac-reunion.fr\/clg-gaston-crochet\/litterature-et-expression\/","title":{"rendered":"Litt\u00e9rature &#8211; langues et expressions"},"content":{"rendered":"\n<p class=\"has-large-font-size\"><strong>Concours d&rsquo;\u00e9criture<\/strong> : Participation au concours \u00ab\u00a0Plumes en herbe\u00a0\u00bb, o\u00f9 nos \u00e9l\u00e8ves ont \u00e9t\u00e9 r\u00e9compens\u00e9s pour leurs nouvelles inspir\u00e9es des contes cr\u00e9oles.<\/p>\n\n\n\n<p class=\"has-large-font-size\"><strong>Rencontres d&rsquo;auteurs<\/strong> : Organisation de s\u00e9ances d&rsquo;\u00e9changes avec des \u00e9crivains locaux, favorisant le dialogue autour de la litt\u00e9rature r\u00e9unionnaise.<\/p>\n\n\n\n<p class=\"has-large-font-size\"><strong>Ateliers slam et po\u00e9sie<\/strong> : Collaboration avec des artistes pour initier les \u00e9l\u00e8ves \u00e0 l&rsquo;art de la performance po\u00e9tique.<\/p>\n\n\n\n<p class=\"has-large-font-size\"><strong>Ateliers ludiques en cours de fran\u00e7ais et de latin<\/strong> : Des \u00e9l\u00e8ves participent \u00e0 des activit\u00e9s telles que le domino des livres, favorisant l&rsquo;expression et la cr\u00e9ativit\u00e9.<br>\ud83d\udcf8 Voir la publication : <a href=\"https:\/\/www.facebook.com\/61551748066336\/photos\/122195166428058268\/?utm_source=chatgpt.com\" target=\"_blank\" rel=\"noreferrer noopener\">Page Facebook coll\u00e8ge Gaston CROCHET<\/a><\/p>\n","protected":false},"excerpt":{"rendered":"<p>Concours d&rsquo;\u00e9criture : Participation au concours \u00ab\u00a0Plumes en herbe\u00a0\u00bb, o\u00f9 nos \u00e9l\u00e8ves ont \u00e9t\u00e9 r\u00e9compens\u00e9s pour leurs nouvelles inspir\u00e9es des contes cr\u00e9oles. Rencontres d&rsquo;auteurs : Organisation de s\u00e9ances d&rsquo;\u00e9changes avec des \u00e9crivains locaux, favorisant le dialogue autour de la litt\u00e9rature r\u00e9unionnaise. Ateliers slam et po\u00e9sie : Collaboration avec des artistes &hellip;<\/p>\n","protected":false},"author":6403,"featured_media":0,"parent":0,"menu_order":0,"comment_status":"closed","ping_status":"closed","template":"","meta":{"footnotes":""},"class_list":["post-3312","page","type-page","status-publish","hentry"],"_links":{"self":[{"href":"https:\/\/etab.ac-reunion.fr\/clg-gaston-crochet\/wp-json\/wp\/v2\/pages\/3312","targetHints":{"allow":["GET"]}}],"collection":[{"href":"https:\/\/etab.ac-reunion.fr\/clg-gaston-crochet\/wp-json\/wp\/v2\/pages"}],"about":[{"href":"https:\/\/etab.ac-reunion.fr\/clg-gaston-crochet\/wp-json\/wp\/v2\/types\/page"}],"author":[{"embeddable":true,"href":"https:\/\/etab.ac-reunion.fr\/clg-gaston-crochet\/wp-json\/wp\/v2\/users\/6403"}],"replies":[{"embeddable":true,"href":"https:\/\/etab.ac-reunion.fr\/clg-gaston-crochet\/wp-json\/wp\/v2\/comments?post=3312"}],"version-history":[{"count":2,"href":"https:\/\/etab.ac-reunion.fr\/clg-gaston-crochet\/wp-json\/wp\/v2\/pages\/3312\/revisions"}],"predecessor-version":[{"id":3467,"href":"https:\/\/etab.ac-reunion.fr\/clg-gaston-crochet\/wp-json\/wp\/v2\/pages\/3312\/revisions\/3467"}],"wp:attachment":[{"href":"https:\/\/etab.ac-reunion.fr\/clg-gaston-crochet\/wp-json\/wp\/v2\/media?parent=3312"}],"curies":[{"name":"wp","href":"https:\/\/api.w.org\/{rel}","templated":true}]}}