{"id":3331,"date":"2025-05-20T16:20:39","date_gmt":"2025-05-20T13:20:39","guid":{"rendered":"https:\/\/etab.ac-reunion.fr\/clg-gaston-crochet\/?page_id=3331"},"modified":"2025-05-20T16:20:39","modified_gmt":"2025-05-20T13:20:39","slug":"escape-games-et-jeux-pedagogiques","status":"publish","type":"page","link":"https:\/\/etab.ac-reunion.fr\/clg-gaston-crochet\/escape-games-et-jeux-pedagogiques\/","title":{"rendered":"Escape games et jeux p\u00e9dagogiques"},"content":{"rendered":"\n<p class=\"has-large-font-size\"><strong>Escape games \u00e9ducatifs<\/strong> : Conception de jeux d&rsquo;\u00e9vasion sur des th\u00e8mes vari\u00e9s (histoire, math\u00e9matiques, langues) pour renforcer les apprentissages de mani\u00e8re ludique. Une activit\u00e9 ludique et \u00e9ducative pour renforcer les comp\u00e9tences des \u00e9l\u00e8ves.<\/p>\n\n\n\n<p class=\"has-large-font-size\"><strong>Jeux de r\u00f4le<\/strong> : Simulations de situations historiques ou scientifiques pour d\u00e9velopper l&rsquo;esprit critique et la collaboration.<\/p>\n\n\n\n<p class=\"has-large-font-size\"><strong>Comp\u00e9titions amicales<\/strong> : Organisation de tournois interclasses autour de jeux de strat\u00e9gie et de logique.<\/p>\n","protected":false},"excerpt":{"rendered":"<p>Escape games \u00e9ducatifs : Conception de jeux d&rsquo;\u00e9vasion sur des th\u00e8mes vari\u00e9s (histoire, math\u00e9matiques, langues) pour renforcer les apprentissages de mani\u00e8re ludique. Une activit\u00e9 ludique et \u00e9ducative pour renforcer les comp\u00e9tences des \u00e9l\u00e8ves. Jeux de r\u00f4le : Simulations de situations historiques ou scientifiques pour d\u00e9velopper l&rsquo;esprit critique et la collaboration. &hellip;<\/p>\n","protected":false},"author":6403,"featured_media":0,"parent":0,"menu_order":0,"comment_status":"closed","ping_status":"closed","template":"","meta":{"footnotes":""},"class_list":["post-3331","page","type-page","status-publish","hentry"],"_links":{"self":[{"href":"https:\/\/etab.ac-reunion.fr\/clg-gaston-crochet\/wp-json\/wp\/v2\/pages\/3331","targetHints":{"allow":["GET"]}}],"collection":[{"href":"https:\/\/etab.ac-reunion.fr\/clg-gaston-crochet\/wp-json\/wp\/v2\/pages"}],"about":[{"href":"https:\/\/etab.ac-reunion.fr\/clg-gaston-crochet\/wp-json\/wp\/v2\/types\/page"}],"author":[{"embeddable":true,"href":"https:\/\/etab.ac-reunion.fr\/clg-gaston-crochet\/wp-json\/wp\/v2\/users\/6403"}],"replies":[{"embeddable":true,"href":"https:\/\/etab.ac-reunion.fr\/clg-gaston-crochet\/wp-json\/wp\/v2\/comments?post=3331"}],"version-history":[{"count":1,"href":"https:\/\/etab.ac-reunion.fr\/clg-gaston-crochet\/wp-json\/wp\/v2\/pages\/3331\/revisions"}],"predecessor-version":[{"id":3332,"href":"https:\/\/etab.ac-reunion.fr\/clg-gaston-crochet\/wp-json\/wp\/v2\/pages\/3331\/revisions\/3332"}],"wp:attachment":[{"href":"https:\/\/etab.ac-reunion.fr\/clg-gaston-crochet\/wp-json\/wp\/v2\/media?parent=3331"}],"curies":[{"name":"wp","href":"https:\/\/api.w.org\/{rel}","templated":true}]}}