{"id":3551,"date":"2025-07-09T09:22:09","date_gmt":"2025-07-09T06:22:09","guid":{"rendered":"https:\/\/etab.ac-reunion.fr\/clg-gaston-crochet\/?page_id=3551"},"modified":"2025-12-05T10:43:53","modified_gmt":"2025-12-05T07:43:53","slug":"convention-de-stage-des-3emes","status":"publish","type":"page","link":"https:\/\/etab.ac-reunion.fr\/clg-gaston-crochet\/convention-de-stage-des-3emes\/","title":{"rendered":"Convention de stage des 3\u00e8mes"},"content":{"rendered":"\n<p class=\"has-accent-2-color has-text-color has-link-color has-large-font-size wp-elements-29f09649050022f37aaf4b59e23f975c\">Les \u00e9l\u00e8ves de 3e du coll\u00e8ge Gaston Crochet doivent effectuer un stage d&rsquo;observation en entreprise au cours de l\u2019ann\u00e9e scolaire.<br>Vous pouvez d\u00e8s \u00e0 pr\u00e9sent <strong>t\u00e9l\u00e9charger la convention de stage vierge<\/strong> \u00e0 faire compl\u00e9ter par l\u2019entreprise d\u2019accueil et signer par toutes les parties.<\/p>\n\n\n\n<p>\ud83d\udcc4 <a><b>Vous pouvez t\u00e9l\u00e9charger ci-dessous la convention en PDF<\/b><\/a> <strong>en cliquant sur la fl\u00e8che (vers le bas) positionn\u00e9e \u00e0 droite du bandeau noir ci-dessous, juste avant l&rsquo;image de l&rsquo;imprimante<\/strong><\/p>\n\n\n\n<p class=\"has-large-font-size\">\ud83d\udd53 Merci de remettre la convention sign\u00e9e \u00e0 la vie scolaire <strong>au plus tard 15 jours avant le d\u00e9but du stage<\/strong>.<\/p>\n\n\n\n<div data-wp-interactive=\"core\/file\" class=\"wp-block-file\"><object data-wp-bind--hidden=\"!state.hasPdfPreview\" hidden class=\"wp-block-file__embed\" data=\"https:\/\/etab.ac-reunion.fr\/clg-gaston-crochet\/wp-content\/uploads\/sites\/97\/2025\/07\/CONVENTION-de-Stage-3eme-2025.pdf\" type=\"application\/pdf\" style=\"width:100%;height:1520px\" aria-label=\"Contenu embarqu\u00e9 CONVENTION de Stage 3\u00e8me 2025.\"><\/object><a id=\"wp-block-file--media-cd2032b6-7047-4710-b0c1-4d1a4ba33407\" href=\"https:\/\/etab.ac-reunion.fr\/clg-gaston-crochet\/wp-content\/uploads\/sites\/97\/2025\/07\/CONVENTION-de-Stage-3eme-2025.pdf\">CONVENTION de Stage 3\u00e8me 2025<\/a><a href=\"https:\/\/etab.ac-reunion.fr\/clg-gaston-crochet\/wp-content\/uploads\/sites\/97\/2025\/07\/CONVENTION-de-Stage-3eme-2025.pdf\" class=\"wp-block-file__button wp-element-button\" download aria-describedby=\"wp-block-file--media-cd2032b6-7047-4710-b0c1-4d1a4ba33407\">T\u00e9l\u00e9charger<\/a><\/div>\n","protected":false},"excerpt":{"rendered":"<p>Les \u00e9l\u00e8ves de 3e du coll\u00e8ge Gaston Crochet doivent effectuer un stage d&rsquo;observation en entreprise au cours de l\u2019ann\u00e9e scolaire.Vous pouvez d\u00e8s \u00e0 pr\u00e9sent t\u00e9l\u00e9charger la convention de stage vierge \u00e0 faire compl\u00e9ter par l\u2019entreprise d\u2019accueil et signer par toutes les parties. \ud83d\udcc4 Vous pouvez t\u00e9l\u00e9charger ci-dessous la convention en &hellip;<\/p>\n","protected":false},"author":6403,"featured_media":0,"parent":0,"menu_order":0,"comment_status":"closed","ping_status":"closed","template":"","meta":{"footnotes":""},"class_list":["post-3551","page","type-page","status-publish","hentry"],"_links":{"self":[{"href":"https:\/\/etab.ac-reunion.fr\/clg-gaston-crochet\/wp-json\/wp\/v2\/pages\/3551","targetHints":{"allow":["GET"]}}],"collection":[{"href":"https:\/\/etab.ac-reunion.fr\/clg-gaston-crochet\/wp-json\/wp\/v2\/pages"}],"about":[{"href":"https:\/\/etab.ac-reunion.fr\/clg-gaston-crochet\/wp-json\/wp\/v2\/types\/page"}],"author":[{"embeddable":true,"href":"https:\/\/etab.ac-reunion.fr\/clg-gaston-crochet\/wp-json\/wp\/v2\/users\/6403"}],"replies":[{"embeddable":true,"href":"https:\/\/etab.ac-reunion.fr\/clg-gaston-crochet\/wp-json\/wp\/v2\/comments?post=3551"}],"version-history":[{"count":7,"href":"https:\/\/etab.ac-reunion.fr\/clg-gaston-crochet\/wp-json\/wp\/v2\/pages\/3551\/revisions"}],"predecessor-version":[{"id":3813,"href":"https:\/\/etab.ac-reunion.fr\/clg-gaston-crochet\/wp-json\/wp\/v2\/pages\/3551\/revisions\/3813"}],"wp:attachment":[{"href":"https:\/\/etab.ac-reunion.fr\/clg-gaston-crochet\/wp-json\/wp\/v2\/media?parent=3551"}],"curies":[{"name":"wp","href":"https:\/\/api.w.org\/{rel}","templated":true}]}}