{"id":3594,"date":"2025-07-09T11:33:08","date_gmt":"2025-07-09T08:33:08","guid":{"rendered":"https:\/\/etab.ac-reunion.fr\/clg-gaston-crochet\/?page_id=3594"},"modified":"2025-07-09T11:33:08","modified_gmt":"2025-07-09T08:33:08","slug":"la-direction-du-college-notre-vision-commune","status":"publish","type":"page","link":"https:\/\/etab.ac-reunion.fr\/clg-gaston-crochet\/la-direction-du-college-notre-vision-commune\/","title":{"rendered":"LA DIRECTION DU COLLEGE : NOTRE VISION COMMUNE"},"content":{"rendered":"\n<p class=\"has-large-font-size\">Bienvenue au coll\u00e8ge Gaston Crochet, un \u00e9tablissement public d\u2019enseignement au service de la r\u00e9ussite de tous les \u00e9l\u00e8ves.<\/p>\n\n\n\n<p class=\"has-large-font-size\">Notre vision commune repose sur trois piliers :<br>\ud83d\udc49 une \u00e9cole <strong>exigeante et bienveillante<\/strong>,<br>\ud83d\udc49 une \u00e9quipe <strong>engag\u00e9e et collaborative<\/strong>,<br>\ud83d\udc49 et un ancrage <strong>ouvert sur son territoire et ses familles<\/strong>.<\/p>\n\n\n\n<p class=\"has-large-font-size\">\u00c0 travers notre projet d\u2019\u00e9tablissement, nous menons de nombreuses actions pour favoriser :<\/p>\n\n\n\n<ul class=\"wp-block-list\">\n<li class=\"has-accent-1-color has-text-color has-link-color has-large-font-size wp-elements-e133da863b46b6315d2c66454532c613\"><strong>la ma\u00eetrise des savoirs fondamentaux,<\/strong><\/li>\n\n\n\n<li class=\"has-accent-1-color has-text-color has-link-color has-large-font-size wp-elements-cbe76804d3b57be6d191622a5e697b3d\"><strong>le d\u00e9veloppement personnel et citoyen des \u00e9l\u00e8ves,<\/strong><\/li>\n\n\n\n<li class=\"has-accent-1-color has-text-color has-link-color has-large-font-size wp-elements-b2d6f8905bab409cf74be1e246c56721\"><strong>l\u2019inclusion, l\u2019\u00e9galit\u00e9 des chances et le d\u00e9veloppement durable.<\/strong><\/li>\n<\/ul>\n\n\n\n<p class=\"has-large-font-size\"><strong>Notre \u00e9quipe \u00e9ducative dynamique et engag\u00e9e<\/strong> agit avec conviction et coh\u00e9rence, en lien \u00e9troit avec les partenaires du territoire et les institutions. Nous croyons fermement que c\u2019est <strong>dans l\u2019alliance avec les familles<\/strong> que se construit la r\u00e9ussite de chaque \u00e9l\u00e8ve.<\/p>\n\n\n\n<p class=\"has-accent-2-color has-text-color has-link-color has-large-font-size wp-elements-4a572664681adf9c0d318bac9299de6c\"><strong>Ensemble, construisons une \u00e9cole vivante, humaine et ambitieuse.<\/strong><\/p>\n\n\n\n<p class=\"has-large-font-size\"><strong>L&rsquo;\u00e9quipe de Direction du coll\u00e8ge Gaston CROCHET<\/strong><\/p>\n","protected":false},"excerpt":{"rendered":"<p>Bienvenue au coll\u00e8ge Gaston Crochet, un \u00e9tablissement public d\u2019enseignement au service de la r\u00e9ussite de tous les \u00e9l\u00e8ves. Notre vision commune repose sur trois piliers :\ud83d\udc49 une \u00e9cole exigeante et bienveillante,\ud83d\udc49 une \u00e9quipe engag\u00e9e et collaborative,\ud83d\udc49 et un ancrage ouvert sur son territoire et ses familles. \u00c0 travers notre projet &hellip;<\/p>\n","protected":false},"author":6403,"featured_media":0,"parent":0,"menu_order":0,"comment_status":"closed","ping_status":"closed","template":"","meta":{"footnotes":""},"class_list":["post-3594","page","type-page","status-publish","hentry"],"_links":{"self":[{"href":"https:\/\/etab.ac-reunion.fr\/clg-gaston-crochet\/wp-json\/wp\/v2\/pages\/3594","targetHints":{"allow":["GET"]}}],"collection":[{"href":"https:\/\/etab.ac-reunion.fr\/clg-gaston-crochet\/wp-json\/wp\/v2\/pages"}],"about":[{"href":"https:\/\/etab.ac-reunion.fr\/clg-gaston-crochet\/wp-json\/wp\/v2\/types\/page"}],"author":[{"embeddable":true,"href":"https:\/\/etab.ac-reunion.fr\/clg-gaston-crochet\/wp-json\/wp\/v2\/users\/6403"}],"replies":[{"embeddable":true,"href":"https:\/\/etab.ac-reunion.fr\/clg-gaston-crochet\/wp-json\/wp\/v2\/comments?post=3594"}],"version-history":[{"count":1,"href":"https:\/\/etab.ac-reunion.fr\/clg-gaston-crochet\/wp-json\/wp\/v2\/pages\/3594\/revisions"}],"predecessor-version":[{"id":3595,"href":"https:\/\/etab.ac-reunion.fr\/clg-gaston-crochet\/wp-json\/wp\/v2\/pages\/3594\/revisions\/3595"}],"wp:attachment":[{"href":"https:\/\/etab.ac-reunion.fr\/clg-gaston-crochet\/wp-json\/wp\/v2\/media?parent=3594"}],"curies":[{"name":"wp","href":"https:\/\/api.w.org\/{rel}","templated":true}]}}