{"id":3697,"date":"2025-11-17T15:02:37","date_gmt":"2025-11-17T12:02:37","guid":{"rendered":"https:\/\/etab.ac-reunion.fr\/clg-gaston-crochet\/?page_id=3697"},"modified":"2025-12-01T10:38:20","modified_gmt":"2025-12-01T07:38:20","slug":"forum-des-metiers-si-demain-jetais","status":"publish","type":"page","link":"https:\/\/etab.ac-reunion.fr\/clg-gaston-crochet\/forum-des-metiers-si-demain-jetais\/","title":{"rendered":"FORUM DES METIERS \u00ab Si demain j\u2019\u00e9tais\u2026 \u00bb"},"content":{"rendered":"\n<h3 class=\"wp-block-heading has-accent-2-color has-text-color has-link-color has-large-font-size wp-elements-3f159b65947d91fa1c77b93656311cab\">Retour en images &amp; vid\u00e9os officielles<\/h3>\n\n\n\n<p class=\"has-large-font-size\">Le coll\u00e8ge Gaston Crochet a particip\u00e9, le <strong>jeudi 6 novembre 2025<\/strong>, au <strong>Forum des M\u00e9tiers \u201cSi demain j\u2019\u00e9tais\u2026\u201d<\/strong>, organis\u00e9 par le <strong>Comit\u00e9 Local \u00c9cole-Entreprise (CLEE) de l\u2019Est<\/strong> et accueilli au <strong>LPO Nelson Mandela<\/strong>.<\/p>\n\n\n\n<p class=\"has-large-font-size\">Pr\u00e8s de <strong>1 000 coll\u00e9giens<\/strong> provenant de huit \u00e9tablissements du bassin Est ont pu rencontrer des professionnels issus de nombreux secteurs : sant\u00e9, industrie, commerce, communication, d\u00e9fense, sciences et bien d\u2019autres.<br>Nos \u00e9l\u00e8ves de 3\u1d49 ont b\u00e9n\u00e9fici\u00e9 d\u2019un parcours guid\u00e9 leur permettant de d\u00e9couvrir des m\u00e9tiers, d\u2019interroger des professionnels et d\u2019enrichir leur r\u00e9flexion dans le cadre du <strong>Parcours Avenir<\/strong>.<\/p>\n\n\n\n<h2 class=\"wp-block-heading has-accent-1-color has-text-color has-link-color has-large-font-size wp-elements-f61416bea69da22b020124100b33beaa\">\ud83d\udcf9 Vid\u00e9o officielle \u2013 2\u1d49 \u00e9dition du Forum des M\u00e9tiers<\/h2>\n\n\n\n<p class=\"has-large-font-size\">R\u00e9alis\u00e9e par la <strong>DRAFPIC \u2013 Service Communication<\/strong>, cette vid\u00e9o revient sur les moments forts du forum :<br>\ud83d\udc49 <strong>Voir la vid\u00e9o :<\/strong> <a href=\"https:\/\/youtu.be\/Aqa8myStnmM\">https:\/\/youtu.be\/Aqa8myStnmM<\/a><\/p>\n\n\n\n<p class=\"has-large-font-size\"><\/p>\n\n\n\n<h2 class=\"wp-block-heading has-accent-2-color has-text-color has-link-color has-large-font-size wp-elements-c6ee158d45620f2b43eae9cfadf89b7b\">\ud83d\ude4f Remerciements aux :<\/h2>\n\n\n\n<ul class=\"wp-block-list\">\n<li class=\"has-large-font-size\">\u00e9quipes du <strong>CLEE Est<\/strong>,<\/li>\n\n\n\n<li class=\"has-large-font-size\">professionnels mobilis\u00e9s,<\/li>\n\n\n\n<li class=\"has-large-font-size\">\u00e9quipes p\u00e9dagogiques,<\/li>\n\n\n\n<li class=\"has-large-font-size\">accompagnateurs du coll\u00e8ge,<\/li>\n<\/ul>\n\n\n\n<p class=\"has-large-font-size\">pour leur engagement au service de l\u2019orientation des \u00e9l\u00e8ves.<\/p>\n","protected":false},"excerpt":{"rendered":"<p>Retour en images &amp; vid\u00e9os officielles Le coll\u00e8ge Gaston Crochet a particip\u00e9, le jeudi 6 novembre 2025, au Forum des M\u00e9tiers \u201cSi demain j\u2019\u00e9tais\u2026\u201d, organis\u00e9 par le Comit\u00e9 Local \u00c9cole-Entreprise (CLEE) de l\u2019Est et accueilli au LPO Nelson Mandela. Pr\u00e8s de 1 000 coll\u00e9giens provenant de huit \u00e9tablissements du bassin &hellip;<\/p>\n","protected":false},"author":6403,"featured_media":0,"parent":0,"menu_order":0,"comment_status":"closed","ping_status":"closed","template":"","meta":{"footnotes":""},"class_list":["post-3697","page","type-page","status-publish","hentry"],"_links":{"self":[{"href":"https:\/\/etab.ac-reunion.fr\/clg-gaston-crochet\/wp-json\/wp\/v2\/pages\/3697","targetHints":{"allow":["GET"]}}],"collection":[{"href":"https:\/\/etab.ac-reunion.fr\/clg-gaston-crochet\/wp-json\/wp\/v2\/pages"}],"about":[{"href":"https:\/\/etab.ac-reunion.fr\/clg-gaston-crochet\/wp-json\/wp\/v2\/types\/page"}],"author":[{"embeddable":true,"href":"https:\/\/etab.ac-reunion.fr\/clg-gaston-crochet\/wp-json\/wp\/v2\/users\/6403"}],"replies":[{"embeddable":true,"href":"https:\/\/etab.ac-reunion.fr\/clg-gaston-crochet\/wp-json\/wp\/v2\/comments?post=3697"}],"version-history":[{"count":2,"href":"https:\/\/etab.ac-reunion.fr\/clg-gaston-crochet\/wp-json\/wp\/v2\/pages\/3697\/revisions"}],"predecessor-version":[{"id":3705,"href":"https:\/\/etab.ac-reunion.fr\/clg-gaston-crochet\/wp-json\/wp\/v2\/pages\/3697\/revisions\/3705"}],"wp:attachment":[{"href":"https:\/\/etab.ac-reunion.fr\/clg-gaston-crochet\/wp-json\/wp\/v2\/media?parent=3697"}],"curies":[{"name":"wp","href":"https:\/\/api.w.org\/{rel}","templated":true}]}}