{"id":3843,"date":"2025-12-19T10:03:15","date_gmt":"2025-12-19T07:03:15","guid":{"rendered":"https:\/\/etab.ac-reunion.fr\/clg-gaston-crochet\/?page_id=3843"},"modified":"2025-12-25T16:34:28","modified_gmt":"2025-12-25T13:34:28","slug":"bien-preparer-sa-rentree-en-6%e1%b5%89-conseils-pour-une-transition-sereine","status":"publish","type":"page","link":"https:\/\/etab.ac-reunion.fr\/clg-gaston-crochet\/bien-preparer-sa-rentree-en-6%e1%b5%89-conseils-pour-une-transition-sereine\/","title":{"rendered":"Bien pr\u00e9parer sa rentr\u00e9e en 6\u1d49 : conseils pour une transition sereine"},"content":{"rendered":"\n<p class=\"has-accent-1-color has-text-color has-link-color has-large-font-size wp-elements-f5e0dfede81dabf9380b71eca45d5740\">L\u2019entr\u00e9e en <strong>6\u1d49<\/strong> est une \u00e9tape importante dans la scolarit\u00e9 de votre enfant : nouvelle organisation, nouveaux professeurs, changement de rythme\u2026 Voici des conseils pratiques pour faire de cette rentr\u00e9e un moment positif et bien pr\u00e9par\u00e9.<\/p>\n\n\n\n<h2 class=\"wp-block-heading has-large-font-size\"><strong>Comprendre les changements \u00e0 venir<\/strong><\/h2>\n\n\n\n<p class=\"has-large-font-size\">La 6\u1d49 marque un vrai changement :<\/p>\n\n\n\n<ul class=\"wp-block-list\">\n<li class=\"has-accent-2-color has-text-color has-link-color has-large-font-size wp-elements-fb3d0bcdde67ec82c7f9be4d1b937a0f\">L\u2019\u00e9l\u00e8ve a <strong>plusieurs professeurs<\/strong>, chacun pour une mati\u00e8re diff\u00e9rente.<\/li>\n\n\n\n<li class=\"has-accent-2-color has-text-color has-link-color has-large-font-size wp-elements-d2da705f8aefd4b1f4a13487f355d71a\">L\u2019emploi du temps varie d\u2019un jour \u00e0 l\u2019autre.<\/li>\n\n\n\n<li class=\"has-accent-2-color has-text-color has-link-color has-large-font-size wp-elements-e8b5f8cfccef2ff535bea5588a8e1622\">Il faut g\u00e9rer plusieurs salles de cours, parfois un casier ou un espace de rangement.<br>Autant de nouveaut\u00e9s qui demandent un peu d\u2019organisation et d\u2019autonomie.<\/li>\n<\/ul>\n\n\n\n<p class=\"has-accent-1-color has-text-color has-link-color has-large-font-size wp-elements-760b14289b6a0a1ec3ccda4d76c126ae\"><strong>T\u00e9l\u00e9charger<\/strong>\u00a0<strong>en cliquant sur le bouton noir ci-dessous<\/strong>.<\/p>\n\n\n\n<div class=\"wp-block-file\"><a id=\"wp-block-file--media-8db66ea4-7068-4f4c-a2bc-7cb78613fef9\" href=\"https:\/\/etab.ac-reunion.fr\/clg-gaston-crochet\/wp-content\/uploads\/sites\/97\/2025\/12\/BIEN-PREPARER-SA-6EME.pdf\">BIEN PREPARER SA 6EME<\/a><a href=\"https:\/\/etab.ac-reunion.fr\/clg-gaston-crochet\/wp-content\/uploads\/sites\/97\/2025\/12\/BIEN-PREPARER-SA-6EME.pdf\" class=\"wp-block-file__button wp-element-button\" download aria-describedby=\"wp-block-file--media-8db66ea4-7068-4f4c-a2bc-7cb78613fef9\">T\u00e9l\u00e9charger<\/a><\/div>\n\n\n<a href=\"https:\/\/etab.ac-reunion.fr\/clg-gaston-crochet\/wp-content\/uploads\/sites\/97\/2025\/12\/BIEN-PREPARER-SA-6EME.pdf\" class=\"pdfemb-viewer\" style=\"\" data-width=\"max\" data-height=\"max\" data-toolbar=\"top\" data-toolbar-fixed=\"off\">BIEN-PREPARER-SA-6EME<\/a>","protected":false},"excerpt":{"rendered":"<p>L\u2019entr\u00e9e en 6\u1d49 est une \u00e9tape importante dans la scolarit\u00e9 de votre enfant : nouvelle organisation, nouveaux professeurs, changement de rythme\u2026 Voici des conseils pratiques pour faire de cette rentr\u00e9e un moment positif et bien pr\u00e9par\u00e9. Comprendre les changements \u00e0 venir La 6\u1d49 marque un vrai changement : T\u00e9l\u00e9charger\u00a0en cliquant &hellip;<\/p>\n","protected":false},"author":6403,"featured_media":0,"parent":0,"menu_order":0,"comment_status":"closed","ping_status":"closed","template":"","meta":{"footnotes":""},"class_list":["post-3843","page","type-page","status-publish","hentry"],"_links":{"self":[{"href":"https:\/\/etab.ac-reunion.fr\/clg-gaston-crochet\/wp-json\/wp\/v2\/pages\/3843","targetHints":{"allow":["GET"]}}],"collection":[{"href":"https:\/\/etab.ac-reunion.fr\/clg-gaston-crochet\/wp-json\/wp\/v2\/pages"}],"about":[{"href":"https:\/\/etab.ac-reunion.fr\/clg-gaston-crochet\/wp-json\/wp\/v2\/types\/page"}],"author":[{"embeddable":true,"href":"https:\/\/etab.ac-reunion.fr\/clg-gaston-crochet\/wp-json\/wp\/v2\/users\/6403"}],"replies":[{"embeddable":true,"href":"https:\/\/etab.ac-reunion.fr\/clg-gaston-crochet\/wp-json\/wp\/v2\/comments?post=3843"}],"version-history":[{"count":10,"href":"https:\/\/etab.ac-reunion.fr\/clg-gaston-crochet\/wp-json\/wp\/v2\/pages\/3843\/revisions"}],"predecessor-version":[{"id":3885,"href":"https:\/\/etab.ac-reunion.fr\/clg-gaston-crochet\/wp-json\/wp\/v2\/pages\/3843\/revisions\/3885"}],"wp:attachment":[{"href":"https:\/\/etab.ac-reunion.fr\/clg-gaston-crochet\/wp-json\/wp\/v2\/media?parent=3843"}],"curies":[{"name":"wp","href":"https:\/\/api.w.org\/{rel}","templated":true}]}}