{"id":5432,"date":"2024-12-19T14:18:35","date_gmt":"2024-12-19T10:18:35","guid":{"rendered":"https:\/\/etab.ac-reunion.fr\/clg-guy-moquet\/?page_id=5432"},"modified":"2024-12-19T14:21:41","modified_gmt":"2024-12-19T10:21:41","slug":"articles-fse","status":"publish","type":"page","link":"https:\/\/etab.ac-reunion.fr\/clg-guy-moquet\/articles-fse\/","title":{"rendered":"Articles FSE"},"content":{"rendered":"\n<div class=\"wp-block-query is-layout-flow wp-block-query-is-layout-flow\"><\/div>\n\n\n<ul class=\"wp-block-latest-posts__list is-grid columns-2 has-dates wp-block-latest-posts\"><li><div class=\"wp-block-latest-posts__featured-image\"><a href=\"https:\/\/etab.ac-reunion.fr\/clg-guy-moquet\/2025\/05\/15\/school-party-2-bal-de-fin-dannee-des-3e\/\" title=\"School Party 2 : bal de fin d&#039;ann\u00e9e des 3e\"><img loading=\"lazy\" decoding=\"async\" width=\"150\" height=\"150\" src=\"https:\/\/etab.ac-reunion.fr\/clg-guy-moquet\/wp-content\/uploads\/sites\/63\/2025\/05\/logo-school-party-2-150x150.jpg\" class=\"attachment-thumbnail size-thumbnail wp-post-image\" alt=\"logo de School party\" style=\"\" srcset=\"https:\/\/etab.ac-reunion.fr\/clg-guy-moquet\/wp-content\/uploads\/sites\/63\/2025\/05\/logo-school-party-2-150x150.jpg 150w, https:\/\/etab.ac-reunion.fr\/clg-guy-moquet\/wp-content\/uploads\/sites\/63\/2025\/05\/logo-school-party-2-300x300.jpg 300w, https:\/\/etab.ac-reunion.fr\/clg-guy-moquet\/wp-content\/uploads\/sites\/63\/2025\/05\/logo-school-party-2-1024x1024.jpg 1024w, https:\/\/etab.ac-reunion.fr\/clg-guy-moquet\/wp-content\/uploads\/sites\/63\/2025\/05\/logo-school-party-2-768x768.jpg 768w, https:\/\/etab.ac-reunion.fr\/clg-guy-moquet\/wp-content\/uploads\/sites\/63\/2025\/05\/logo-school-party-2-1536x1536.jpg 1536w, https:\/\/etab.ac-reunion.fr\/clg-guy-moquet\/wp-content\/uploads\/sites\/63\/2025\/05\/logo-school-party-2-580x580.jpg 580w, https:\/\/etab.ac-reunion.fr\/clg-guy-moquet\/wp-content\/uploads\/sites\/63\/2025\/05\/logo-school-party-2.jpg 2048w\" sizes=\"auto, (max-width: 150px) 100vw, 150px\" \/><\/a><\/div><a class=\"wp-block-latest-posts__post-title\" href=\"https:\/\/etab.ac-reunion.fr\/clg-guy-moquet\/2025\/05\/15\/school-party-2-bal-de-fin-dannee-des-3e\/\">School Party 2 : bal de fin d&rsquo;ann\u00e9e des 3e<\/a><time datetime=\"2025-05-15T17:07:38+04:00\" class=\"wp-block-latest-posts__post-date\">15 mai 2025<\/time><div class=\"wp-block-latest-posts__post-excerpt\">En 2023-2024, les \u00e9l\u00e8ves de 3e D ont cr\u00e9e une mini-entreprise de l&rsquo;\u00e9v\u00e8nementiel dont le but \u00e9tait de cr\u00e9er un moment festif en fin d&rsquo;ann\u00e9e afin de permettre \u00e0 tous les 3e qui le souhaitent de c\u00e9l\u00e9brer ensemble la fin de leurs ann\u00e9es coll\u00e8ge. Pour la 1\u00e8re fois depuis de nombreuses ann\u00e9es, un bal de&#8230;<p> <a class=\"continue-reading-link\" href=\"https:\/\/etab.ac-reunion.fr\/clg-guy-moquet\/2025\/05\/15\/school-party-2-bal-de-fin-dannee-des-3e\/\"><span>Lire la suite<\/span><i class=\"crycon-right-dir\"><\/i><\/a> <\/p><\/div><\/li>\n<li><div class=\"wp-block-latest-posts__featured-image\"><a href=\"https:\/\/etab.ac-reunion.fr\/clg-guy-moquet\/2024\/12\/16\/school-party-bal-de-fin-dannee-des-3e\/\" title=\"School Party : bal de fin d&#039;ann\u00e9e des 3e\"><img loading=\"lazy\" decoding=\"async\" width=\"150\" height=\"150\" src=\"https:\/\/etab.ac-reunion.fr\/clg-guy-moquet\/wp-content\/uploads\/sites\/63\/2024\/12\/Bal-de-Promo-2024-00016-Copie-150x150.jpg\" class=\"attachment-thumbnail size-thumbnail wp-post-image\" alt=\"\" style=\"\" \/><\/a><\/div><a class=\"wp-block-latest-posts__post-title\" href=\"https:\/\/etab.ac-reunion.fr\/clg-guy-moquet\/2024\/12\/16\/school-party-bal-de-fin-dannee-des-3e\/\">School Party : bal de fin d&rsquo;ann\u00e9e des 3e<\/a><time datetime=\"2024-12-16T11:46:34+04:00\" class=\"wp-block-latest-posts__post-date\">16 d\u00e9cembre 2024<\/time><div class=\"wp-block-latest-posts__post-excerpt\">L&rsquo;ann\u00e9e derni\u00e8re (2023-2024), les \u00e9l\u00e8ves de 3e D ont cr\u00e9e une mini-entreprise qu&rsquo;ils ont baptis\u00e9 \u00ab\u00a0School Party\u00a0\u00bb. Leur objectif : mettre en place un bal de fin d&rsquo;ann\u00e9e pour l&rsquo;ensemble des 3e afin de f\u00eater tous ensemble la fin de leur scolarit\u00e9 au coll\u00e8ge Guy M\u00f4quet. Pour cela, ils ont men\u00e9 des actions tout au&#8230;<p> <a class=\"continue-reading-link\" href=\"https:\/\/etab.ac-reunion.fr\/clg-guy-moquet\/2024\/12\/16\/school-party-bal-de-fin-dannee-des-3e\/\"><span>Lire la suite<\/span><i class=\"crycon-right-dir\"><\/i><\/a> <\/p><\/div><\/li>\n<\/ul>","protected":false},"excerpt":{"rendered":"<p> <a class=\"continue-reading-link\" href=\"https:\/\/etab.ac-reunion.fr\/clg-guy-moquet\/articles-fse\/\"><span>Lire la suite<\/span><i class=\"crycon-right-dir\"><\/i><\/a> <\/p>\n","protected":false},"author":37583,"featured_media":0,"parent":0,"menu_order":0,"comment_status":"closed","ping_status":"closed","template":"","meta":{"footnotes":""},"class_list":["post-5432","page","type-page","status-publish","hentry"],"_links":{"self":[{"href":"https:\/\/etab.ac-reunion.fr\/clg-guy-moquet\/wp-json\/wp\/v2\/pages\/5432","targetHints":{"allow":["GET"]}}],"collection":[{"href":"https:\/\/etab.ac-reunion.fr\/clg-guy-moquet\/wp-json\/wp\/v2\/pages"}],"about":[{"href":"https:\/\/etab.ac-reunion.fr\/clg-guy-moquet\/wp-json\/wp\/v2\/types\/page"}],"author":[{"embeddable":true,"href":"https:\/\/etab.ac-reunion.fr\/clg-guy-moquet\/wp-json\/wp\/v2\/users\/37583"}],"replies":[{"embeddable":true,"href":"https:\/\/etab.ac-reunion.fr\/clg-guy-moquet\/wp-json\/wp\/v2\/comments?post=5432"}],"version-history":[{"count":2,"href":"https:\/\/etab.ac-reunion.fr\/clg-guy-moquet\/wp-json\/wp\/v2\/pages\/5432\/revisions"}],"predecessor-version":[{"id":5436,"href":"https:\/\/etab.ac-reunion.fr\/clg-guy-moquet\/wp-json\/wp\/v2\/pages\/5432\/revisions\/5436"}],"wp:attachment":[{"href":"https:\/\/etab.ac-reunion.fr\/clg-guy-moquet\/wp-json\/wp\/v2\/media?parent=5432"}],"curies":[{"name":"wp","href":"https:\/\/api.w.org\/{rel}","templated":true}]}}