{"id":5445,"date":"2024-12-19T14:54:27","date_gmt":"2024-12-19T10:54:27","guid":{"rendered":"https:\/\/etab.ac-reunion.fr\/clg-guy-moquet\/?page_id=5445"},"modified":"2024-12-19T14:54:28","modified_gmt":"2024-12-19T10:54:28","slug":"articles-unss","status":"publish","type":"page","link":"https:\/\/etab.ac-reunion.fr\/clg-guy-moquet\/articles-unss\/","title":{"rendered":"Articles UNSS"},"content":{"rendered":"<ul class=\"wp-block-latest-posts__list is-grid columns-2 has-dates wp-block-latest-posts\"><li><div class=\"wp-block-latest-posts__featured-image\"><a href=\"https:\/\/etab.ac-reunion.fr\/clg-guy-moquet\/2026\/04\/02\/2026-resultats-de-nos-equipes-pour-les-championnats-academiques-badminton-minime\/\" title=\"2026 - R\u00e9sultats de nos \u00e9quipes pour les championnats acad\u00e9miques badminton minime!\"><img loading=\"lazy\" decoding=\"async\" width=\"150\" height=\"150\" src=\"https:\/\/etab.ac-reunion.fr\/clg-guy-moquet\/wp-content\/uploads\/sites\/63\/2026\/04\/26-BAD3-150x150.jpg\" class=\"attachment-thumbnail size-thumbnail wp-post-image\" alt=\"\" style=\"\" \/><\/a><\/div><a class=\"wp-block-latest-posts__post-title\" href=\"https:\/\/etab.ac-reunion.fr\/clg-guy-moquet\/2026\/04\/02\/2026-resultats-de-nos-equipes-pour-les-championnats-academiques-badminton-minime\/\">2026 &#8211; R\u00e9sultats de nos \u00e9quipes pour les championnats acad\u00e9miques badminton minime!<\/a><time datetime=\"2026-04-02T09:10:51+04:00\" class=\"wp-block-latest-posts__post-date\">2 avril 2026<\/time><div class=\"wp-block-latest-posts__post-excerpt\"><p> <a class=\"continue-reading-link\" href=\"https:\/\/etab.ac-reunion.fr\/clg-guy-moquet\/2026\/04\/02\/2026-resultats-de-nos-equipes-pour-les-championnats-academiques-badminton-minime\/\"><span>Lire la suite<\/span><i class=\"crycon-right-dir\"><\/i><\/a> <\/p><\/div><\/li>\n<li><div class=\"wp-block-latest-posts__featured-image\"><a href=\"https:\/\/etab.ac-reunion.fr\/clg-guy-moquet\/2025\/02\/14\/championnat-district-de-badminton\/\" title=\"Championnat district de badminton.\"><img loading=\"lazy\" decoding=\"async\" width=\"150\" height=\"150\" src=\"https:\/\/etab.ac-reunion.fr\/clg-guy-moquet\/wp-content\/uploads\/sites\/63\/2025\/02\/IMG_5753-150x150.jpeg\" class=\"attachment-thumbnail size-thumbnail wp-post-image\" alt=\"\" style=\"\" \/><\/a><\/div><a class=\"wp-block-latest-posts__post-title\" href=\"https:\/\/etab.ac-reunion.fr\/clg-guy-moquet\/2025\/02\/14\/championnat-district-de-badminton\/\">Championnat district de badminton.<\/a><time datetime=\"2025-02-14T11:46:59+04:00\" class=\"wp-block-latest-posts__post-date\">14 f\u00e9vrier 2025<\/time><div class=\"wp-block-latest-posts__post-excerpt\">\/ Une quarantaine d&rsquo;\u00e9l\u00e8ves (UNSS et section) ont particip\u00e9 au premier championnat de district.<p> <a class=\"continue-reading-link\" href=\"https:\/\/etab.ac-reunion.fr\/clg-guy-moquet\/2025\/02\/14\/championnat-district-de-badminton\/\"><span>Lire la suite<\/span><i class=\"crycon-right-dir\"><\/i><\/a> <\/p><\/div><\/li>\n<li><div class=\"wp-block-latest-posts__featured-image\"><a href=\"https:\/\/etab.ac-reunion.fr\/clg-guy-moquet\/2024\/12\/18\/1ere-sortie-de-las-sante-joyeuses-fetes\/\" title=\"1\u00e8re SORTIE DE L&#039;AS SANTE! JOYEUSES F\u00caTES !!!\"><img loading=\"lazy\" decoding=\"async\" width=\"150\" height=\"150\" src=\"https:\/\/etab.ac-reunion.fr\/clg-guy-moquet\/wp-content\/uploads\/sites\/63\/2024\/12\/470051881_562746993285198_663726322030699019_n-1-edited-150x150.jpg\" class=\"attachment-thumbnail size-thumbnail wp-post-image\" alt=\"\" style=\"\" \/><\/a><\/div><a class=\"wp-block-latest-posts__post-title\" href=\"https:\/\/etab.ac-reunion.fr\/clg-guy-moquet\/2024\/12\/18\/1ere-sortie-de-las-sante-joyeuses-fetes\/\">1\u00e8re SORTIE DE L&rsquo;AS SANTE! JOYEUSES F\u00caTES !!!<\/a><time datetime=\"2024-12-18T20:07:12+04:00\" class=\"wp-block-latest-posts__post-date\">18 d\u00e9cembre 2024<\/time><div class=\"wp-block-latest-posts__post-excerpt\">Pour leur premi\u00e8re sortie, les \u00e9l\u00e8ves de l&rsquo;AS sant\u00e9 ont d\u00e9couvert le trampoline park de St Denis ! Un vrai bonheur pour eux de \u00ab\u00a0jumper\u00a0\u00bb sur les nombreux trampolines du site : trampoline olympique, \u00ab\u00a0basket jump\u00a0\u00bb , tyrolienne, parcours du combattant, tumbling et j&rsquo;en passe. Un moment de plaisir et d&rsquo;activit\u00e9 physique mais \u00e9galement de&#8230;<p> <a class=\"continue-reading-link\" href=\"https:\/\/etab.ac-reunion.fr\/clg-guy-moquet\/2024\/12\/18\/1ere-sortie-de-las-sante-joyeuses-fetes\/\"><span>Lire la suite<\/span><i class=\"crycon-right-dir\"><\/i><\/a> <\/p><\/div><\/li>\n<li><div class=\"wp-block-latest-posts__featured-image\"><a href=\"https:\/\/etab.ac-reunion.fr\/clg-guy-moquet\/2024\/07\/02\/le-passage-de-la-flamme-olympique\/\" title=\"Le passage de la flamme olympique\"><img loading=\"lazy\" decoding=\"async\" width=\"150\" height=\"150\" src=\"https:\/\/etab.ac-reunion.fr\/clg-guy-moquet\/wp-content\/uploads\/sites\/63\/2024\/04\/cropped-Faites-vos-jeux-logo-1-150x150.png\" class=\"attachment-thumbnail size-thumbnail wp-post-image\" alt=\"\" style=\"\" srcset=\"https:\/\/etab.ac-reunion.fr\/clg-guy-moquet\/wp-content\/uploads\/sites\/63\/2024\/04\/cropped-Faites-vos-jeux-logo-1-150x150.png 150w, https:\/\/etab.ac-reunion.fr\/clg-guy-moquet\/wp-content\/uploads\/sites\/63\/2024\/04\/cropped-Faites-vos-jeux-logo-1-300x300.png 300w, https:\/\/etab.ac-reunion.fr\/clg-guy-moquet\/wp-content\/uploads\/sites\/63\/2024\/04\/cropped-Faites-vos-jeux-logo-1-185x185.png 185w, https:\/\/etab.ac-reunion.fr\/clg-guy-moquet\/wp-content\/uploads\/sites\/63\/2024\/04\/cropped-Faites-vos-jeux-logo-1-90x90.png 90w, https:\/\/etab.ac-reunion.fr\/clg-guy-moquet\/wp-content\/uploads\/sites\/63\/2024\/04\/cropped-Faites-vos-jeux-logo-1-25x25.png 25w, https:\/\/etab.ac-reunion.fr\/clg-guy-moquet\/wp-content\/uploads\/sites\/63\/2024\/04\/cropped-Faites-vos-jeux-logo-1-184x184.png 184w, https:\/\/etab.ac-reunion.fr\/clg-guy-moquet\/wp-content\/uploads\/sites\/63\/2024\/04\/cropped-Faites-vos-jeux-logo-1-270x270.png 270w, https:\/\/etab.ac-reunion.fr\/clg-guy-moquet\/wp-content\/uploads\/sites\/63\/2024\/04\/cropped-Faites-vos-jeux-logo-1-192x192.png 192w, https:\/\/etab.ac-reunion.fr\/clg-guy-moquet\/wp-content\/uploads\/sites\/63\/2024\/04\/cropped-Faites-vos-jeux-logo-1-180x180.png 180w, https:\/\/etab.ac-reunion.fr\/clg-guy-moquet\/wp-content\/uploads\/sites\/63\/2024\/04\/cropped-Faites-vos-jeux-logo-1-32x32.png 32w, https:\/\/etab.ac-reunion.fr\/clg-guy-moquet\/wp-content\/uploads\/sites\/63\/2024\/04\/cropped-Faites-vos-jeux-logo-1.png 512w\" sizes=\"auto, (max-width: 150px) 100vw, 150px\" \/><\/a><\/div><a class=\"wp-block-latest-posts__post-title\" href=\"https:\/\/etab.ac-reunion.fr\/clg-guy-moquet\/2024\/07\/02\/le-passage-de-la-flamme-olympique\/\">Le passage de la flamme olympique<\/a><time datetime=\"2024-07-02T08:01:53+04:00\" class=\"wp-block-latest-posts__post-date\">2 juillet 2024<\/time><div class=\"wp-block-latest-posts__post-excerpt\">Les \u00e9l\u00e8ves ayant particip\u00e9 au projet Podcast \u00ab\u00a0Faites vos jeux\u00a0\u00bb ont pu assister au passage de la flamme olympique au stade Allane de St Benoit le Mercredi 12 juin 2024. Une bonne mani\u00e8re de mettre un point final \u00e0 ce projet qui les a tous r\u00e9unis autour du th\u00e8me des jeux olympiques le temps d&rsquo;une&#8230;<p> <a class=\"continue-reading-link\" href=\"https:\/\/etab.ac-reunion.fr\/clg-guy-moquet\/2024\/07\/02\/le-passage-de-la-flamme-olympique\/\"><span>Lire la suite<\/span><i class=\"crycon-right-dir\"><\/i><\/a> <\/p><\/div><\/li>\n<li><div class=\"wp-block-latest-posts__featured-image\"><a href=\"https:\/\/etab.ac-reunion.fr\/clg-guy-moquet\/2024\/05\/21\/emissions-webradio-jeux-olympiques-a-paris-2024-a-ecouter-sur-peertube\/\" title=\"Emissions webradio &quot;Jeux Olympiques \u00e0 Paris 2024&quot; \u00e0 \u00e9couter sur Peertube\"><img loading=\"lazy\" decoding=\"async\" width=\"150\" height=\"150\" src=\"https:\/\/etab.ac-reunion.fr\/clg-guy-moquet\/wp-content\/uploads\/sites\/63\/2024\/04\/Faites-vos-jeux-logo-1-150x150.png\" class=\"attachment-thumbnail size-thumbnail wp-post-image\" alt=\"\" style=\"\" srcset=\"https:\/\/etab.ac-reunion.fr\/clg-guy-moquet\/wp-content\/uploads\/sites\/63\/2024\/04\/Faites-vos-jeux-logo-1-150x150.png 150w, https:\/\/etab.ac-reunion.fr\/clg-guy-moquet\/wp-content\/uploads\/sites\/63\/2024\/04\/Faites-vos-jeux-logo-1-300x300.png 300w, https:\/\/etab.ac-reunion.fr\/clg-guy-moquet\/wp-content\/uploads\/sites\/63\/2024\/04\/Faites-vos-jeux-logo-1-768x768.png 768w, https:\/\/etab.ac-reunion.fr\/clg-guy-moquet\/wp-content\/uploads\/sites\/63\/2024\/04\/Faites-vos-jeux-logo-1-185x185.png 185w, https:\/\/etab.ac-reunion.fr\/clg-guy-moquet\/wp-content\/uploads\/sites\/63\/2024\/04\/Faites-vos-jeux-logo-1-90x90.png 90w, https:\/\/etab.ac-reunion.fr\/clg-guy-moquet\/wp-content\/uploads\/sites\/63\/2024\/04\/Faites-vos-jeux-logo-1-25x25.png 25w, https:\/\/etab.ac-reunion.fr\/clg-guy-moquet\/wp-content\/uploads\/sites\/63\/2024\/04\/Faites-vos-jeux-logo-1-184x184.png 184w, https:\/\/etab.ac-reunion.fr\/clg-guy-moquet\/wp-content\/uploads\/sites\/63\/2024\/04\/Faites-vos-jeux-logo-1.png 800w\" sizes=\"auto, (max-width: 150px) 100vw, 150px\" \/><\/a><\/div><a class=\"wp-block-latest-posts__post-title\" href=\"https:\/\/etab.ac-reunion.fr\/clg-guy-moquet\/2024\/05\/21\/emissions-webradio-jeux-olympiques-a-paris-2024-a-ecouter-sur-peertube\/\">Emissions webradio \u00ab\u00a0Jeux Olympiques \u00e0 Paris 2024\u00a0\u00bb \u00e0 \u00e9couter sur Peertube<\/a><time datetime=\"2024-05-21T10:58:32+04:00\" class=\"wp-block-latest-posts__post-date\">21 mai 2024<\/time><div class=\"wp-block-latest-posts__post-excerpt\">Pour \u00e9couter les \u00e9missions 1, 2,3 et 4 sp\u00e9cial \u00ab\u00a0Jeux Olympiques \u00e0 Paris 2024\u00a0\u00bb cliquez ICI. Et, voici toutes les sources utilis\u00e9es pour les sons et bruitages<p> <a class=\"continue-reading-link\" href=\"https:\/\/etab.ac-reunion.fr\/clg-guy-moquet\/2024\/05\/21\/emissions-webradio-jeux-olympiques-a-paris-2024-a-ecouter-sur-peertube\/\"><span>Lire la suite<\/span><i class=\"crycon-right-dir\"><\/i><\/a> <\/p><\/div><\/li>\n<li><div class=\"wp-block-latest-posts__featured-image\"><a href=\"https:\/\/etab.ac-reunion.fr\/clg-guy-moquet\/2023\/10\/11\/cross-du-college-guy-moquet-jeudi-12-octobre-2023-de-7h30-a-11h45\/\" title=\"CROSS du Coll\u00e8ge Guy M\u00f4quet : Jeudi 12 Octobre 2023 de 7H30 \u00e0 11H45\"><img loading=\"lazy\" decoding=\"async\" width=\"150\" height=\"150\" src=\"https:\/\/etab.ac-reunion.fr\/clg-guy-moquet\/wp-content\/uploads\/sites\/63\/2023\/10\/cross-du-college-page-001-150x150.jpg\" class=\"attachment-thumbnail size-thumbnail wp-post-image\" alt=\"\" style=\"\" srcset=\"https:\/\/etab.ac-reunion.fr\/clg-guy-moquet\/wp-content\/uploads\/sites\/63\/2023\/10\/cross-du-college-page-001-150x150.jpg 150w, https:\/\/etab.ac-reunion.fr\/clg-guy-moquet\/wp-content\/uploads\/sites\/63\/2023\/10\/cross-du-college-page-001-185x185.jpg 185w, https:\/\/etab.ac-reunion.fr\/clg-guy-moquet\/wp-content\/uploads\/sites\/63\/2023\/10\/cross-du-college-page-001-90x90.jpg 90w, https:\/\/etab.ac-reunion.fr\/clg-guy-moquet\/wp-content\/uploads\/sites\/63\/2023\/10\/cross-du-college-page-001-25x25.jpg 25w, https:\/\/etab.ac-reunion.fr\/clg-guy-moquet\/wp-content\/uploads\/sites\/63\/2023\/10\/cross-du-college-page-001-184x184.jpg 184w\" sizes=\"auto, (max-width: 150px) 100vw, 150px\" \/><\/a><\/div><a class=\"wp-block-latest-posts__post-title\" href=\"https:\/\/etab.ac-reunion.fr\/clg-guy-moquet\/2023\/10\/11\/cross-du-college-guy-moquet-jeudi-12-octobre-2023-de-7h30-a-11h45\/\">CROSS du Coll\u00e8ge Guy M\u00f4quet : Jeudi 12 Octobre 2023 de 7H30 \u00e0 11H45<\/a><time datetime=\"2023-10-11T10:42:25+04:00\" class=\"wp-block-latest-posts__post-date\">11 octobre 2023<\/time><div class=\"wp-block-latest-posts__post-excerpt\"><p> <a class=\"continue-reading-link\" href=\"https:\/\/etab.ac-reunion.fr\/clg-guy-moquet\/2023\/10\/11\/cross-du-college-guy-moquet-jeudi-12-octobre-2023-de-7h30-a-11h45\/\"><span>Lire la suite<\/span><i class=\"crycon-right-dir\"><\/i><\/a> <\/p><\/div><\/li>\n<li><a class=\"wp-block-latest-posts__post-title\" href=\"https:\/\/etab.ac-reunion.fr\/clg-guy-moquet\/2023\/03\/06\/concours-jop-2024-rencontre-avec-le-champion-olympique-de-kayak-slalom-jiri-prskavec-le-10-mars-2023\/\">Concours JOP 2024 : rencontre avec le champion olympique de kayak slalom Jiri Prskavec le 10 Mars 2023<\/a><time datetime=\"2023-03-06T07:39:57+04:00\" class=\"wp-block-latest-posts__post-date\">6 mars 2023<\/time><div class=\"wp-block-latest-posts__post-excerpt\"><p> <a class=\"continue-reading-link\" href=\"https:\/\/etab.ac-reunion.fr\/clg-guy-moquet\/2023\/03\/06\/concours-jop-2024-rencontre-avec-le-champion-olympique-de-kayak-slalom-jiri-prskavec-le-10-mars-2023\/\"><span>Lire la suite<\/span><i class=\"crycon-right-dir\"><\/i><\/a> <\/p><\/div><\/li>\n<li><a class=\"wp-block-latest-posts__post-title\" href=\"https:\/\/etab.ac-reunion.fr\/clg-guy-moquet\/2022\/07\/06\/sortie-as-2\/\"><strong>SORTIE AS<\/strong><\/a><time datetime=\"2022-07-06T17:59:25+04:00\" class=\"wp-block-latest-posts__post-date\">6 juillet 2022<\/time><div class=\"wp-block-latest-posts__post-excerpt\">JOUR 2 05\/07\/2022 R\u00e9sum\u00e9 de notre journ\u00e9e&nbsp;: Nous avons pris notre petit d\u00e9jeuner en autonomie, dans nos tentes. Puis nous nous sommes retrouv\u00e9s \u00e0 8h pour d\u00e9marrer ensemble la journ\u00e9e. Nous avons \u00e9t\u00e9 r\u00e9partis en quatre groupes sur la matin\u00e9e pour fonctionner sur diff\u00e9rents ateliers&nbsp;: parcours du combattant, v&nbsp;\u00bblo couch\u00e9, badminton, beach volley, slack line&#8230;.<p> <a class=\"continue-reading-link\" href=\"https:\/\/etab.ac-reunion.fr\/clg-guy-moquet\/2022\/07\/06\/sortie-as-2\/\"><span>Lire la suite<\/span><i class=\"crycon-right-dir\"><\/i><\/a> <\/p><\/div><\/li>\n<li><a class=\"wp-block-latest-posts__post-title\" href=\"https:\/\/etab.ac-reunion.fr\/clg-guy-moquet\/2022\/07\/05\/sortie-as\/\"><strong>SORTIE AS<\/strong><\/a><time datetime=\"2022-07-05T13:16:34+04:00\" class=\"wp-block-latest-posts__post-date\">5 juillet 2022<\/time><div class=\"wp-block-latest-posts__post-excerpt\">JOUR 1 04\/07\/2022 R\u00e9sum\u00e9 du la journ\u00e9e&nbsp;: Nous avons pris le bus \u00e0 8h20 du coll\u00e8ge pour 1h30 de voyage pour le camping de l\u2019hermitage. Nous sommes arriv\u00e9s, puis avons entass\u00e9s nos valises dans un bungalow en attendant la disponibilit\u00e9 de nos tentes safaris. Nous avons fait un tour sur la plage avant le repas&#8230;<p> <a class=\"continue-reading-link\" href=\"https:\/\/etab.ac-reunion.fr\/clg-guy-moquet\/2022\/07\/05\/sortie-as\/\"><span>Lire la suite<\/span><i class=\"crycon-right-dir\"><\/i><\/a> <\/p><\/div><\/li>\n<li><a class=\"wp-block-latest-posts__post-title\" href=\"https:\/\/etab.ac-reunion.fr\/clg-guy-moquet\/2022\/03\/29\/escapade-sportive-a-la-plage\/\">Escapade sportive \u00e0 la plage<\/a><time datetime=\"2022-03-29T14:46:56+04:00\" class=\"wp-block-latest-posts__post-date\">29 mars 2022<\/time><div class=\"wp-block-latest-posts__post-excerpt\">L&rsquo;AS Sport\/Sant\u00e9 nous enrichit dans la connaissance de soi et de certains sports. Il stimule notre apprentissage et nous invite \u00e0 favoriser les sports d&rsquo;\u00e9quipe pour appuyer l&rsquo;importance de la solidarit\u00e9 dans l&rsquo;environnement. Nous sommes justement all\u00e9s approfondir notre d\u00e9couverte de cette valeur en ext\u00e9rieur. Nous sommes une dizaine d&rsquo;\u00e9l\u00e8ves \u00e0 avoir particip\u00e9 \u00e0 cette&#8230;<p> <a class=\"continue-reading-link\" href=\"https:\/\/etab.ac-reunion.fr\/clg-guy-moquet\/2022\/03\/29\/escapade-sportive-a-la-plage\/\"><span>Lire la suite<\/span><i class=\"crycon-right-dir\"><\/i><\/a> <\/p><\/div><\/li>\n<\/ul>","protected":false},"excerpt":{"rendered":"<p> <a class=\"continue-reading-link\" href=\"https:\/\/etab.ac-reunion.fr\/clg-guy-moquet\/articles-unss\/\"><span>Lire la suite<\/span><i class=\"crycon-right-dir\"><\/i><\/a> <\/p>\n","protected":false},"author":37583,"featured_media":0,"parent":0,"menu_order":0,"comment_status":"closed","ping_status":"closed","template":"","meta":{"footnotes":""},"class_list":["post-5445","page","type-page","status-publish","hentry"],"_links":{"self":[{"href":"https:\/\/etab.ac-reunion.fr\/clg-guy-moquet\/wp-json\/wp\/v2\/pages\/5445","targetHints":{"allow":["GET"]}}],"collection":[{"href":"https:\/\/etab.ac-reunion.fr\/clg-guy-moquet\/wp-json\/wp\/v2\/pages"}],"about":[{"href":"https:\/\/etab.ac-reunion.fr\/clg-guy-moquet\/wp-json\/wp\/v2\/types\/page"}],"author":[{"embeddable":true,"href":"https:\/\/etab.ac-reunion.fr\/clg-guy-moquet\/wp-json\/wp\/v2\/users\/37583"}],"replies":[{"embeddable":true,"href":"https:\/\/etab.ac-reunion.fr\/clg-guy-moquet\/wp-json\/wp\/v2\/comments?post=5445"}],"version-history":[{"count":1,"href":"https:\/\/etab.ac-reunion.fr\/clg-guy-moquet\/wp-json\/wp\/v2\/pages\/5445\/revisions"}],"predecessor-version":[{"id":5447,"href":"https:\/\/etab.ac-reunion.fr\/clg-guy-moquet\/wp-json\/wp\/v2\/pages\/5445\/revisions\/5447"}],"wp:attachment":[{"href":"https:\/\/etab.ac-reunion.fr\/clg-guy-moquet\/wp-json\/wp\/v2\/media?parent=5445"}],"curies":[{"name":"wp","href":"https:\/\/api.w.org\/{rel}","templated":true}]}}