{"id":5450,"date":"2024-12-19T15:12:03","date_gmt":"2024-12-19T11:12:03","guid":{"rendered":"https:\/\/etab.ac-reunion.fr\/clg-guy-moquet\/?page_id=5450"},"modified":"2025-06-14T20:55:30","modified_gmt":"2025-06-14T16:55:30","slug":"le-parcours-citoyen","status":"publish","type":"page","link":"https:\/\/etab.ac-reunion.fr\/clg-guy-moquet\/le-parcours-citoyen\/","title":{"rendered":"Parcours citoyen"},"content":{"rendered":"<ul class=\"wp-block-latest-posts__list is-grid columns-3 has-dates has-author wp-block-latest-posts\"><li><div class=\"wp-block-latest-posts__featured-image aligncenter\"><a href=\"https:\/\/etab.ac-reunion.fr\/clg-guy-moquet\/2026\/02\/10\/1er-journal-des-eco-delegues-de-lannee\/\" aria-label=\"1er Journal des \u00e9co-d\u00e9l\u00e9gu\u00e9s de l&rsquo;ann\u00e9e !\"><a href=\"https:\/\/etab.ac-reunion.fr\/clg-guy-moquet\/2026\/02\/10\/1er-journal-des-eco-delegues-de-lannee\/\" title=\"1er Journal des \u00e9co-d\u00e9l\u00e9gu\u00e9s de l&#039;ann\u00e9e !\"><img loading=\"lazy\" decoding=\"async\" width=\"212\" height=\"300\" src=\"https:\/\/etab.ac-reunion.fr\/clg-guy-moquet\/wp-content\/uploads\/sites\/63\/2026\/02\/page_1-212x300.jpg\" class=\"attachment-medium size-medium wp-post-image\" alt=\"\" style=\"\" srcset=\"https:\/\/etab.ac-reunion.fr\/clg-guy-moquet\/wp-content\/uploads\/sites\/63\/2026\/02\/page_1-212x300.jpg 212w, https:\/\/etab.ac-reunion.fr\/clg-guy-moquet\/wp-content\/uploads\/sites\/63\/2026\/02\/page_1-106x150.jpg 106w, https:\/\/etab.ac-reunion.fr\/clg-guy-moquet\/wp-content\/uploads\/sites\/63\/2026\/02\/page_1-410x580.jpg 410w, https:\/\/etab.ac-reunion.fr\/clg-guy-moquet\/wp-content\/uploads\/sites\/63\/2026\/02\/page_1.jpg 595w\" sizes=\"auto, (max-width: 212px) 100vw, 212px\" \/><\/a><\/a><\/div><a class=\"wp-block-latest-posts__post-title\" href=\"https:\/\/etab.ac-reunion.fr\/clg-guy-moquet\/2026\/02\/10\/1er-journal-des-eco-delegues-de-lannee\/\">1er Journal des \u00e9co-d\u00e9l\u00e9gu\u00e9s de l&rsquo;ann\u00e9e !<\/a><div class=\"wp-block-latest-posts__post-author\">par Padre Laurence<\/div><time datetime=\"2026-02-10T10:36:29+04:00\" class=\"wp-block-latest-posts__post-date\">10 f\u00e9vrier 2026<\/time><div class=\"wp-block-latest-posts__post-excerpt\">Les \u00e9co-d\u00e9l\u00e9gu\u00e9s et la classe de 4\u00e8me E ont r\u00e9alis\u00e9 le premier journal du coll\u00e8ge pour cette ann\u00e9e scolaire 2025\/2026. Nous vous laissons d\u00e9couvrir les divers articles li\u00e9s aux sorties et projets men\u00e9s autour du d\u00e9veloppement durable. Bonne lecture !<p> <a class=\"continue-reading-link\" href=\"https:\/\/etab.ac-reunion.fr\/clg-guy-moquet\/2026\/02\/10\/1er-journal-des-eco-delegues-de-lannee\/\"><span>Lire la suite<\/span><i class=\"crycon-right-dir\"><\/i><\/a> <\/p><\/div><\/li>\n<li><div class=\"wp-block-latest-posts__featured-image aligncenter\"><a href=\"https:\/\/etab.ac-reunion.fr\/clg-guy-moquet\/2026\/01\/12\/la-classe-defense-remporte-le-concours-du-logo-du-rallye-citoyen\/\" aria-label=\"La classe D\u00e9fense remporte le concours du logo du rallye citoyen\"><a href=\"https:\/\/etab.ac-reunion.fr\/clg-guy-moquet\/2026\/01\/12\/la-classe-defense-remporte-le-concours-du-logo-du-rallye-citoyen\/\" title=\"La classe D\u00e9fense remporte le concours du logo du rallye citoyen\"><img loading=\"lazy\" decoding=\"async\" width=\"242\" height=\"300\" src=\"https:\/\/etab.ac-reunion.fr\/clg-guy-moquet\/wp-content\/uploads\/sites\/63\/2026\/01\/Capture-decran-2026-01-12-a-15.12.16-242x300.png\" class=\"attachment-medium size-medium wp-post-image\" alt=\"\" style=\"\" srcset=\"https:\/\/etab.ac-reunion.fr\/clg-guy-moquet\/wp-content\/uploads\/sites\/63\/2026\/01\/Capture-decran-2026-01-12-a-15.12.16-242x300.png 242w, https:\/\/etab.ac-reunion.fr\/clg-guy-moquet\/wp-content\/uploads\/sites\/63\/2026\/01\/Capture-decran-2026-01-12-a-15.12.16-827x1024.png 827w, https:\/\/etab.ac-reunion.fr\/clg-guy-moquet\/wp-content\/uploads\/sites\/63\/2026\/01\/Capture-decran-2026-01-12-a-15.12.16-768x950.png 768w, https:\/\/etab.ac-reunion.fr\/clg-guy-moquet\/wp-content\/uploads\/sites\/63\/2026\/01\/Capture-decran-2026-01-12-a-15.12.16-121x150.png 121w, https:\/\/etab.ac-reunion.fr\/clg-guy-moquet\/wp-content\/uploads\/sites\/63\/2026\/01\/Capture-decran-2026-01-12-a-15.12.16-469x580.png 469w, https:\/\/etab.ac-reunion.fr\/clg-guy-moquet\/wp-content\/uploads\/sites\/63\/2026\/01\/Capture-decran-2026-01-12-a-15.12.16.png 926w\" sizes=\"auto, (max-width: 242px) 100vw, 242px\" \/><\/a><\/a><\/div><a class=\"wp-block-latest-posts__post-title\" href=\"https:\/\/etab.ac-reunion.fr\/clg-guy-moquet\/2026\/01\/12\/la-classe-defense-remporte-le-concours-du-logo-du-rallye-citoyen\/\">La classe D\u00e9fense remporte le concours du logo du rallye citoyen<\/a><div class=\"wp-block-latest-posts__post-author\">par Elodie Hoarau<\/div><time datetime=\"2026-01-12T15:14:36+04:00\" class=\"wp-block-latest-posts__post-date\">12 janvier 2026<\/time><div class=\"wp-block-latest-posts__post-excerpt\">Les \u00e9l\u00e8ves de la 4\u00e8me C, classe D\u00e9fense, ont travaill\u00e9 sur la cr\u00e9ation du logo de leur classe avec leur enseignant d&rsquo;arts-plastiques, Monsieur Soudy. Lors des s\u00e9ances de travail, ils ont effectu\u00e9 de nombreuses propositions pour la cr\u00e9ation du logo&#8230;<p> <a class=\"continue-reading-link\" href=\"https:\/\/etab.ac-reunion.fr\/clg-guy-moquet\/2026\/01\/12\/la-classe-defense-remporte-le-concours-du-logo-du-rallye-citoyen\/\"><span>Lire la suite<\/span><i class=\"crycon-right-dir\"><\/i><\/a> <\/p><\/div><\/li>\n<li><div class=\"wp-block-latest-posts__featured-image aligncenter\"><a href=\"https:\/\/etab.ac-reunion.fr\/clg-guy-moquet\/2026\/01\/12\/tous-aux-archives\/\" aria-label=\"Tous aux Archives !\"><a href=\"https:\/\/etab.ac-reunion.fr\/clg-guy-moquet\/2026\/01\/12\/tous-aux-archives\/\" title=\"Tous aux Archives !\"><img loading=\"lazy\" decoding=\"async\" width=\"225\" height=\"300\" src=\"https:\/\/etab.ac-reunion.fr\/clg-guy-moquet\/wp-content\/uploads\/sites\/63\/2026\/01\/be234e9d-36ad-4b9e-be00-4e965ae899d7-225x300.jpg\" class=\"attachment-medium size-medium wp-post-image\" alt=\"\" style=\"\" srcset=\"https:\/\/etab.ac-reunion.fr\/clg-guy-moquet\/wp-content\/uploads\/sites\/63\/2026\/01\/be234e9d-36ad-4b9e-be00-4e965ae899d7-225x300.jpg 225w, https:\/\/etab.ac-reunion.fr\/clg-guy-moquet\/wp-content\/uploads\/sites\/63\/2026\/01\/be234e9d-36ad-4b9e-be00-4e965ae899d7-768x1024.jpg 768w, https:\/\/etab.ac-reunion.fr\/clg-guy-moquet\/wp-content\/uploads\/sites\/63\/2026\/01\/be234e9d-36ad-4b9e-be00-4e965ae899d7-113x150.jpg 113w, https:\/\/etab.ac-reunion.fr\/clg-guy-moquet\/wp-content\/uploads\/sites\/63\/2026\/01\/be234e9d-36ad-4b9e-be00-4e965ae899d7-435x580.jpg 435w, https:\/\/etab.ac-reunion.fr\/clg-guy-moquet\/wp-content\/uploads\/sites\/63\/2026\/01\/be234e9d-36ad-4b9e-be00-4e965ae899d7.jpg 960w\" sizes=\"auto, (max-width: 225px) 100vw, 225px\" \/><\/a><\/a><\/div><a class=\"wp-block-latest-posts__post-title\" href=\"https:\/\/etab.ac-reunion.fr\/clg-guy-moquet\/2026\/01\/12\/tous-aux-archives\/\">Tous aux Archives !<\/a><div class=\"wp-block-latest-posts__post-author\">par Elodie Hoarau<\/div><time datetime=\"2026-01-12T15:04:05+04:00\" class=\"wp-block-latest-posts__post-date\">12 janvier 2026<\/time><div class=\"wp-block-latest-posts__post-excerpt\">La 4\u00e8me C, classe D\u00e9fense, ainsi que d&rsquo;autres classes de 4\u00e8me ont pu participer \u00e0 la visite des ADR, archives d\u00e9partementales de la R\u00e9union, aussi appel\u00e9es Archives D\u00e9partementales Sudel Fuma. La sortie a eu lieu le vendredi 3 octobre pour&#8230;<p> <a class=\"continue-reading-link\" href=\"https:\/\/etab.ac-reunion.fr\/clg-guy-moquet\/2026\/01\/12\/tous-aux-archives\/\"><span>Lire la suite<\/span><i class=\"crycon-right-dir\"><\/i><\/a> <\/p><\/div><\/li>\n<li><div class=\"wp-block-latest-posts__featured-image aligncenter\"><a href=\"https:\/\/etab.ac-reunion.fr\/clg-guy-moquet\/2026\/01\/12\/la-classe-defense-participe-a-la-ceremonie-du-11-novembre\/\" aria-label=\"La classe D\u00e9fense participe \u00e0 la c\u00e9r\u00e9monie du 11 novembre\"><a href=\"https:\/\/etab.ac-reunion.fr\/clg-guy-moquet\/2026\/01\/12\/la-classe-defense-participe-a-la-ceremonie-du-11-novembre\/\" title=\"La classe D\u00e9fense participe \u00e0 la c\u00e9r\u00e9monie du 11 novembre\"><img loading=\"lazy\" decoding=\"async\" width=\"300\" height=\"200\" src=\"https:\/\/etab.ac-reunion.fr\/clg-guy-moquet\/wp-content\/uploads\/sites\/63\/2026\/01\/3B28E066-2A8B-48F3-8555-31FABB6B1D03-300x200.jpg\" class=\"attachment-medium size-medium wp-post-image\" alt=\"\" style=\"\" srcset=\"https:\/\/etab.ac-reunion.fr\/clg-guy-moquet\/wp-content\/uploads\/sites\/63\/2026\/01\/3B28E066-2A8B-48F3-8555-31FABB6B1D03-300x200.jpg 300w, https:\/\/etab.ac-reunion.fr\/clg-guy-moquet\/wp-content\/uploads\/sites\/63\/2026\/01\/3B28E066-2A8B-48F3-8555-31FABB6B1D03-150x100.jpg 150w, https:\/\/etab.ac-reunion.fr\/clg-guy-moquet\/wp-content\/uploads\/sites\/63\/2026\/01\/3B28E066-2A8B-48F3-8555-31FABB6B1D03.jpg 660w\" sizes=\"auto, (max-width: 300px) 100vw, 300px\" \/><\/a><\/a><\/div><a class=\"wp-block-latest-posts__post-title\" href=\"https:\/\/etab.ac-reunion.fr\/clg-guy-moquet\/2026\/01\/12\/la-classe-defense-participe-a-la-ceremonie-du-11-novembre\/\">La classe D\u00e9fense participe \u00e0 la c\u00e9r\u00e9monie du 11 novembre<\/a><div class=\"wp-block-latest-posts__post-author\">par Elodie Hoarau<\/div><time datetime=\"2026-01-12T14:52:36+04:00\" class=\"wp-block-latest-posts__post-date\">12 janvier 2026<\/time><div class=\"wp-block-latest-posts__post-excerpt\">Les \u00e9l\u00e8ves de la 4\u00e8me C, classe de D\u00e9fense, se sont lev\u00e9s de bon matin pour participer \u00e0 la c\u00e9r\u00e9monie officielle du 11 novembre qui avait lieu \u00e0 Saint-Beno\u00eet. Les \u00e9l\u00e8ves ont sorti leurs plus belles tenues pour comm\u00e9morer cette&#8230;<p> <a class=\"continue-reading-link\" href=\"https:\/\/etab.ac-reunion.fr\/clg-guy-moquet\/2026\/01\/12\/la-classe-defense-participe-a-la-ceremonie-du-11-novembre\/\"><span>Lire la suite<\/span><i class=\"crycon-right-dir\"><\/i><\/a> <\/p><\/div><\/li>\n<li><a class=\"wp-block-latest-posts__post-title\" href=\"https:\/\/etab.ac-reunion.fr\/clg-guy-moquet\/2025\/11\/30\/lutte-contres-les-violences-faites-aux-femmes\/\">Lutte contres les violences faites aux femmes!<\/a><div class=\"wp-block-latest-posts__post-author\">par Arginthe Jean-Bruno<\/div><time datetime=\"2025-11-30T19:43:12+04:00\" class=\"wp-block-latest-posts__post-date\">30 novembre 2025<\/time><div class=\"wp-block-latest-posts__post-excerpt\">Pour la Journ\u00e9e internationale de lutte contre les violences faites aux femmes, le coll\u00e8ge a propos\u00e9 aux \u00e9l\u00e8ves de 3\u1d49 d\u2019assister \u00e0 la pi\u00e8ce \u00ab\u00a0D\u00e8s l\u2019aube je m\u2019enfuirai\u00a0\u00bb de la compagnie Les chemins de faire, un spectacle fort et engag\u00e9&#8230;<p> <a class=\"continue-reading-link\" href=\"https:\/\/etab.ac-reunion.fr\/clg-guy-moquet\/2025\/11\/30\/lutte-contres-les-violences-faites-aux-femmes\/\"><span>Lire la suite<\/span><i class=\"crycon-right-dir\"><\/i><\/a> <\/p><\/div><\/li>\n<li><div class=\"wp-block-latest-posts__featured-image aligncenter\"><a href=\"https:\/\/etab.ac-reunion.fr\/clg-guy-moquet\/2025\/11\/30\/formation-des-delegues-25-26\/\" aria-label=\"Formation des d\u00e9l\u00e9gu\u00e9s 25-26\"><a href=\"https:\/\/etab.ac-reunion.fr\/clg-guy-moquet\/2025\/11\/30\/formation-des-delegues-25-26\/\" title=\"Formation des d\u00e9l\u00e9gu\u00e9s 25-26\"><img loading=\"lazy\" decoding=\"async\" width=\"300\" height=\"225\" src=\"https:\/\/etab.ac-reunion.fr\/clg-guy-moquet\/wp-content\/uploads\/sites\/63\/2025\/11\/Delegue2-300x225.jpg\" class=\"attachment-medium size-medium wp-post-image\" alt=\"\" style=\"\" srcset=\"https:\/\/etab.ac-reunion.fr\/clg-guy-moquet\/wp-content\/uploads\/sites\/63\/2025\/11\/Delegue2-300x225.jpg 300w, https:\/\/etab.ac-reunion.fr\/clg-guy-moquet\/wp-content\/uploads\/sites\/63\/2025\/11\/Delegue2-1024x768.jpg 1024w, https:\/\/etab.ac-reunion.fr\/clg-guy-moquet\/wp-content\/uploads\/sites\/63\/2025\/11\/Delegue2-768x576.jpg 768w, https:\/\/etab.ac-reunion.fr\/clg-guy-moquet\/wp-content\/uploads\/sites\/63\/2025\/11\/Delegue2-1536x1153.jpg 1536w, https:\/\/etab.ac-reunion.fr\/clg-guy-moquet\/wp-content\/uploads\/sites\/63\/2025\/11\/Delegue2-2048x1537.jpg 2048w, https:\/\/etab.ac-reunion.fr\/clg-guy-moquet\/wp-content\/uploads\/sites\/63\/2025\/11\/Delegue2-150x113.jpg 150w, https:\/\/etab.ac-reunion.fr\/clg-guy-moquet\/wp-content\/uploads\/sites\/63\/2025\/11\/Delegue2-773x580.jpg 773w\" sizes=\"auto, (max-width: 300px) 100vw, 300px\" \/><\/a><\/a><\/div><a class=\"wp-block-latest-posts__post-title\" href=\"https:\/\/etab.ac-reunion.fr\/clg-guy-moquet\/2025\/11\/30\/formation-des-delegues-25-26\/\">Formation des d\u00e9l\u00e9gu\u00e9s 25-26<\/a><div class=\"wp-block-latest-posts__post-author\">par Arginthe Jean-Bruno<\/div><time datetime=\"2025-11-30T19:39:18+04:00\" class=\"wp-block-latest-posts__post-date\">30 novembre 2025<\/time><div class=\"wp-block-latest-posts__post-excerpt\">Le 18 novembre, les d\u00e9l\u00e9gu\u00e9s de classe du coll\u00e8ge ont particip\u00e9 \u00e0 une journ\u00e9e de formation exceptionnelle au Domaine Palissade, situ\u00e9 \u00e0 Saint-Andr\u00e9. Cette sortie avait pour objectif de renforcer les comp\u00e9tences citoyennes des \u00e9l\u00e8ves tout en leur offrant un&#8230;<p> <a class=\"continue-reading-link\" href=\"https:\/\/etab.ac-reunion.fr\/clg-guy-moquet\/2025\/11\/30\/formation-des-delegues-25-26\/\"><span>Lire la suite<\/span><i class=\"crycon-right-dir\"><\/i><\/a> <\/p><\/div><\/li>\n<li><div class=\"wp-block-latest-posts__featured-image aligncenter\"><a href=\"https:\/\/etab.ac-reunion.fr\/clg-guy-moquet\/2025\/11\/04\/1ere-sortie-eco-delegues\/\" aria-label=\"1\u00e8re sortie Eco-d\u00e9l\u00e9gu\u00e9s\"><a href=\"https:\/\/etab.ac-reunion.fr\/clg-guy-moquet\/2025\/11\/04\/1ere-sortie-eco-delegues\/\" title=\"1\u00e8re sortie Eco-d\u00e9l\u00e9gu\u00e9s\"><img loading=\"lazy\" decoding=\"async\" width=\"225\" height=\"300\" src=\"https:\/\/etab.ac-reunion.fr\/clg-guy-moquet\/wp-content\/uploads\/sites\/63\/2025\/11\/dee083a1-babf-4672-83d2-5fdac456ff67-225x300.jpg\" class=\"attachment-medium size-medium wp-post-image\" alt=\"\" style=\"\" srcset=\"https:\/\/etab.ac-reunion.fr\/clg-guy-moquet\/wp-content\/uploads\/sites\/63\/2025\/11\/dee083a1-babf-4672-83d2-5fdac456ff67-225x300.jpg 225w, https:\/\/etab.ac-reunion.fr\/clg-guy-moquet\/wp-content\/uploads\/sites\/63\/2025\/11\/dee083a1-babf-4672-83d2-5fdac456ff67-768x1024.jpg 768w, https:\/\/etab.ac-reunion.fr\/clg-guy-moquet\/wp-content\/uploads\/sites\/63\/2025\/11\/dee083a1-babf-4672-83d2-5fdac456ff67-1152x1536.jpg 1152w, https:\/\/etab.ac-reunion.fr\/clg-guy-moquet\/wp-content\/uploads\/sites\/63\/2025\/11\/dee083a1-babf-4672-83d2-5fdac456ff67-113x150.jpg 113w, https:\/\/etab.ac-reunion.fr\/clg-guy-moquet\/wp-content\/uploads\/sites\/63\/2025\/11\/dee083a1-babf-4672-83d2-5fdac456ff67-435x580.jpg 435w, https:\/\/etab.ac-reunion.fr\/clg-guy-moquet\/wp-content\/uploads\/sites\/63\/2025\/11\/dee083a1-babf-4672-83d2-5fdac456ff67.jpg 1536w\" sizes=\"auto, (max-width: 225px) 100vw, 225px\" \/><\/a><\/a><\/div><a class=\"wp-block-latest-posts__post-title\" href=\"https:\/\/etab.ac-reunion.fr\/clg-guy-moquet\/2025\/11\/04\/1ere-sortie-eco-delegues\/\">1\u00e8re sortie Eco-d\u00e9l\u00e9gu\u00e9s<\/a><div class=\"wp-block-latest-posts__post-author\">par Padre Laurence<\/div><time datetime=\"2025-11-04T11:43:22+04:00\" class=\"wp-block-latest-posts__post-date\">4 novembre 2025<\/time><div class=\"wp-block-latest-posts__post-excerpt\">Afin de d\u00e9couvrir la biodiversit\u00e9 de l&rsquo;\u00eele, les \u00e9co-d\u00e9l\u00e9gu\u00e9s nouvellement \u00e9lus ont effectu\u00e9 une sortie au Jardin Botanique de Mascarin de Saint-Leu. Un belle journ\u00e9e au cours de laquelle les \u00e9l\u00e8ves se sont promen\u00e9s au sein de diff\u00e9rentes collections de&#8230;<p> <a class=\"continue-reading-link\" href=\"https:\/\/etab.ac-reunion.fr\/clg-guy-moquet\/2025\/11\/04\/1ere-sortie-eco-delegues\/\"><span>Lire la suite<\/span><i class=\"crycon-right-dir\"><\/i><\/a> <\/p><\/div><\/li>\n<li><div class=\"wp-block-latest-posts__featured-image aligncenter\"><a href=\"https:\/\/etab.ac-reunion.fr\/clg-guy-moquet\/2025\/06\/23\/rencontre-avec-emmanuelle-laborit\/\" aria-label=\"Rencontre avec Emmanuelle Laborit\"><a href=\"https:\/\/etab.ac-reunion.fr\/clg-guy-moquet\/2025\/06\/23\/rencontre-avec-emmanuelle-laborit\/\" title=\"Rencontre avec Emmanuelle Laborit\"><img loading=\"lazy\" decoding=\"async\" width=\"183\" height=\"300\" src=\"https:\/\/etab.ac-reunion.fr\/clg-guy-moquet\/wp-content\/uploads\/sites\/63\/2025\/06\/9782266128469_1_75-183x300.jpg\" class=\"attachment-medium size-medium wp-post-image\" alt=\"\" style=\"\" srcset=\"https:\/\/etab.ac-reunion.fr\/clg-guy-moquet\/wp-content\/uploads\/sites\/63\/2025\/06\/9782266128469_1_75-183x300.jpg 183w, https:\/\/etab.ac-reunion.fr\/clg-guy-moquet\/wp-content\/uploads\/sites\/63\/2025\/06\/9782266128469_1_75-92x150.jpg 92w, https:\/\/etab.ac-reunion.fr\/clg-guy-moquet\/wp-content\/uploads\/sites\/63\/2025\/06\/9782266128469_1_75-354x580.jpg 354w, https:\/\/etab.ac-reunion.fr\/clg-guy-moquet\/wp-content\/uploads\/sites\/63\/2025\/06\/9782266128469_1_75.jpg 600w\" sizes=\"auto, (max-width: 183px) 100vw, 183px\" \/><\/a><\/a><\/div><a class=\"wp-block-latest-posts__post-title\" href=\"https:\/\/etab.ac-reunion.fr\/clg-guy-moquet\/2025\/06\/23\/rencontre-avec-emmanuelle-laborit\/\">Rencontre avec Emmanuelle Laborit<\/a><div class=\"wp-block-latest-posts__post-author\">par Madavjee<\/div><time datetime=\"2025-06-23T19:23:18+04:00\" class=\"wp-block-latest-posts__post-date\">23 juin 2025<\/time><div class=\"wp-block-latest-posts__post-excerpt\">L&rsquo;association Lino Handicap est intervenue aupr\u00e8s des 3eF lundi 18 novembre, pour une sensibilisation sur le th\u00e8me de la surdit\u00e9 et de la L.S.F., langue des signes fran\u00e7aise. Les \u00e9l\u00e8ves ont pu \u00e9changer avec Audrey Damotte, m\u00e9diatrice sociale et son&#8230;<p> <a class=\"continue-reading-link\" href=\"https:\/\/etab.ac-reunion.fr\/clg-guy-moquet\/2025\/06\/23\/rencontre-avec-emmanuelle-laborit\/\"><span>Lire la suite<\/span><i class=\"crycon-right-dir\"><\/i><\/a> <\/p><\/div><\/li>\n<li><div class=\"wp-block-latest-posts__featured-image aligncenter\"><a href=\"https:\/\/etab.ac-reunion.fr\/clg-guy-moquet\/2025\/06\/19\/concours-celimene-junior\/\" aria-label=\"Concours C\u00e9lim\u00e8ne junior\"><a href=\"https:\/\/etab.ac-reunion.fr\/clg-guy-moquet\/2025\/06\/19\/concours-celimene-junior\/\" title=\"Concours C\u00e9lim\u00e8ne junior\"><img loading=\"lazy\" decoding=\"async\" width=\"212\" height=\"300\" src=\"https:\/\/etab.ac-reunion.fr\/clg-guy-moquet\/wp-content\/uploads\/sites\/63\/2025\/06\/1-5-212x300.jpg\" class=\"attachment-medium size-medium wp-post-image\" alt=\"\" style=\"\" srcset=\"https:\/\/etab.ac-reunion.fr\/clg-guy-moquet\/wp-content\/uploads\/sites\/63\/2025\/06\/1-5-212x300.jpg 212w, https:\/\/etab.ac-reunion.fr\/clg-guy-moquet\/wp-content\/uploads\/sites\/63\/2025\/06\/1-5-724x1024.jpg 724w, https:\/\/etab.ac-reunion.fr\/clg-guy-moquet\/wp-content\/uploads\/sites\/63\/2025\/06\/1-5-768x1086.jpg 768w, https:\/\/etab.ac-reunion.fr\/clg-guy-moquet\/wp-content\/uploads\/sites\/63\/2025\/06\/1-5-1086x1536.jpg 1086w, https:\/\/etab.ac-reunion.fr\/clg-guy-moquet\/wp-content\/uploads\/sites\/63\/2025\/06\/1-5-106x150.jpg 106w, https:\/\/etab.ac-reunion.fr\/clg-guy-moquet\/wp-content\/uploads\/sites\/63\/2025\/06\/1-5-410x580.jpg 410w, https:\/\/etab.ac-reunion.fr\/clg-guy-moquet\/wp-content\/uploads\/sites\/63\/2025\/06\/1-5.jpg 1414w\" sizes=\"auto, (max-width: 212px) 100vw, 212px\" \/><\/a><\/a><\/div><a class=\"wp-block-latest-posts__post-title\" href=\"https:\/\/etab.ac-reunion.fr\/clg-guy-moquet\/2025\/06\/19\/concours-celimene-junior\/\">Concours C\u00e9lim\u00e8ne junior<\/a><div class=\"wp-block-latest-posts__post-author\">par vboolaky1866<\/div><time datetime=\"2025-06-19T16:04:34+04:00\" class=\"wp-block-latest-posts__post-date\">19 juin 2025<\/time><div class=\"wp-block-latest-posts__post-excerpt\"><p> <a class=\"continue-reading-link\" href=\"https:\/\/etab.ac-reunion.fr\/clg-guy-moquet\/2025\/06\/19\/concours-celimene-junior\/\"><span>Lire la suite<\/span><i class=\"crycon-right-dir\"><\/i><\/a> <\/p><\/div><\/li>\n<\/ul>","protected":false},"excerpt":{"rendered":"<p> <a class=\"continue-reading-link\" href=\"https:\/\/etab.ac-reunion.fr\/clg-guy-moquet\/le-parcours-citoyen\/\"><span>Lire la suite<\/span><i class=\"crycon-right-dir\"><\/i><\/a> <\/p>\n","protected":false},"author":16626,"featured_media":0,"parent":0,"menu_order":0,"comment_status":"closed","ping_status":"closed","template":"","meta":{"footnotes":""},"class_list":["post-5450","page","type-page","status-publish","hentry"],"_links":{"self":[{"href":"https:\/\/etab.ac-reunion.fr\/clg-guy-moquet\/wp-json\/wp\/v2\/pages\/5450","targetHints":{"allow":["GET"]}}],"collection":[{"href":"https:\/\/etab.ac-reunion.fr\/clg-guy-moquet\/wp-json\/wp\/v2\/pages"}],"about":[{"href":"https:\/\/etab.ac-reunion.fr\/clg-guy-moquet\/wp-json\/wp\/v2\/types\/page"}],"author":[{"embeddable":true,"href":"https:\/\/etab.ac-reunion.fr\/clg-guy-moquet\/wp-json\/wp\/v2\/users\/16626"}],"replies":[{"embeddable":true,"href":"https:\/\/etab.ac-reunion.fr\/clg-guy-moquet\/wp-json\/wp\/v2\/comments?post=5450"}],"version-history":[{"count":12,"href":"https:\/\/etab.ac-reunion.fr\/clg-guy-moquet\/wp-json\/wp\/v2\/pages\/5450\/revisions"}],"predecessor-version":[{"id":6238,"href":"https:\/\/etab.ac-reunion.fr\/clg-guy-moquet\/wp-json\/wp\/v2\/pages\/5450\/revisions\/6238"}],"wp:attachment":[{"href":"https:\/\/etab.ac-reunion.fr\/clg-guy-moquet\/wp-json\/wp\/v2\/media?parent=5450"}],"curies":[{"name":"wp","href":"https:\/\/api.w.org\/{rel}","templated":true}]}}