{"id":5458,"date":"2024-12-19T15:22:04","date_gmt":"2024-12-19T11:22:04","guid":{"rendered":"https:\/\/etab.ac-reunion.fr\/clg-guy-moquet\/?page_id=5458"},"modified":"2025-02-13T11:43:50","modified_gmt":"2025-02-13T07:43:50","slug":"parcours-sante","status":"publish","type":"page","link":"https:\/\/etab.ac-reunion.fr\/clg-guy-moquet\/parcours-sante\/","title":{"rendered":"Parcours \u00e9ducatif de sant\u00e9"},"content":{"rendered":"<ul class=\"wp-block-latest-posts__list is-grid columns-3 has-dates has-author wp-block-latest-posts\"><li><div class=\"wp-block-latest-posts__featured-image alignleft\"><a href=\"https:\/\/etab.ac-reunion.fr\/clg-guy-moquet\/2026\/02\/26\/college-of-legends-2026\/\" title=\"Coll\u00e8ge of Legends 2026\"><img loading=\"lazy\" decoding=\"async\" width=\"150\" height=\"150\" src=\"https:\/\/etab.ac-reunion.fr\/clg-guy-moquet\/wp-content\/uploads\/sites\/63\/2026\/02\/IMG_20260225_153949-150x150.jpg\" class=\"attachment-thumbnail size-thumbnail wp-post-image\" alt=\"\" style=\"\" \/><\/a><\/div><a class=\"wp-block-latest-posts__post-title\" href=\"https:\/\/etab.ac-reunion.fr\/clg-guy-moquet\/2026\/02\/26\/college-of-legends-2026\/\">Coll\u00e8ge of Legends 2026<\/a><div class=\"wp-block-latest-posts__post-author\">par Arginthe Jean-Bruno<\/div><time datetime=\"2026-02-26T11:25:29+04:00\" class=\"wp-block-latest-posts__post-date\">26 f\u00e9vrier 2026<\/time><div class=\"wp-block-latest-posts__post-excerpt\">Notre coll\u00e8ge participe \u00e0 la 2\u00e8me\u00a0saison du concours d\u2019Esport \u00ab\u00a0Coll\u00e8ge of Legends\u00a0\u00bb organis\u00e9 par le d\u00e9partement de la R\u00e9union. Notre partenaire, l&rsquo;association \u00ab\u00a0Make Your Clutch\u00ab\u00a0, l&rsquo;un des acteurs de la promotion et du d\u00e9veloppement de l&rsquo;Esport \u00e0 la R\u00e9union intervient tous les mercredis apr\u00e8s-midi pour des ateliers de pr\u00e9vention et des entra\u00eenements. La phase de&#8230;<p> <a class=\"continue-reading-link\" href=\"https:\/\/etab.ac-reunion.fr\/clg-guy-moquet\/2026\/02\/26\/college-of-legends-2026\/\"><span>Lire la suite<\/span><i class=\"crycon-right-dir\"><\/i><\/a> <\/p><\/div><\/li>\n<li><div class=\"wp-block-latest-posts__featured-image alignleft\"><a href=\"https:\/\/etab.ac-reunion.fr\/clg-guy-moquet\/2025\/11\/20\/ulis-et-kayak\/\" title=\"ULIS ET KAYAK\"><img loading=\"lazy\" decoding=\"async\" width=\"150\" height=\"150\" src=\"https:\/\/etab.ac-reunion.fr\/clg-guy-moquet\/wp-content\/uploads\/sites\/63\/2025\/11\/IMG_8456-150x150.jpeg\" class=\"attachment-thumbnail size-thumbnail wp-post-image\" alt=\"\" style=\"\" srcset=\"https:\/\/etab.ac-reunion.fr\/clg-guy-moquet\/wp-content\/uploads\/sites\/63\/2025\/11\/IMG_8456-150x150.jpeg 150w, https:\/\/etab.ac-reunion.fr\/clg-guy-moquet\/wp-content\/uploads\/sites\/63\/2025\/11\/IMG_8456-300x300.jpeg 300w, https:\/\/etab.ac-reunion.fr\/clg-guy-moquet\/wp-content\/uploads\/sites\/63\/2025\/11\/IMG_8456-1024x1024.jpeg 1024w, https:\/\/etab.ac-reunion.fr\/clg-guy-moquet\/wp-content\/uploads\/sites\/63\/2025\/11\/IMG_8456-768x768.jpeg 768w, https:\/\/etab.ac-reunion.fr\/clg-guy-moquet\/wp-content\/uploads\/sites\/63\/2025\/11\/IMG_8456-1536x1536.jpeg 1536w, https:\/\/etab.ac-reunion.fr\/clg-guy-moquet\/wp-content\/uploads\/sites\/63\/2025\/11\/IMG_8456-2048x2048.jpeg 2048w, https:\/\/etab.ac-reunion.fr\/clg-guy-moquet\/wp-content\/uploads\/sites\/63\/2025\/11\/IMG_8456-580x580.jpeg 580w\" sizes=\"auto, (max-width: 150px) 100vw, 150px\" \/><\/a><\/div><a class=\"wp-block-latest-posts__post-title\" href=\"https:\/\/etab.ac-reunion.fr\/clg-guy-moquet\/2025\/11\/20\/ulis-et-kayak\/\">ULIS ET KAYAK<\/a><div class=\"wp-block-latest-posts__post-author\">par Elma Marie-Evelyne<\/div><time datetime=\"2025-11-20T16:44:52+04:00\" class=\"wp-block-latest-posts__post-date\">20 novembre 2025<\/time><div class=\"wp-block-latest-posts__post-excerpt\">Pour notre sortie de coh\u00e9sion, nous nous sommes rendus aux berges de la rivi\u00e8re des roches pour pratiquer le kayak afin de consolider le vivre ensemble et le d\u00e9passement de soi. Pari r\u00e9ussi, TOUS les \u00e9l\u00e8ves ont fait le pas. Quelle belle victoire !<p> <a class=\"continue-reading-link\" href=\"https:\/\/etab.ac-reunion.fr\/clg-guy-moquet\/2025\/11\/20\/ulis-et-kayak\/\"><span>Lire la suite<\/span><i class=\"crycon-right-dir\"><\/i><\/a> <\/p><\/div><\/li>\n<li><a class=\"wp-block-latest-posts__post-title\" href=\"https:\/\/etab.ac-reunion.fr\/clg-guy-moquet\/2025\/11\/20\/atelier-de-semi\/\">Atelier de semi<\/a><div class=\"wp-block-latest-posts__post-author\">par Elma Marie-Evelyne<\/div><time datetime=\"2025-11-20T16:41:49+04:00\" class=\"wp-block-latest-posts__post-date\">20 novembre 2025<\/time><div class=\"wp-block-latest-posts__post-excerpt\">Un atelier s\u2019est tenu avec Mr NATIVEL. Au programme&nbsp;: Des bouturages&nbsp;: &#8211; la menthe &#8211; la citronnelle &#8211; la g\u00e9ranium &#8211; du basilic &#8211; du romarin Des semis&nbsp;: &#8211; des br\u00e8des &#8211; la salade &#8211; la roquette &#8211; des haricots &#8211; ma\u00efs &#8211; vou\u00e8me Ils seront ensuite transplant\u00e9s dans les jardini\u00e8res. Ensuite l\u2019apr\u00e8s-midi, on a&#8230;<p> <a class=\"continue-reading-link\" href=\"https:\/\/etab.ac-reunion.fr\/clg-guy-moquet\/2025\/11\/20\/atelier-de-semi\/\"><span>Lire la suite<\/span><i class=\"crycon-right-dir\"><\/i><\/a> <\/p><\/div><\/li>\n<li><div class=\"wp-block-latest-posts__featured-image alignleft\"><a href=\"https:\/\/etab.ac-reunion.fr\/clg-guy-moquet\/2025\/10\/24\/ziguile\/\" title=\"Ziguil\u00e9\"><img loading=\"lazy\" decoding=\"async\" width=\"150\" height=\"150\" src=\"https:\/\/etab.ac-reunion.fr\/clg-guy-moquet\/wp-content\/uploads\/sites\/63\/2025\/10\/ZIGUILE-RESIDENCE--150x150.jpg\" class=\"attachment-thumbnail size-thumbnail wp-post-image\" alt=\"\" style=\"\" \/><\/a><\/div><a class=\"wp-block-latest-posts__post-title\" href=\"https:\/\/etab.ac-reunion.fr\/clg-guy-moquet\/2025\/10\/24\/ziguile\/\">Ziguil\u00e9<\/a><div class=\"wp-block-latest-posts__post-author\">par vboolaky1866<\/div><time datetime=\"2025-10-24T12:37:58+04:00\" class=\"wp-block-latest-posts__post-date\">24 octobre 2025<\/time><div class=\"wp-block-latest-posts__post-excerpt\"><p> <a class=\"continue-reading-link\" href=\"https:\/\/etab.ac-reunion.fr\/clg-guy-moquet\/2025\/10\/24\/ziguile\/\"><span>Lire la suite<\/span><i class=\"crycon-right-dir\"><\/i><\/a> <\/p><\/div><\/li>\n<li><div class=\"wp-block-latest-posts__featured-image alignleft\"><a href=\"https:\/\/etab.ac-reunion.fr\/clg-guy-moquet\/2025\/10\/24\/residence-dartistes-en-territoire-scolaire-octobre-2025\/\" title=\"R\u00e9sidence d&#039;artistes en territoire scolaire             octobre 2025\"><img loading=\"lazy\" decoding=\"async\" width=\"150\" height=\"150\" src=\"https:\/\/etab.ac-reunion.fr\/clg-guy-moquet\/wp-content\/uploads\/sites\/63\/2025\/10\/ZIGUILE1-150x150.jpg\" class=\"attachment-thumbnail size-thumbnail wp-post-image\" alt=\"\" style=\"\" srcset=\"https:\/\/etab.ac-reunion.fr\/clg-guy-moquet\/wp-content\/uploads\/sites\/63\/2025\/10\/ZIGUILE1-150x150.jpg 150w, https:\/\/etab.ac-reunion.fr\/clg-guy-moquet\/wp-content\/uploads\/sites\/63\/2025\/10\/ZIGUILE1-300x300.jpg 300w, https:\/\/etab.ac-reunion.fr\/clg-guy-moquet\/wp-content\/uploads\/sites\/63\/2025\/10\/ZIGUILE1.jpg 500w\" sizes=\"auto, (max-width: 150px) 100vw, 150px\" \/><\/a><\/div><a class=\"wp-block-latest-posts__post-title\" href=\"https:\/\/etab.ac-reunion.fr\/clg-guy-moquet\/2025\/10\/24\/residence-dartistes-en-territoire-scolaire-octobre-2025\/\">R\u00e9sidence d&rsquo;artistes en territoire scolaire             octobre 2025<\/a><div class=\"wp-block-latest-posts__post-author\">par vboolaky1866<\/div><time datetime=\"2025-10-24T12:35:40+04:00\" class=\"wp-block-latest-posts__post-date\">24 octobre 2025<\/time><div class=\"wp-block-latest-posts__post-excerpt\"><p> <a class=\"continue-reading-link\" href=\"https:\/\/etab.ac-reunion.fr\/clg-guy-moquet\/2025\/10\/24\/residence-dartistes-en-territoire-scolaire-octobre-2025\/\"><span>Lire la suite<\/span><i class=\"crycon-right-dir\"><\/i><\/a> <\/p><\/div><\/li>\n<li><div class=\"wp-block-latest-posts__featured-image alignleft\"><a href=\"https:\/\/etab.ac-reunion.fr\/clg-guy-moquet\/2025\/06\/19\/concours-embellissement-des-colleges-2024-2025\/\" title=\"CONCOURS EMBELLISSEMENT DES COLL\u00c8GES 2024-2025\"><img loading=\"lazy\" decoding=\"async\" width=\"150\" height=\"150\" src=\"https:\/\/etab.ac-reunion.fr\/clg-guy-moquet\/wp-content\/uploads\/sites\/63\/2025\/06\/1-3-150x150.jpg\" class=\"attachment-thumbnail size-thumbnail wp-post-image\" alt=\"\" style=\"\" \/><\/a><\/div><a class=\"wp-block-latest-posts__post-title\" href=\"https:\/\/etab.ac-reunion.fr\/clg-guy-moquet\/2025\/06\/19\/concours-embellissement-des-colleges-2024-2025\/\">CONCOURS EMBELLISSEMENT DES COLL\u00c8GES 2024-2025<\/a><div class=\"wp-block-latest-posts__post-author\">par vboolaky1866<\/div><time datetime=\"2025-06-19T15:09:25+04:00\" class=\"wp-block-latest-posts__post-date\">19 juin 2025<\/time><div class=\"wp-block-latest-posts__post-excerpt\"><p> <a class=\"continue-reading-link\" href=\"https:\/\/etab.ac-reunion.fr\/clg-guy-moquet\/2025\/06\/19\/concours-embellissement-des-colleges-2024-2025\/\"><span>Lire la suite<\/span><i class=\"crycon-right-dir\"><\/i><\/a> <\/p><\/div><\/li>\n<li><div class=\"wp-block-latest-posts__featured-image alignleft\"><a href=\"https:\/\/etab.ac-reunion.fr\/clg-guy-moquet\/2025\/06\/19\/projet-earth-4eme-edition\/\" title=\"Projet EARTH 4\u00e8me \u00e9dition\"><img loading=\"lazy\" decoding=\"async\" width=\"150\" height=\"150\" src=\"https:\/\/etab.ac-reunion.fr\/clg-guy-moquet\/wp-content\/uploads\/sites\/63\/2025\/06\/1-1-150x150.jpg\" class=\"attachment-thumbnail size-thumbnail wp-post-image\" alt=\"\" style=\"\" \/><\/a><\/div><a class=\"wp-block-latest-posts__post-title\" href=\"https:\/\/etab.ac-reunion.fr\/clg-guy-moquet\/2025\/06\/19\/projet-earth-4eme-edition\/\">Projet EARTH 4\u00e8me \u00e9dition<\/a><div class=\"wp-block-latest-posts__post-author\">par vboolaky1866<\/div><time datetime=\"2025-06-19T14:33:37+04:00\" class=\"wp-block-latest-posts__post-date\">19 juin 2025<\/time><div class=\"wp-block-latest-posts__post-excerpt\"><p> <a class=\"continue-reading-link\" href=\"https:\/\/etab.ac-reunion.fr\/clg-guy-moquet\/2025\/06\/19\/projet-earth-4eme-edition\/\"><span>Lire la suite<\/span><i class=\"crycon-right-dir\"><\/i><\/a> <\/p><\/div><\/li>\n<\/ul>","protected":false},"excerpt":{"rendered":"<p> <a class=\"continue-reading-link\" href=\"https:\/\/etab.ac-reunion.fr\/clg-guy-moquet\/parcours-sante\/\"><span>Lire la suite<\/span><i class=\"crycon-right-dir\"><\/i><\/a> <\/p>\n","protected":false},"author":16626,"featured_media":0,"parent":0,"menu_order":0,"comment_status":"closed","ping_status":"closed","template":"","meta":{"footnotes":""},"class_list":["post-5458","page","type-page","status-publish","hentry"],"_links":{"self":[{"href":"https:\/\/etab.ac-reunion.fr\/clg-guy-moquet\/wp-json\/wp\/v2\/pages\/5458","targetHints":{"allow":["GET"]}}],"collection":[{"href":"https:\/\/etab.ac-reunion.fr\/clg-guy-moquet\/wp-json\/wp\/v2\/pages"}],"about":[{"href":"https:\/\/etab.ac-reunion.fr\/clg-guy-moquet\/wp-json\/wp\/v2\/types\/page"}],"author":[{"embeddable":true,"href":"https:\/\/etab.ac-reunion.fr\/clg-guy-moquet\/wp-json\/wp\/v2\/users\/16626"}],"replies":[{"embeddable":true,"href":"https:\/\/etab.ac-reunion.fr\/clg-guy-moquet\/wp-json\/wp\/v2\/comments?post=5458"}],"version-history":[{"count":8,"href":"https:\/\/etab.ac-reunion.fr\/clg-guy-moquet\/wp-json\/wp\/v2\/pages\/5458\/revisions"}],"predecessor-version":[{"id":5621,"href":"https:\/\/etab.ac-reunion.fr\/clg-guy-moquet\/wp-json\/wp\/v2\/pages\/5458\/revisions\/5621"}],"wp:attachment":[{"href":"https:\/\/etab.ac-reunion.fr\/clg-guy-moquet\/wp-json\/wp\/v2\/media?parent=5458"}],"curies":[{"name":"wp","href":"https:\/\/api.w.org\/{rel}","templated":true}]}}

Parcours éducatif de santé

<ul class="wp-block-latest-posts__list is-grid columns-3 has-dates has-author wp-block-latest-posts"><li><div class="wp-block-latest-posts__featured-image alignleft"><a href="https://etab.ac-reunion.fr/clg-guy-moquet/2026/02/26/college-of-legends-2026/" title="Collège of Legends 2026"><img loading="lazy" decoding="async" width="150" height="150" src="https://etab.ac-reunion.fr/clg-guy-moquet/wp-content/uploads/sites/63/2026/02/IMG_20260225_153949-150x150.jpg" class="attachment-thumbnail size-thumbnail wp-post-image" alt="" style="" /></a></div><a class="wp-block-latest-posts__post-title" href="https://etab.ac-reunion.fr/clg-guy-moquet/2026/02/26/college-of-legends-2026/">Collège of Legends 2026</a><div class="wp-block-latest-posts__post-author">par Arginthe Jean-Bruno</div><time datetime="2026-02-26T11:25:29+04:00" class="wp-block-latest-posts__post-date">26 février 2026</time><div class="wp-block-latest-posts__post-excerpt">Notre collège participe à la 2ème saison du concours d’Esport « Collège of Legends » organisé par le département de la Réunion. Notre partenaire, l&rsquo;association « Make Your Clutch« , l&rsquo;un des acteurs de la promotion et du développement de l&rsquo;Esport à la Réunion intervient tous les mercredis après-midi pour des ateliers de prévention et des entraînements. La phase de&#8230;<p> <a class="continue-reading-link" href="https://etab.ac-reunion.fr/clg-guy-moquet/2026/02/26/college-of-legends-2026/"><span>Lire la suite</span><i class="crycon-right-dir"></i></a> </p></div></li>
<li><div class="wp-block-latest-posts__featured-image alignleft"><a href="https://etab.ac-reunion.fr/clg-guy-moquet/2025/11/20/ulis-et-kayak/" title="ULIS ET KAYAK"><img loading="lazy" decoding="async" width="150" height="150" src="https://etab.ac-reunion.fr/clg-guy-moquet/wp-content/uploads/sites/63/2025/11/IMG_8456-150x150.jpeg" class="attachment-thumbnail size-thumbnail wp-post-image" alt="" style="" srcset="https://etab.ac-reunion.fr/clg-guy-moquet/wp-content/uploads/sites/63/2025/11/IMG_8456-150x150.jpeg 150w, https://etab.ac-reunion.fr/clg-guy-moquet/wp-content/uploads/sites/63/2025/11/IMG_8456-300x300.jpeg 300w, https://etab.ac-reunion.fr/clg-guy-moquet/wp-content/uploads/sites/63/2025/11/IMG_8456-1024x1024.jpeg 1024w, https://etab.ac-reunion.fr/clg-guy-moquet/wp-content/uploads/sites/63/2025/11/IMG_8456-768x768.jpeg 768w, https://etab.ac-reunion.fr/clg-guy-moquet/wp-content/uploads/sites/63/2025/11/IMG_8456-1536x1536.jpeg 1536w, https://etab.ac-reunion.fr/clg-guy-moquet/wp-content/uploads/sites/63/2025/11/IMG_8456-2048x2048.jpeg 2048w, https://etab.ac-reunion.fr/clg-guy-moquet/wp-content/uploads/sites/63/2025/11/IMG_8456-580x580.jpeg 580w" sizes="auto, (max-width: 150px) 100vw, 150px" /></a></div><a class="wp-block-latest-posts__post-title" href="https://etab.ac-reunion.fr/clg-guy-moquet/2025/11/20/ulis-et-kayak/">ULIS ET KAYAK</a><div class="wp-block-latest-posts__post-author">par Elma Marie-Evelyne</div><time datetime="2025-11-20T16:44:52+04:00" class="wp-block-latest-posts__post-date">20 novembre 2025</time><div class="wp-block-latest-posts__post-excerpt">Pour notre sortie de cohésion, nous nous sommes rendus aux berges de la rivière des roches pour pratiquer le kayak afin de consolider le vivre ensemble et le dépassement de soi. Pari réussi, TOUS les élèves ont fait le pas. Quelle belle victoire !<p> <a class="continue-reading-link" href="https://etab.ac-reunion.fr/clg-guy-moquet/2025/11/20/ulis-et-kayak/"><span>Lire la suite</span><i class="crycon-right-dir"></i></a> </p></div></li>
<li><a class="wp-block-latest-posts__post-title" href="https://etab.ac-reunion.fr/clg-guy-moquet/2025/11/20/atelier-de-semi/">Atelier de semi</a><div class="wp-block-latest-posts__post-author">par Elma Marie-Evelyne</div><time datetime="2025-11-20T16:41:49+04:00" class="wp-block-latest-posts__post-date">20 novembre 2025</time><div class="wp-block-latest-posts__post-excerpt">Un atelier s’est tenu avec Mr NATIVEL. Au programme&nbsp;: Des bouturages&nbsp;: &#8211; la menthe &#8211; la citronnelle &#8211; la géranium &#8211; du basilic &#8211; du romarin Des semis&nbsp;: &#8211; des brèdes &#8211; la salade &#8211; la roquette &#8211; des haricots &#8211; maïs &#8211; vouème Ils seront ensuite transplantés dans les jardinières. Ensuite l’après-midi, on a&#8230;<p> <a class="continue-reading-link" href="https://etab.ac-reunion.fr/clg-guy-moquet/2025/11/20/atelier-de-semi/"><span>Lire la suite</span><i class="crycon-right-dir"></i></a> </p></div></li>
<li><div class="wp-block-latest-posts__featured-image alignleft"><a href="https://etab.ac-reunion.fr/clg-guy-moquet/2025/10/24/ziguile/" title="Ziguilé"><img loading="lazy" decoding="async" width="150" height="150" src="https://etab.ac-reunion.fr/clg-guy-moquet/wp-content/uploads/sites/63/2025/10/ZIGUILE-RESIDENCE--150x150.jpg" class="attachment-thumbnail size-thumbnail wp-post-image" alt="" style="" /></a></div><a class="wp-block-latest-posts__post-title" href="https://etab.ac-reunion.fr/clg-guy-moquet/2025/10/24/ziguile/">Ziguilé</a><div class="wp-block-latest-posts__post-author">par vboolaky1866</div><time datetime="2025-10-24T12:37:58+04:00" class="wp-block-latest-posts__post-date">24 octobre 2025</time><div class="wp-block-latest-posts__post-excerpt"><p> <a class="continue-reading-link" href="https://etab.ac-reunion.fr/clg-guy-moquet/2025/10/24/ziguile/"><span>Lire la suite</span><i class="crycon-right-dir"></i></a> </p></div></li>
<li><div class="wp-block-latest-posts__featured-image alignleft"><a href="https://etab.ac-reunion.fr/clg-guy-moquet/2025/10/24/residence-dartistes-en-territoire-scolaire-octobre-2025/" title="Résidence d&#039;artistes en territoire scolaire             octobre 2025"><img loading="lazy" decoding="async" width="150" height="150" src="https://etab.ac-reunion.fr/clg-guy-moquet/wp-content/uploads/sites/63/2025/10/ZIGUILE1-150x150.jpg" class="attachment-thumbnail size-thumbnail wp-post-image" alt="" style="" srcset="https://etab.ac-reunion.fr/clg-guy-moquet/wp-content/uploads/sites/63/2025/10/ZIGUILE1-150x150.jpg 150w, https://etab.ac-reunion.fr/clg-guy-moquet/wp-content/uploads/sites/63/2025/10/ZIGUILE1-300x300.jpg 300w, https://etab.ac-reunion.fr/clg-guy-moquet/wp-content/uploads/sites/63/2025/10/ZIGUILE1.jpg 500w" sizes="auto, (max-width: 150px) 100vw, 150px" /></a></div><a class="wp-block-latest-posts__post-title" href="https://etab.ac-reunion.fr/clg-guy-moquet/2025/10/24/residence-dartistes-en-territoire-scolaire-octobre-2025/">Résidence d&rsquo;artistes en territoire scolaire             octobre 2025</a><div class="wp-block-latest-posts__post-author">par vboolaky1866</div><time datetime="2025-10-24T12:35:40+04:00" class="wp-block-latest-posts__post-date">24 octobre 2025</time><div class="wp-block-latest-posts__post-excerpt"><p> <a class="continue-reading-link" href="https://etab.ac-reunion.fr/clg-guy-moquet/2025/10/24/residence-dartistes-en-territoire-scolaire-octobre-2025/"><span>Lire la suite</span><i class="crycon-right-dir"></i></a> </p></div></li>
<li><div class="wp-block-latest-posts__featured-image alignleft"><a href="https://etab.ac-reunion.fr/clg-guy-moquet/2025/06/19/concours-embellissement-des-colleges-2024-2025/" title="CONCOURS EMBELLISSEMENT DES COLLÈGES 2024-2025"><img loading="lazy" decoding="async" width="150" height="150" src="https://etab.ac-reunion.fr/clg-guy-moquet/wp-content/uploads/sites/63/2025/06/1-3-150x150.jpg" class="attachment-thumbnail size-thumbnail wp-post-image" alt="" style="" /></a></div><a class="wp-block-latest-posts__post-title" href="https://etab.ac-reunion.fr/clg-guy-moquet/2025/06/19/concours-embellissement-des-colleges-2024-2025/">CONCOURS EMBELLISSEMENT DES COLLÈGES 2024-2025</a><div class="wp-block-latest-posts__post-author">par vboolaky1866</div><time datetime="2025-06-19T15:09:25+04:00" class="wp-block-latest-posts__post-date">19 juin 2025</time><div class="wp-block-latest-posts__post-excerpt"><p> <a class="continue-reading-link" href="https://etab.ac-reunion.fr/clg-guy-moquet/2025/06/19/concours-embellissement-des-colleges-2024-2025/"><span>Lire la suite</span><i class="crycon-right-dir"></i></a> </p></div></li>
<li><div class="wp-block-latest-posts__featured-image alignleft"><a href="https://etab.ac-reunion.fr/clg-guy-moquet/2025/06/19/projet-earth-4eme-edition/" title="Projet EARTH 4ème édition"><img loading="lazy" decoding="async" width="150" height="150" src="https://etab.ac-reunion.fr/clg-guy-moquet/wp-content/uploads/sites/63/2025/06/1-1-150x150.jpg" class="attachment-thumbnail size-thumbnail wp-post-image" alt="" style="" /></a></div><a class="wp-block-latest-posts__post-title" href="https://etab.ac-reunion.fr/clg-guy-moquet/2025/06/19/projet-earth-4eme-edition/">Projet EARTH 4ème édition</a><div class="wp-block-latest-posts__post-author">par vboolaky1866</div><time datetime="2025-06-19T14:33:37+04:00" class="wp-block-latest-posts__post-date">19 juin 2025</time><div class="wp-block-latest-posts__post-excerpt"><p> <a class="continue-reading-link" href="https://etab.ac-reunion.fr/clg-guy-moquet/2025/06/19/projet-earth-4eme-edition/"><span>Lire la suite</span><i class="crycon-right-dir"></i></a> </p></div></li>
</ul>
