{"id":937,"date":"2013-08-23T15:14:07","date_gmt":"2013-08-23T11:14:07","guid":{"rendered":"https:\/\/portail.college-guymoquet.re\/wordpress\/?page_id=937"},"modified":"2026-02-23T10:42:43","modified_gmt":"2026-02-23T06:42:43","slug":"mathematiques","status":"publish","type":"page","link":"https:\/\/etab.ac-reunion.fr\/clg-guy-moquet\/les-disciplines-2\/mathematiques\/","title":{"rendered":"Math\u00e9matiques"},"content":{"rendered":"\n<div class=\"wp-block-buttons is-layout-flex wp-block-buttons-is-layout-flex\">\n<div class=\"wp-block-button\"><a class=\"wp-block-button__link wp-element-button\" href=\"http:\/\/serge.mehl.free.fr\/\">Chronomath<\/a><\/div>\n\n\n\n<div class=\"wp-block-button\"><a class=\"wp-block-button__link wp-element-button\" href=\"http:\/\/mathenpoche.sesamath.net\/\">Mathenpoche<\/a><\/div>\n\n\n\n<div class=\"wp-block-button\"><a class=\"wp-block-button__link wp-element-button\" href=\"https:\/\/labomep.sesamath.net\/\">Labomep<\/a><\/div>\n<\/div>\n\n\n<ul class=\"wp-block-latest-posts__list is-grid columns-3 has-dates has-author aligncenter wp-block-latest-posts\"><li><a class=\"wp-block-latest-posts__post-title\" href=\"https:\/\/etab.ac-reunion.fr\/clg-guy-moquet\/2025\/07\/31\/quand-les-mathematiques-prennent-forme-nos-eleves-fabriquent-des-maisons-en-3d\/\">Quand les math\u00e9matiques prennent forme : nos \u00e9l\u00e8ves fabriquent des maisons en 3D.<\/a><div class=\"wp-block-latest-posts__post-author\">par Girardeau Laetitia<\/div><time datetime=\"2025-07-31T19:01:57+04:00\" class=\"wp-block-latest-posts__post-date\">31 juillet 2025<\/time><div class=\"wp-block-latest-posts__post-excerpt\">Penser \u00e0 la maison de leurs r\u00eaves : patrons, assemblages et de belles d\u00e9corations ! Au c\u0153ur de ce projet se trouve la g\u00e9om\u00e9trie : les \u00e9l\u00e8ves ont utilis\u00e9 leurs connaissances des figures du plan et des solides de l&rsquo;espace (carr\u00e9s, rectangles, triangles, pav\u00e9s droits, prismes, pyramides, &#8230;) pour concevoir les diff\u00e9rentes parties de leur&#8230;<p> <a class=\"continue-reading-link\" href=\"https:\/\/etab.ac-reunion.fr\/clg-guy-moquet\/2025\/07\/31\/quand-les-mathematiques-prennent-forme-nos-eleves-fabriquent-des-maisons-en-3d\/\"><span>Lire la suite<\/span><i class=\"crycon-right-dir\"><\/i><\/a> <\/p><\/div><\/li>\n<li><div class=\"wp-block-latest-posts__featured-image aligncenter\"><a href=\"https:\/\/etab.ac-reunion.fr\/clg-guy-moquet\/2025\/06\/25\/concours-eureka-maths-au-college\/\" aria-label=\"Concours EUREKA Maths au coll\u00e8ge\"><a href=\"https:\/\/etab.ac-reunion.fr\/clg-guy-moquet\/2025\/06\/25\/concours-eureka-maths-au-college\/\" title=\"Concours EUREKA Maths au coll\u00e8ge\"><img loading=\"lazy\" decoding=\"async\" width=\"300\" height=\"225\" src=\"https:\/\/etab.ac-reunion.fr\/clg-guy-moquet\/wp-content\/uploads\/sites\/63\/2025\/06\/Eureka-33-300x225.jpg\" class=\"attachment-medium size-medium wp-post-image\" alt=\"\" style=\"\" srcset=\"https:\/\/etab.ac-reunion.fr\/clg-guy-moquet\/wp-content\/uploads\/sites\/63\/2025\/06\/Eureka-33-300x225.jpg 300w, https:\/\/etab.ac-reunion.fr\/clg-guy-moquet\/wp-content\/uploads\/sites\/63\/2025\/06\/Eureka-33-1024x768.jpg 1024w, https:\/\/etab.ac-reunion.fr\/clg-guy-moquet\/wp-content\/uploads\/sites\/63\/2025\/06\/Eureka-33-768x576.jpg 768w, https:\/\/etab.ac-reunion.fr\/clg-guy-moquet\/wp-content\/uploads\/sites\/63\/2025\/06\/Eureka-33-1536x1152.jpg 1536w, https:\/\/etab.ac-reunion.fr\/clg-guy-moquet\/wp-content\/uploads\/sites\/63\/2025\/06\/Eureka-33-2048x1536.jpg 2048w, https:\/\/etab.ac-reunion.fr\/clg-guy-moquet\/wp-content\/uploads\/sites\/63\/2025\/06\/Eureka-33-150x113.jpg 150w, https:\/\/etab.ac-reunion.fr\/clg-guy-moquet\/wp-content\/uploads\/sites\/63\/2025\/06\/Eureka-33-773x580.jpg 773w\" sizes=\"auto, (max-width: 300px) 100vw, 300px\" \/><\/a><\/a><\/div><a class=\"wp-block-latest-posts__post-title\" href=\"https:\/\/etab.ac-reunion.fr\/clg-guy-moquet\/2025\/06\/25\/concours-eureka-maths-au-college\/\">Concours EUREKA Maths au coll\u00e8ge<\/a><div class=\"wp-block-latest-posts__post-author\">par Girardeau Laetitia<\/div><time datetime=\"2025-06-25T16:24:45+04:00\" class=\"wp-block-latest-posts__post-date\">25 juin 2025<\/time><div class=\"wp-block-latest-posts__post-excerpt\">Comme tous les ans, nos \u00e9l\u00e8ves de toutes les classes de 6\u00e8me ont particip\u00e9 au concours \u00ab\u00a0EUREKA Maths\u00a0\u00bb en liaison avec les CM1-CM2 du r\u00e9seau ! F\u00e9licitations \u00e0 eux pour leur esprit d&rsquo;\u00e9quipe et leur pers\u00e9v\u00e9rance !<p> <a class=\"continue-reading-link\" href=\"https:\/\/etab.ac-reunion.fr\/clg-guy-moquet\/2025\/06\/25\/concours-eureka-maths-au-college\/\"><span>Lire la suite<\/span><i class=\"crycon-right-dir\"><\/i><\/a> <\/p><\/div><\/li>\n<\/ul>","protected":false},"excerpt":{"rendered":"<p> <a class=\"continue-reading-link\" href=\"https:\/\/etab.ac-reunion.fr\/clg-guy-moquet\/les-disciplines-2\/mathematiques\/\"><span>Lire la suite<\/span><i class=\"crycon-right-dir\"><\/i><\/a> <\/p>\n","protected":false},"author":1037,"featured_media":0,"parent":933,"menu_order":0,"comment_status":"closed","ping_status":"closed","template":"","meta":{"footnotes":""},"class_list":["post-937","page","type-page","status-publish","hentry"],"_links":{"self":[{"href":"https:\/\/etab.ac-reunion.fr\/clg-guy-moquet\/wp-json\/wp\/v2\/pages\/937","targetHints":{"allow":["GET"]}}],"collection":[{"href":"https:\/\/etab.ac-reunion.fr\/clg-guy-moquet\/wp-json\/wp\/v2\/pages"}],"about":[{"href":"https:\/\/etab.ac-reunion.fr\/clg-guy-moquet\/wp-json\/wp\/v2\/types\/page"}],"author":[{"embeddable":true,"href":"https:\/\/etab.ac-reunion.fr\/clg-guy-moquet\/wp-json\/wp\/v2\/users\/1037"}],"replies":[{"embeddable":true,"href":"https:\/\/etab.ac-reunion.fr\/clg-guy-moquet\/wp-json\/wp\/v2\/comments?post=937"}],"version-history":[{"count":8,"href":"https:\/\/etab.ac-reunion.fr\/clg-guy-moquet\/wp-json\/wp\/v2\/pages\/937\/revisions"}],"predecessor-version":[{"id":6560,"href":"https:\/\/etab.ac-reunion.fr\/clg-guy-moquet\/wp-json\/wp\/v2\/pages\/937\/revisions\/6560"}],"up":[{"embeddable":true,"href":"https:\/\/etab.ac-reunion.fr\/clg-guy-moquet\/wp-json\/wp\/v2\/pages\/933"}],"wp:attachment":[{"href":"https:\/\/etab.ac-reunion.fr\/clg-guy-moquet\/wp-json\/wp\/v2\/media?parent=937"}],"curies":[{"name":"wp","href":"https:\/\/api.w.org\/{rel}","templated":true}]}}