{"id":1680,"date":"2018-01-23T08:41:29","date_gmt":"2018-01-23T07:41:29","guid":{"rendered":"http:\/\/college-hhoarau.ac-reunion.fr\/?page_id=1680"},"modified":"2018-01-23T09:16:11","modified_gmt":"2018-01-23T08:16:11","slug":"hegesippe-hoarau","status":"publish","type":"page","link":"https:\/\/etab.ac-reunion.fr\/clg-hegesippe-hoarau\/hegesippe-hoarau\/","title":{"rendered":"H\u00e9g\u00e9sippe Hoarau"},"content":{"rendered":"<p><img loading=\"lazy\" decoding=\"async\" class=\"size-medium wp-image-1681 aligncenter\" src=\"https:\/\/etab.ac-reunion.fr\/clg-hegesippe-hoarauwp-content\/uploads\/sites\/157\/2018\/01\/Hegesippe-281x300.jpg\" alt=\"\" width=\"281\" height=\"300\" srcset=\"https:\/\/etab.ac-reunion.fr\/clg-hegesippe-hoarau\/wp-content\/uploads\/sites\/157\/2018\/01\/Hegesippe-281x300.jpg 281w, https:\/\/etab.ac-reunion.fr\/clg-hegesippe-hoarau\/wp-content\/uploads\/sites\/157\/2018\/01\/Hegesippe-140x150.jpg 140w, https:\/\/etab.ac-reunion.fr\/clg-hegesippe-hoarau\/wp-content\/uploads\/sites\/157\/2018\/01\/Hegesippe.jpg 364w\" sizes=\"auto, (max-width: 281px) 100vw, 281px\" \/><\/p>\n<p style=\"text-align: justify\">H\u00e9g\u00e9sippe Hoarau est n\u00e9 le 7 avril 1868 dans une famille d\u2019agriculteurs de la Rivi\u00e8re Saint-Louis. Son p\u00e8re, Prudent Hoarau, s\u2019\u00e9tait mari\u00e9 \u00e0 une demoiselle Rosa Dorseuil, issue d\u2019une famille honorable de Saint-Pierre.<\/p>\n<p style=\"text-align: justify\">H\u00e9g\u00e9sippe obtient son brevet \u00e9l\u00e9mentaire le 23 juillet 1885, \u00e0 l\u2019\u00e2ge de dix-sept ans. C\u2019est donc \u00e0 cette \u00e9poque qu\u2019il prit connaissance de la fameuse <a href=\"https:\/\/blogs.mediapart.fr\/catherine-chabrun\/blog\/301013\/jean-jaures-aux-instituteurs-et-institutrices\">lettre de Jean Jaur\u00e8s<\/a>, laquelle changea toute sa vie. Il rejoint l\u2019\u00e9cole normale de Saint-Denis o\u00f9 deux ans plus tard, il d\u00e9croche le brevet sup\u00e9rieur. Il s\u2019oriente alors vers la profession d\u2019instituteur.<\/p>\n<p><img loading=\"lazy\" decoding=\"async\" class=\"size-full wp-image-1682 aligncenter\" src=\"https:\/\/etab.ac-reunion.fr\/clg-hegesippe-hoarauwp-content\/uploads\/sites\/157\/2018\/01\/hegesippe_hoarau01.jpg\" alt=\"\" width=\"198\" height=\"292\" srcset=\"https:\/\/etab.ac-reunion.fr\/clg-hegesippe-hoarau\/wp-content\/uploads\/sites\/157\/2018\/01\/hegesippe_hoarau01.jpg 198w, https:\/\/etab.ac-reunion.fr\/clg-hegesippe-hoarau\/wp-content\/uploads\/sites\/157\/2018\/01\/hegesippe_hoarau01-102x150.jpg 102w\" sizes=\"auto, (max-width: 198px) 100vw, 198px\" \/><\/p>\n<p style=\"text-align: justify\">Le 1er octobre 1887, H\u00e9g\u00e9sippe Hoarau effectue ses premiers pas d\u2019enseignant \u00e0 l\u2019\u00e9cole des gar\u00e7ons de la Rivi\u00e8re Saint-Louis o\u00f9, dans un premier temps, il est nomm\u00e9 instituteur adjoint. Le 1er novembre 1892, H\u00e9g\u00e9sippe Hoarau est nomm\u00e9 directeur de l\u2019\u00e9cole des gar\u00e7ons de la Rivi\u00e8re Saint-Louis, alors qu\u2019il n\u2019a que vingt-quatre ans. C\u2019est \u00e0 partir de cette date qu\u2019il commencera \u00e0 \u00e9crire dans ses cahiers la vie de son \u00e9cole.<\/p>\n<p style=\"text-align: justify\">Sans doute motiv\u00e9 par une soif soudaine d\u2019aventure, H\u00e9g\u00e9sippe Hoarau d\u00e9cide de prendre le large en participant, en tant que volontaire, \u00e0 l\u2019exp\u00e9dition de Madagascar du 8 f\u00e9vrier au 23 d\u00e9cembre 1895, avant de retrouver son poste de directeur d\u2019\u00e9cole \u00e0 la Rivi\u00e8re Saint-Louis.<\/p>\n<p style=\"text-align: justify\">Il \u00e9pouse, en f\u00e9vrier 1897 \u00e0 la Rivi\u00e8re, une demoiselle Marie L\u00e9onie Ricquebourg qui lui donnera cinq enfants.<\/p>\n<p style=\"text-align: justify\">Le 1er juin 1915, en pleine guerre, H\u00e9g\u00e9sippe Hoarau est propuls\u00e9 inspecteur primaire par int\u00e9rim, mais il reste toujours directeur de l\u2019\u00e9cole des gar\u00e7ons de la Rivi\u00e8re. Apr\u00e8s avoir re\u00e7u la mention honorable pour ses efforts, ainsi que la m\u00e9daille de bronze, il obtient la m\u00e9daille d\u2019argent de l\u2019\u00e9ducation nationale.<\/p>\n<p style=\"text-align: justify\">En 1923, le professeur Guy Lombard de l\u2019Association des palmes acad\u00e9miques fait un discours tr\u00e8s remarqu\u00e9 sur la carri\u00e8re d\u2019H\u00e9g\u00e9sippe Hoarau lors de la remise de sa m\u00e9daille d\u2019officier d\u2019acad\u00e9mie dans les salons feutr\u00e9s du palais du gouvernement. En 1926, notre enseignant se voit remettre par le gouverneur de l\u2019\u00e9poque la croix de la L\u00e9gion d\u2019honneur.<\/p>\n<p style=\"text-align: justify\">Le 12 f\u00e9vrier 1928, \u00e2g\u00e9 de soixante ans, H\u00e9g\u00e9sippe Hoarau dispara\u00eet subitement \u00e0 la suite d\u2019un arr\u00eat cardiaque.<\/p>\n<p style=\"text-align: justify\">H\u00e9g\u00e9sippe Hoarau a immortalis\u00e9, dans ses cahiers, la vie quotidienne de son \u00e9tablissement. Des cahiers r\u00e9cemment d\u00e9couverts par un enseignant du coll\u00e8ge de La Rivi\u00e8re et conserv\u00e9s religieusement. \u00c0 travers ces pages, on constate qu\u2019\u00e0 l\u2019\u00e9poque, l\u2019utilisation du cr\u00e9ole \u00e0 l\u2019\u00e9cole n\u2019\u00e9tait gu\u00e8re appr\u00e9ci\u00e9e par le corps enseignant.<\/p>\n<!-- AddThis Advanced Settings generic via filter on the_content --><!-- AddThis Share Buttons generic via filter on the_content -->","protected":false},"excerpt":{"rendered":"<p>H\u00e9g\u00e9sippe Hoarau est n\u00e9 le 7 avril 1868 dans une famille d\u2019agriculteurs de la Rivi\u00e8re Saint-Louis. Son p\u00e8re, Prudent Hoarau, s\u2019\u00e9tait mari\u00e9 \u00e0 une demoiselle Rosa Dorseuil, issue d\u2019une famille honorable de Saint-Pierre. H\u00e9g\u00e9sippe obtient son brevet \u00e9l\u00e9mentaire le 23 juillet 1885, \u00e0 l\u2019\u00e2ge de dix-sept ans. C\u2019est donc \u00e0\u2026<!-- AddThis Advanced Settings generic via filter on get_the_excerpt --><!-- AddThis Share Buttons generic via filter on get_the_excerpt --><\/p>\n<p class=\"continue-reading-button\"> <a class=\"continue-reading-link\" href=\"https:\/\/etab.ac-reunion.fr\/clg-hegesippe-hoarau\/hegesippe-hoarau\/\">Lire plus<i class=\"crycon-right-dir\"><\/i><\/a><\/p>\n","protected":false},"author":17426,"featured_media":0,"parent":0,"menu_order":0,"comment_status":"closed","ping_status":"closed","template":"","meta":{"footnotes":""},"class_list":["post-1680","page","type-page","status-publish","hentry"],"_links":{"self":[{"href":"https:\/\/etab.ac-reunion.fr\/clg-hegesippe-hoarau\/wp-json\/wp\/v2\/pages\/1680","targetHints":{"allow":["GET"]}}],"collection":[{"href":"https:\/\/etab.ac-reunion.fr\/clg-hegesippe-hoarau\/wp-json\/wp\/v2\/pages"}],"about":[{"href":"https:\/\/etab.ac-reunion.fr\/clg-hegesippe-hoarau\/wp-json\/wp\/v2\/types\/page"}],"author":[{"embeddable":true,"href":"https:\/\/etab.ac-reunion.fr\/clg-hegesippe-hoarau\/wp-json\/wp\/v2\/users\/17426"}],"replies":[{"embeddable":true,"href":"https:\/\/etab.ac-reunion.fr\/clg-hegesippe-hoarau\/wp-json\/wp\/v2\/comments?post=1680"}],"version-history":[{"count":2,"href":"https:\/\/etab.ac-reunion.fr\/clg-hegesippe-hoarau\/wp-json\/wp\/v2\/pages\/1680\/revisions"}],"predecessor-version":[{"id":1703,"href":"https:\/\/etab.ac-reunion.fr\/clg-hegesippe-hoarau\/wp-json\/wp\/v2\/pages\/1680\/revisions\/1703"}],"wp:attachment":[{"href":"https:\/\/etab.ac-reunion.fr\/clg-hegesippe-hoarau\/wp-json\/wp\/v2\/media?parent=1680"}],"curies":[{"name":"wp","href":"https:\/\/api.w.org\/{rel}","templated":true}]}}