{"id":1692,"date":"2018-01-23T08:50:57","date_gmt":"2018-01-23T07:50:57","guid":{"rendered":"http:\/\/college-hhoarau.ac-reunion.fr\/?page_id=1692"},"modified":"2018-01-24T09:25:12","modified_gmt":"2018-01-24T08:25:12","slug":"les-locaux","status":"publish","type":"page","link":"https:\/\/etab.ac-reunion.fr\/clg-hegesippe-hoarau\/les-locaux\/","title":{"rendered":"Les locaux"},"content":{"rendered":"<p style=\"text-align: justify\">Le coll\u00e8ge a fonctionn\u00e9 dans les locaux de la rue du P\u00e8re De Laporte, pr\u00e8s de la Mairie, pendant plus de quatre vingt ans (1903 \u00e0 1984). C&rsquo;est, en effet le vendredi 2 octobre 1903 que Monsieur H\u00e9g\u00e9sippe HOARAU, alors directeur de l&rsquo;\u00e9cole primaire, a \u00e9t\u00e9 charg\u00e9 de diriger l&rsquo;unique classe du premier Cours Compl\u00e9mentaire de la Rivi\u00e8re, comme le t\u00e9moigne le document de l&rsquo;\u00e9poque extrait du \u00ab\u00a0Cahier journalier\u00a0\u00bb du Directeur. D\u00e8s son ouverture l&rsquo;Etablissement a connu de s\u00e9rieux probl\u00e8mes de locaux et\u2026 de mat\u00e9riels. La lecture des cahiers de bord, est, \u00e0 plus d&rsquo;un titre, un v\u00e9ritable r\u00e9gal ! Les lois de d\u00e9centralisation sont heureusement pass\u00e9es par l\u00e0 !<\/p>\n<p><img loading=\"lazy\" decoding=\"async\" class=\"size-medium wp-image-1693 aligncenter\" src=\"https:\/\/etab.ac-reunion.fr\/clg-hegesippe-hoarauwp-content\/uploads\/sites\/157\/2018\/01\/photo_HH2-300x137.jpg\" alt=\"\" width=\"300\" height=\"137\" srcset=\"https:\/\/etab.ac-reunion.fr\/clg-hegesippe-hoarau\/wp-content\/uploads\/sites\/157\/2018\/01\/photo_HH2-300x137.jpg 300w, https:\/\/etab.ac-reunion.fr\/clg-hegesippe-hoarau\/wp-content\/uploads\/sites\/157\/2018\/01\/photo_HH2-150x68.jpg 150w, https:\/\/etab.ac-reunion.fr\/clg-hegesippe-hoarau\/wp-content\/uploads\/sites\/157\/2018\/01\/photo_HH2.jpg 579w\" sizes=\"auto, (max-width: 300px) 100vw, 300px\" \/><\/p>\n<p style=\"text-align: justify\">Apr\u00e8s avoir form\u00e9 \u00ab\u00a0une p\u00e9pini\u00e8re d&rsquo;instituteurs et de fonctionnaires\u00a0\u00bb, le Cours Compl\u00e9mentaire devenu coll\u00e8ge, a vite connu de gros probl\u00e8mes d&rsquo;exigu\u00eft\u00e9 des locaux et de s\u00e9curit\u00e9. La v\u00e9tust\u00e9 des b\u00e2timents et des conclusions alarmantes de plusieurs commissions de S\u00e9curit\u00e9 ont eu raison de la volont\u00e9 \u00ab\u00a0politique\u00a0\u00bb de l&rsquo;\u00e9poque de restaurer le b\u00e2timent principal, au lieu de construire un Coll\u00e8ge neuf. Apr\u00e8s bien des p\u00e9rip\u00e9ties, une premi\u00e8re tranche de travaux a permis la construction de 10 classes en 1976 (l&rsquo;actuel b\u00e2timent A), dans la Rue de la Place des F\u00eates. En 1986 une premi\u00e8re extension a permis la construction de deux b\u00e2timents p\u00e9dagogiques suppl\u00e9mentaires et du b\u00e2timent administratif. Une derni\u00e8re tranche comprenant deux autres b\u00e2timents p\u00e9dagogiques et un restaurant scolaire a \u00e9t\u00e9 livr\u00e9e en 1989. Les Directeurs qui se sont succ\u00e9d\u00e9s \u00e0 la t\u00eate de notre \u00e9tablissement depuis 1895 nous ont laiss\u00e9 un h\u00e9ritage pr\u00e9cieux : les cahiers de bord.<\/p>\n<!-- AddThis Advanced Settings generic via filter on the_content --><!-- AddThis Share Buttons generic via filter on the_content -->","protected":false},"excerpt":{"rendered":"<p>Le coll\u00e8ge a fonctionn\u00e9 dans les locaux de la rue du P\u00e8re De Laporte, pr\u00e8s de la Mairie, pendant plus de quatre vingt ans (1903 \u00e0 1984). C&rsquo;est, en effet le vendredi 2 octobre 1903 que Monsieur H\u00e9g\u00e9sippe HOARAU, alors directeur de l&rsquo;\u00e9cole primaire, a \u00e9t\u00e9 charg\u00e9 de diriger l&rsquo;unique\u2026<!-- AddThis Advanced Settings generic via filter on get_the_excerpt --><!-- AddThis Share Buttons generic via filter on get_the_excerpt --><\/p>\n<p class=\"continue-reading-button\"> <a class=\"continue-reading-link\" href=\"https:\/\/etab.ac-reunion.fr\/clg-hegesippe-hoarau\/les-locaux\/\">Lire plus<i class=\"crycon-right-dir\"><\/i><\/a><\/p>\n","protected":false},"author":17426,"featured_media":0,"parent":0,"menu_order":0,"comment_status":"closed","ping_status":"closed","template":"","meta":{"footnotes":""},"class_list":["post-1692","page","type-page","status-publish","hentry"],"_links":{"self":[{"href":"https:\/\/etab.ac-reunion.fr\/clg-hegesippe-hoarau\/wp-json\/wp\/v2\/pages\/1692","targetHints":{"allow":["GET"]}}],"collection":[{"href":"https:\/\/etab.ac-reunion.fr\/clg-hegesippe-hoarau\/wp-json\/wp\/v2\/pages"}],"about":[{"href":"https:\/\/etab.ac-reunion.fr\/clg-hegesippe-hoarau\/wp-json\/wp\/v2\/types\/page"}],"author":[{"embeddable":true,"href":"https:\/\/etab.ac-reunion.fr\/clg-hegesippe-hoarau\/wp-json\/wp\/v2\/users\/17426"}],"replies":[{"embeddable":true,"href":"https:\/\/etab.ac-reunion.fr\/clg-hegesippe-hoarau\/wp-json\/wp\/v2\/comments?post=1692"}],"version-history":[{"count":3,"href":"https:\/\/etab.ac-reunion.fr\/clg-hegesippe-hoarau\/wp-json\/wp\/v2\/pages\/1692\/revisions"}],"predecessor-version":[{"id":1789,"href":"https:\/\/etab.ac-reunion.fr\/clg-hegesippe-hoarau\/wp-json\/wp\/v2\/pages\/1692\/revisions\/1789"}],"wp:attachment":[{"href":"https:\/\/etab.ac-reunion.fr\/clg-hegesippe-hoarau\/wp-json\/wp\/v2\/media?parent=1692"}],"curies":[{"name":"wp","href":"https:\/\/api.w.org\/{rel}","templated":true}]}}