{"id":5037,"date":"2019-11-04T15:31:44","date_gmt":"2019-11-04T11:31:44","guid":{"rendered":"http:\/\/college-henrimatisse.ac-reunion.fr\/?page_id=5037"},"modified":"2019-11-04T15:33:00","modified_gmt":"2019-11-04T11:33:00","slug":"jardin-ombre-lumiere","status":"publish","type":"page","link":"https:\/\/etab.ac-reunion.fr\/clg-henri-matisse\/jardin-ombre-lumiere\/","title":{"rendered":"JARDIN OMBRE ET LUMI\u00c8RE"},"content":{"rendered":"\n<p> &#8211; Des \u00e9tages diff\u00e9rents plant\u00e9s d\u2019alo\u00e8s et autres plantes grasses, des sculptures en bois de goyavier (panier, chemin de scories).<\/p>\n\n\n\n<p>&#8211; Sur le coteau, en\ndivers mat\u00e9riaux, ce jardin souhaite une bonne entr\u00e9e aux visiteurs\net usagers du coll\u00e8ge. \n<\/p>\n\n\n\n<p>&#8211; Cr\u00e9\u00e9 lors du concours d\u2019embellissement du coll\u00e8ge (2018) avec l\u2019aide des gardiens de la nature et des \u00e9l\u00e8ves d\u2019ULIS de M. Papaty.<\/p>\n\n\n\n<figure class=\"wp-block-image\"><a href=\"https:\/\/etab.ac-reunion.fr\/clg-henri-matisse\/wp-content\/uploads\/sites\/69\/2019\/11\/jardin-5.jpg\"><img loading=\"lazy\" decoding=\"async\" width=\"924\" height=\"1024\" src=\"https:\/\/etab.ac-reunion.fr\/clg-henri-matisse\/wp-content\/uploads\/sites\/69\/2019\/11\/jardin-5-924x1024.jpg\" alt=\"\" class=\"wp-image-5038\" srcset=\"https:\/\/etab.ac-reunion.fr\/clg-henri-matisse\/wp-content\/uploads\/sites\/69\/2019\/11\/jardin-5-924x1024.jpg 924w, https:\/\/etab.ac-reunion.fr\/clg-henri-matisse\/wp-content\/uploads\/sites\/69\/2019\/11\/jardin-5-271x300.jpg 271w, https:\/\/etab.ac-reunion.fr\/clg-henri-matisse\/wp-content\/uploads\/sites\/69\/2019\/11\/jardin-5-200x222.jpg 200w, https:\/\/etab.ac-reunion.fr\/clg-henri-matisse\/wp-content\/uploads\/sites\/69\/2019\/11\/jardin-5-135x150.jpg 135w, https:\/\/etab.ac-reunion.fr\/clg-henri-matisse\/wp-content\/uploads\/sites\/69\/2019\/11\/jardin-5.jpg 1097w\" sizes=\"auto, (max-width: 924px) 100vw, 924px\" \/><\/a><\/figure>\n\n\n\n<figure class=\"wp-block-image\"><a href=\"https:\/\/etab.ac-reunion.fr\/clg-henri-matisse\/wp-content\/uploads\/sites\/69\/2019\/11\/jardin-5-d\u00e9tail.jpg\"><img loading=\"lazy\" decoding=\"async\" width=\"1300\" height=\"639\" src=\"https:\/\/etab.ac-reunion.fr\/clg-henri-matisse\/wp-content\/uploads\/sites\/69\/2019\/11\/jardin-5-d\u00e9tail-1300x639.jpg\" alt=\"\" class=\"wp-image-5039\" srcset=\"https:\/\/etab.ac-reunion.fr\/clg-henri-matisse\/wp-content\/uploads\/sites\/69\/2019\/11\/jardin-5-d\u00e9tail-1300x639.jpg 1300w, https:\/\/etab.ac-reunion.fr\/clg-henri-matisse\/wp-content\/uploads\/sites\/69\/2019\/11\/jardin-5-d\u00e9tail-300x148.jpg 300w, https:\/\/etab.ac-reunion.fr\/clg-henri-matisse\/wp-content\/uploads\/sites\/69\/2019\/11\/jardin-5-d\u00e9tail-200x98.jpg 200w, https:\/\/etab.ac-reunion.fr\/clg-henri-matisse\/wp-content\/uploads\/sites\/69\/2019\/11\/jardin-5-d\u00e9tail-150x74.jpg 150w, https:\/\/etab.ac-reunion.fr\/clg-henri-matisse\/wp-content\/uploads\/sites\/69\/2019\/11\/jardin-5-d\u00e9tail.jpg 1547w\" sizes=\"auto, (max-width: 1300px) 100vw, 1300px\" \/><\/a><\/figure>\n","protected":false},"excerpt":{"rendered":"<p>&#8211; Des \u00e9tages diff\u00e9rents plant\u00e9s d\u2019alo\u00e8s et autres plantes grasses, des sculptures en bois de goyavier (panier, chemin de scories). &#8211; Sur le coteau, en divers mat\u00e9riaux, ce jardin souhaite une bonne entr\u00e9e aux visiteurs et usagers du coll\u00e8ge. &#8211; Cr\u00e9\u00e9 lors du concours d\u2019embellissement du coll\u00e8ge (2018) avec l\u2019aide\u2026<\/p>\n<p class=\"continue-reading-button\"> <a class=\"continue-reading-link\" href=\"https:\/\/etab.ac-reunion.fr\/clg-henri-matisse\/jardin-ombre-lumiere\/\">Continuer \u00e0 lire<i class=\"crycon-right-dir\"><\/i><\/a><\/p>\n","protected":false},"author":2982,"featured_media":0,"parent":0,"menu_order":0,"comment_status":"closed","ping_status":"closed","template":"","meta":{"footnotes":""},"class_list":["post-5037","page","type-page","status-publish","hentry"],"_links":{"self":[{"href":"https:\/\/etab.ac-reunion.fr\/clg-henri-matisse\/wp-json\/wp\/v2\/pages\/5037","targetHints":{"allow":["GET"]}}],"collection":[{"href":"https:\/\/etab.ac-reunion.fr\/clg-henri-matisse\/wp-json\/wp\/v2\/pages"}],"about":[{"href":"https:\/\/etab.ac-reunion.fr\/clg-henri-matisse\/wp-json\/wp\/v2\/types\/page"}],"author":[{"embeddable":true,"href":"https:\/\/etab.ac-reunion.fr\/clg-henri-matisse\/wp-json\/wp\/v2\/users\/2982"}],"replies":[{"embeddable":true,"href":"https:\/\/etab.ac-reunion.fr\/clg-henri-matisse\/wp-json\/wp\/v2\/comments?post=5037"}],"version-history":[{"count":3,"href":"https:\/\/etab.ac-reunion.fr\/clg-henri-matisse\/wp-json\/wp\/v2\/pages\/5037\/revisions"}],"predecessor-version":[{"id":5043,"href":"https:\/\/etab.ac-reunion.fr\/clg-henri-matisse\/wp-json\/wp\/v2\/pages\/5037\/revisions\/5043"}],"wp:attachment":[{"href":"https:\/\/etab.ac-reunion.fr\/clg-henri-matisse\/wp-json\/wp\/v2\/media?parent=5037"}],"curies":[{"name":"wp","href":"https:\/\/api.w.org\/{rel}","templated":true}]}}