{"id":1333,"date":"2022-11-25T17:48:27","date_gmt":"2022-11-25T13:48:27","guid":{"rendered":"https:\/\/etab.ac-reunion.fr\/clg-hippolyte-foucque\/?page_id=1333"},"modified":"2022-11-25T17:48:28","modified_gmt":"2022-11-25T13:48:28","slug":"qui-etait-hippolyte-foucque","status":"publish","type":"page","link":"https:\/\/etab.ac-reunion.fr\/clg-hippolyte-foucque\/?page_id=1333","title":{"rendered":"Qui \u00e9tait Hippolyte Foucque?"},"content":{"rendered":"\n<blockquote class=\"wp-block-quote is-layout-flow wp-block-quote-is-layout-flow\">\n<p class=\"has-text-align-center has-black-color has-text-color has-background has-large-font-size\" style=\"background:radial-gradient(rgb(202,248,128) 0%,rgb(113,206,126) 100%)\"><em><b>La passion d&rsquo;une \u00eele, l&rsquo;<\/b><\/em><strong><em>\u0153uvre d&rsquo;un ma\u00eetre<\/em><\/strong> <\/p>\n<\/blockquote>\n\n\n\n<p class=\"has-medium-font-size\"><strong>Hippolyte Foucque<\/strong>\u00a0est un critique litt\u00e9raire n\u00e9 \u00e0 Sainte-Marie le 15 mars 1887 et mort le 1er ao\u00fbt 1970 \u00e0 Saint-Denis. D&rsquo;abord professeur agr\u00e9g\u00e9 de lettres, il poursuit sa carri\u00e8re au service de l&rsquo;Education Nationale en tant que Proviseur, inspecteur puis vice-recteur de l&rsquo;acad\u00e9mie de La R\u00e9union.  Sp\u00e9cialiste de la po\u00e9sie r\u00e9unionnaise, il a \u00e9crit plusieurs textes et ouvrage sur Leconte de Lisle, Auguste Lacaussade et autres po\u00e8tes locaux.<\/p>\n\n\n\n<p class=\"has-medium-font-size\"> <em><strong><a rel=\"noreferrer noopener\" href=\"https:\/\/leboucan.fr\/images\/confacademie\/Foucque%20photos\/expo_foucque_2021-bassedef.pdf\" data-type=\"URL\" data-id=\"https:\/\/leboucan.fr\/images\/confacademie\/Foucque%20photos\/expo_foucque_2021-bassedef.pdf\" target=\"_blank\">L&rsquo;exposition Hippolyte Foucque : La passion d&rsquo;une \u00eele, l&rsquo;\u0153uvre d&rsquo;un ma\u00eetre<\/a><\/strong><\/em><\/p>\n","protected":false},"excerpt":{"rendered":"<p>La passion d&rsquo;une \u00eele, l&rsquo;\u0153uvre d&rsquo;un ma\u00eetre Hippolyte Foucque\u00a0est un critique litt\u00e9raire n\u00e9 \u00e0 Sainte-Marie le 15 mars 1887 et mort le 1er ao\u00fbt 1970 \u00e0 Saint-Denis. D&rsquo;abord professeur agr\u00e9g\u00e9 de lettres, il poursuit sa carri\u00e8re au service de l&rsquo;Education Nationale en tant que Proviseur, inspecteur puis vice-recteur de l&rsquo;acad\u00e9mie de La R\u00e9union. Sp\u00e9cialiste de [&hellip;]<\/p>\n","protected":false},"author":10149,"featured_media":0,"parent":0,"menu_order":0,"comment_status":"closed","ping_status":"closed","template":"","meta":{"_et_pb_use_builder":"off","_et_pb_old_content":"","_et_gb_content_width":"","footnotes":""},"class_list":["post-1333","page","type-page","status-publish","hentry"],"_links":{"self":[{"href":"https:\/\/etab.ac-reunion.fr\/clg-hippolyte-foucque\/index.php?rest_route=\/wp\/v2\/pages\/1333","targetHints":{"allow":["GET"]}}],"collection":[{"href":"https:\/\/etab.ac-reunion.fr\/clg-hippolyte-foucque\/index.php?rest_route=\/wp\/v2\/pages"}],"about":[{"href":"https:\/\/etab.ac-reunion.fr\/clg-hippolyte-foucque\/index.php?rest_route=\/wp\/v2\/types\/page"}],"author":[{"embeddable":true,"href":"https:\/\/etab.ac-reunion.fr\/clg-hippolyte-foucque\/index.php?rest_route=\/wp\/v2\/users\/10149"}],"replies":[{"embeddable":true,"href":"https:\/\/etab.ac-reunion.fr\/clg-hippolyte-foucque\/index.php?rest_route=%2Fwp%2Fv2%2Fcomments&post=1333"}],"version-history":[{"count":5,"href":"https:\/\/etab.ac-reunion.fr\/clg-hippolyte-foucque\/index.php?rest_route=\/wp\/v2\/pages\/1333\/revisions"}],"predecessor-version":[{"id":1338,"href":"https:\/\/etab.ac-reunion.fr\/clg-hippolyte-foucque\/index.php?rest_route=\/wp\/v2\/pages\/1333\/revisions\/1338"}],"wp:attachment":[{"href":"https:\/\/etab.ac-reunion.fr\/clg-hippolyte-foucque\/index.php?rest_route=%2Fwp%2Fv2%2Fmedia&parent=1333"}],"curies":[{"name":"wp","href":"https:\/\/api.w.org\/{rel}","templated":true}]}}