{"id":2856,"date":"2021-11-16T08:21:46","date_gmt":"2021-11-16T04:21:46","guid":{"rendered":"http:\/\/college-jean-desme.ac-reunion.fr\/?page_id=2856"},"modified":"2021-12-10T07:39:40","modified_gmt":"2021-12-10T03:39:40","slug":"charte-collegiens","status":"publish","type":"page","link":"https:\/\/etab.ac-reunion.fr\/clg-jean-desme\/le-college\/charte-collegiens\/","title":{"rendered":"Charte Coll\u00e9giens"},"content":{"rendered":"[et_pb_section fb_built=\u00a0\u00bb1&Prime; theme_builder_area=\u00a0\u00bbpost_content\u00a0\u00bb _builder_version=\u00a0\u00bb4.14.2&Prime; _module_preset=\u00a0\u00bbdefault\u00a0\u00bb title_text=\u00a0\u00bbCharte coll\u00e9gien\u00a0\u00bb background_image=\u00a0\u00bbhttps:\/\/etab.ac-reunion.fr\/clg-jean-desme\/wp-content\/uploads\/sites\/46\/2021\/12\/Charte-collegien-1.jpg\u00a0\u00bb hover_enabled=\u00a0\u00bb0&Prime; sticky_enabled=\u00a0\u00bb0&Prime; height=\u00a0\u00bb300px\u00a0\u00bb background_size=\u00a0\u00bbcontain\u00a0\u00bb][\/et_pb_section][et_pb_section fb_built=\u00a0\u00bb1&Prime; _builder_version=\u00a0\u00bb4.12.1&Prime; _module_preset=\u00a0\u00bbdefault\u00a0\u00bb box_shadow_style=\u00a0\u00bbpreset2&Prime; box_shadow_horizontal=\u00a0\u00bb20px\u00a0\u00bb box_shadow_vertical=\u00a0\u00bb20px\u00a0\u00bb box_shadow_blur=\u00a0\u00bb15px\u00a0\u00bb box_shadow_spread=\u00a0\u00bb-15px\u00a0\u00bb box_shadow_color=\u00a0\u00bbrgba(124,124,124,0.23)\u00a0\u00bb global_colors_info=\u00a0\u00bb{}\u00a0\u00bb][et_pb_row _builder_version=\u00a0\u00bb4.11.3&Prime; _module_preset=\u00a0\u00bbdefault\u00a0\u00bb global_colors_info=\u00a0\u00bb{}\u00a0\u00bb][et_pb_column type=\u00a0\u00bb4_4&Prime; _builder_version=\u00a0\u00bb4.11.3&Prime; _module_preset=\u00a0\u00bbdefault\u00a0\u00bb global_colors_info=\u00a0\u00bb{}\u00a0\u00bb][et_pb_text content_last_edited=\u00a0\u00bboff|phone\u00a0\u00bb _builder_version=\u00a0\u00bb4.13.0&Prime; _module_preset=\u00a0\u00bbdefault\u00a0\u00bb text_text_color=\u00a0\u00bb#c94300&Prime; text_font_size=\u00a0\u00bb30px\u00a0\u00bb text_line_height=\u00a0\u00bb1.2em\u00a0\u00bb min_height_tablet=\u00a0\u00bb\u00a0\u00bb min_height_phone=\u00a0\u00bb\u00a0\u00bb min_height_last_edited=\u00a0\u00bbon|phone\u00a0\u00bb custom_margin=\u00a0\u00bb||||false|false\u00a0\u00bb custom_margin_tablet=\u00a0\u00bb||||false|false\u00a0\u00bb custom_margin_phone=\u00a0\u00bb||||false|false\u00a0\u00bb custom_margin_last_edited=\u00a0\u00bbon|phone\u00a0\u00bb custom_padding=\u00a0\u00bb20px||||false|false\u00a0\u00bb custom_padding_phone=\u00a0\u00bb||||false|false\u00a0\u00bb custom_padding_last_edited=\u00a0\u00bboff|phone\u00a0\u00bb global_colors_info=\u00a0\u00bb{}\u00a0\u00bb]\n<p style=\"text-align: center\"><span style=\"color: #e00b00\">Charte Coll\u00e9giens<\/span><\/p>\n[\/et_pb_text][\/et_pb_column][\/et_pb_row][\/et_pb_section][et_pb_section fb_built=\u00a0\u00bb1&Prime; admin_label=\u00a0\u00bbBlog Section\u00a0\u00bb _builder_version=\u00a0\u00bb3.22&Prime; custom_padding=\u00a0\u00bb20px||10px|||\u00a0\u00bb global_colors_info=\u00a0\u00bb{}\u00a0\u00bb][et_pb_row _builder_version=\u00a0\u00bb4.13.1&Prime; _module_preset=\u00a0\u00bbdefault\u00a0\u00bb width=\u00a0\u00bb65%\u00a0\u00bb global_colors_info=\u00a0\u00bb{}\u00a0\u00bb][et_pb_column type=\u00a0\u00bb4_4&Prime; _builder_version=\u00a0\u00bb4.13.1&Prime; _module_preset=\u00a0\u00bbdefault\u00a0\u00bb global_colors_info=\u00a0\u00bb{}\u00a0\u00bb][et_pb_image src=\u00a0\u00bbhttps:\/\/etab.ac-reunion.fr\/clg-jean-desme\/wp-content\/uploads\/sites\/46\/2021\/11\/Charte-des-regles-de-civilite-des-collegiens_page-0001-e1637899901116.jpg\u00a0\u00bb title_text=\u00a0\u00bbCharte des r\u00e9gles de civilit\u00e9 des coll\u00e9giens_page-0001&Prime; _builder_version=\u00a0\u00bb4.14.1&Prime; _module_preset=\u00a0\u00bbdefault\u00a0\u00bb global_colors_info=\u00a0\u00bb{}\u00a0\u00bb][\/et_pb_image][\/et_pb_column][\/et_pb_row][\/et_pb_section]\n","protected":false},"excerpt":{"rendered":"<p>Charte Coll\u00e9giens<\/p>\n","protected":false},"author":30305,"featured_media":0,"parent":2840,"menu_order":3,"comment_status":"closed","ping_status":"closed","template":"","meta":{"_et_pb_use_builder":"on","_et_pb_old_content":"<!-- wp:divi\/placeholder \/-->","_et_gb_content_width":"","footnotes":""},"class_list":["post-2856","page","type-page","status-publish","hentry"],"_links":{"self":[{"href":"https:\/\/etab.ac-reunion.fr\/clg-jean-desme\/wp-json\/wp\/v2\/pages\/2856","targetHints":{"allow":["GET"]}}],"collection":[{"href":"https:\/\/etab.ac-reunion.fr\/clg-jean-desme\/wp-json\/wp\/v2\/pages"}],"about":[{"href":"https:\/\/etab.ac-reunion.fr\/clg-jean-desme\/wp-json\/wp\/v2\/types\/page"}],"author":[{"embeddable":true,"href":"https:\/\/etab.ac-reunion.fr\/clg-jean-desme\/wp-json\/wp\/v2\/users\/30305"}],"replies":[{"embeddable":true,"href":"https:\/\/etab.ac-reunion.fr\/clg-jean-desme\/wp-json\/wp\/v2\/comments?post=2856"}],"version-history":[{"count":16,"href":"https:\/\/etab.ac-reunion.fr\/clg-jean-desme\/wp-json\/wp\/v2\/pages\/2856\/revisions"}],"predecessor-version":[{"id":3495,"href":"https:\/\/etab.ac-reunion.fr\/clg-jean-desme\/wp-json\/wp\/v2\/pages\/2856\/revisions\/3495"}],"up":[{"embeddable":true,"href":"https:\/\/etab.ac-reunion.fr\/clg-jean-desme\/wp-json\/wp\/v2\/pages\/2840"}],"wp:attachment":[{"href":"https:\/\/etab.ac-reunion.fr\/clg-jean-desme\/wp-json\/wp\/v2\/media?parent=2856"}],"curies":[{"name":"wp","href":"https:\/\/api.w.org\/{rel}","templated":true}]}}

Charte Collégiens

[et_pb_section fb_built= »1&Prime; theme_builder_area= »post_content » _builder_version= »4.14.2&Prime; _module_preset= »default » title_text= »Charte collégien » background_image= »https://etab.ac-reunion.fr/clg-jean-desme/wp-content/uploads/sites/46/2021/12/Charte-collegien-1.jpg » hover_enabled= »0&Prime; sticky_enabled= »0&Prime; height= »300px » background_size= »contain »][/et_pb_section][et_pb_section fb_built= »1&Prime; _builder_version= »4.12.1&Prime; _module_preset= »default » box_shadow_style= »preset2&Prime; box_shadow_horizontal= »20px » box_shadow_vertical= »20px » box_shadow_blur= »15px » box_shadow_spread= »-15px » box_shadow_color= »rgba(124,124,124,0.23) » global_colors_info= »{} »][et_pb_row _builder_version= »4.11.3&Prime; _module_preset= »default » global_colors_info= »{} »][et_pb_column type= »4_4&Prime; _builder_version= »4.11.3&Prime; _module_preset= »default » global_colors_info= »{} »][et_pb_text content_last_edited= »off|phone » _builder_version= »4.13.0&Prime; _module_preset= »default » text_text_color= »#c94300&Prime; text_font_size= »30px » text_line_height= »1.2em » min_height_tablet= » » min_height_phone= » » min_height_last_edited= »on|phone » custom_margin= »||||false|false » custom_margin_tablet= »||||false|false » custom_margin_phone= »||||false|false » custom_margin_last_edited= »on|phone » custom_padding= »20px||||false|false » custom_padding_phone= »||||false|false » custom_padding_last_edited= »off|phone » global_colors_info= »{} »]
<p style="text-align: center"><span style="color: #e00b00">Charte Collégiens</span></p>
[/et_pb_text][/et_pb_column][/et_pb_row][/et_pb_section][et_pb_section fb_built= »1&Prime; admin_label= »Blog Section » _builder_version= »3.22&Prime; custom_padding= »20px||10px||| » global_colors_info= »{} »][et_pb_row _builder_version= »4.13.1&Prime; _module_preset= »default » width= »65% » global_colors_info= »{} »][et_pb_column type= »4_4&Prime; _builder_version= »4.13.1&Prime; _module_preset= »default » global_colors_info= »{} »][et_pb_image src= »https://etab.ac-reunion.fr/clg-jean-desme/wp-content/uploads/sites/46/2021/11/Charte-des-regles-de-civilite-des-collegiens_page-0001-e1637899901116.jpg » title_text= »Charte des régles de civilité des collégiens_page-0001&Prime; _builder_version= »4.14.1&Prime; _module_preset= »default » global_colors_info= »{} »][/et_pb_image][/et_pb_column][/et_pb_row][/et_pb_section]

<p>Charte Collégiens</p>
