{"id":1806,"date":"2018-06-01T17:48:15","date_gmt":"2018-06-01T13:48:15","guid":{"rendered":"http:\/\/college-jean-lafosse.ac-reunion.fr\/?page_id=1806"},"modified":"2019-09-04T07:44:49","modified_gmt":"2019-09-04T03:44:49","slug":"reglement-interieur","status":"publish","type":"page","link":"https:\/\/etab.ac-reunion.fr\/clg-jean-lafosse\/presentation\/reglement-interieur\/","title":{"rendered":"R\u00e8glement int\u00e9rieur"},"content":{"rendered":"<p style=\"text-align: center\">Veuillez trouver ci-dessous le lien vers le r\u00e8glement int\u00e9rieur du coll\u00e8ge.<\/p>\n<p style=\"text-align: center\"><a href=\"https:\/\/etab.ac-reunion.fr\/clg-jean-lafosse\/wp-content\/uploads\/sites\/101\/2019\/09\/R\u00c8GLEMENT-INTERIEUR-CLG-Jean-LAFOSSE.pdf\">R\u00c8GLEMENT INTERIEUR CLG Jean LAFOSSE<\/a><\/p>\n<p style=\"text-align: center\">L&rsquo;\u00e9quipe administrative<\/p>\n","protected":false},"excerpt":{"rendered":"<p>Veuillez trouver ci-dessous le lien vers le r\u00e8glement int\u00e9rieur du coll\u00e8ge. R\u00c8GLEMENT INTERIEUR CLG Jean LAFOSSE L&rsquo;\u00e9quipe administrative<\/p>\n<p> <a class=\"continue-reading-link\" href=\"https:\/\/etab.ac-reunion.fr\/clg-jean-lafosse\/presentation\/reglement-interieur\/\"><span>Lire la suite&#8230;<\/span><i class=\"crycon-right-dir\"><\/i><\/a> <\/p>\n","protected":false},"author":16543,"featured_media":0,"parent":14,"menu_order":0,"comment_status":"closed","ping_status":"closed","template":"","meta":{"footnotes":""},"class_list":["post-1806","page","type-page","status-publish","hentry"],"_links":{"self":[{"href":"https:\/\/etab.ac-reunion.fr\/clg-jean-lafosse\/wp-json\/wp\/v2\/pages\/1806","targetHints":{"allow":["GET"]}}],"collection":[{"href":"https:\/\/etab.ac-reunion.fr\/clg-jean-lafosse\/wp-json\/wp\/v2\/pages"}],"about":[{"href":"https:\/\/etab.ac-reunion.fr\/clg-jean-lafosse\/wp-json\/wp\/v2\/types\/page"}],"author":[{"embeddable":true,"href":"https:\/\/etab.ac-reunion.fr\/clg-jean-lafosse\/wp-json\/wp\/v2\/users\/16543"}],"replies":[{"embeddable":true,"href":"https:\/\/etab.ac-reunion.fr\/clg-jean-lafosse\/wp-json\/wp\/v2\/comments?post=1806"}],"version-history":[{"count":4,"href":"https:\/\/etab.ac-reunion.fr\/clg-jean-lafosse\/wp-json\/wp\/v2\/pages\/1806\/revisions"}],"predecessor-version":[{"id":2872,"href":"https:\/\/etab.ac-reunion.fr\/clg-jean-lafosse\/wp-json\/wp\/v2\/pages\/1806\/revisions\/2872"}],"up":[{"embeddable":true,"href":"https:\/\/etab.ac-reunion.fr\/clg-jean-lafosse\/wp-json\/wp\/v2\/pages\/14"}],"wp:attachment":[{"href":"https:\/\/etab.ac-reunion.fr\/clg-jean-lafosse\/wp-json\/wp\/v2\/media?parent=1806"}],"curies":[{"name":"wp","href":"https:\/\/api.w.org\/{rel}","templated":true}]}}