{"id":1810,"date":"2018-06-01T17:48:53","date_gmt":"2018-06-01T13:48:53","guid":{"rendered":"http:\/\/college-jean-lafosse.ac-reunion.fr\/?page_id=1810"},"modified":"2022-09-05T15:48:48","modified_gmt":"2022-09-05T11:48:48","slug":"organigramme","status":"publish","type":"page","link":"https:\/\/etab.ac-reunion.fr\/clg-jean-lafosse\/presentation\/organigramme\/","title":{"rendered":"Organigramme"},"content":{"rendered":"<p>Principal : M. Jean Fran\u00e7ois FAYS<\/p>\n<p>Principal adjoint : M. Pablo ZEPHIR<\/p>\n<p>Secr\u00e9tariat Direction : Mme Lolita LALOU<\/p>\n<p>Gestionnaire : Mme Jocelyne SERGENT<\/p>\n<p>Secr\u00e9tariat de Gestion : M. Toky RAZAFINDARAZAKA<\/p>\n<p>&nbsp;<\/p>\n","protected":false},"excerpt":{"rendered":"<p>Principal : M. Jean Fran\u00e7ois FAYS Principal adjoint : M. Pablo ZEPHIR Secr\u00e9tariat Direction : Mme Lolita LALOU Gestionnaire : Mme Jocelyne SERGENT Secr\u00e9tariat de Gestion : M. Toky RAZAFINDARAZAKA &nbsp;<\/p>\n<p> <a class=\"continue-reading-link\" href=\"https:\/\/etab.ac-reunion.fr\/clg-jean-lafosse\/presentation\/organigramme\/\"><span>Lire la suite&#8230;<\/span><i class=\"crycon-right-dir\"><\/i><\/a> <\/p>\n","protected":false},"author":4586,"featured_media":0,"parent":14,"menu_order":0,"comment_status":"closed","ping_status":"closed","template":"","meta":{"footnotes":""},"class_list":["post-1810","page","type-page","status-publish","hentry"],"_links":{"self":[{"href":"https:\/\/etab.ac-reunion.fr\/clg-jean-lafosse\/wp-json\/wp\/v2\/pages\/1810","targetHints":{"allow":["GET"]}}],"collection":[{"href":"https:\/\/etab.ac-reunion.fr\/clg-jean-lafosse\/wp-json\/wp\/v2\/pages"}],"about":[{"href":"https:\/\/etab.ac-reunion.fr\/clg-jean-lafosse\/wp-json\/wp\/v2\/types\/page"}],"author":[{"embeddable":true,"href":"https:\/\/etab.ac-reunion.fr\/clg-jean-lafosse\/wp-json\/wp\/v2\/users\/4586"}],"replies":[{"embeddable":true,"href":"https:\/\/etab.ac-reunion.fr\/clg-jean-lafosse\/wp-json\/wp\/v2\/comments?post=1810"}],"version-history":[{"count":5,"href":"https:\/\/etab.ac-reunion.fr\/clg-jean-lafosse\/wp-json\/wp\/v2\/pages\/1810\/revisions"}],"predecessor-version":[{"id":3847,"href":"https:\/\/etab.ac-reunion.fr\/clg-jean-lafosse\/wp-json\/wp\/v2\/pages\/1810\/revisions\/3847"}],"up":[{"embeddable":true,"href":"https:\/\/etab.ac-reunion.fr\/clg-jean-lafosse\/wp-json\/wp\/v2\/pages\/14"}],"wp:attachment":[{"href":"https:\/\/etab.ac-reunion.fr\/clg-jean-lafosse\/wp-json\/wp\/v2\/media?parent=1810"}],"curies":[{"name":"wp","href":"https:\/\/api.w.org\/{rel}","templated":true}]}}