{"id":91,"date":"2014-10-26T21:02:41","date_gmt":"2014-10-26T17:02:41","guid":{"rendered":"http:\/\/college-jean-lafosse.ac-reunion.fr\/?page_id=91"},"modified":"2017-11-15T01:15:05","modified_gmt":"2017-11-14T21:15:05","slug":"plan-dacces","status":"publish","type":"page","link":"https:\/\/etab.ac-reunion.fr\/clg-jean-lafosse\/informations\/plan-dacces\/","title":{"rendered":"Plan d&rsquo;acc\u00e8s"},"content":{"rendered":"<p><a href=\"https:\/\/etab.ac-reunion.fr\/clg-jean-lafosse\/wp-content\/uploads\/sites\/101\/2014\/11\/Plan-Acces.jpg\"><img loading=\"lazy\" decoding=\"async\" class=\"alignleft wp-image-191 \" src=\"https:\/\/etab.ac-reunion.fr\/clg-jean-lafosse\/wp-content\/uploads\/sites\/101\/2014\/11\/Plan-Acces.jpg\" alt=\"Plan-Acces\" width=\"430\" height=\"473\" srcset=\"https:\/\/etab.ac-reunion.fr\/clg-jean-lafosse\/wp-content\/uploads\/sites\/101\/2014\/11\/Plan-Acces.jpg 818w, https:\/\/etab.ac-reunion.fr\/clg-jean-lafosse\/wp-content\/uploads\/sites\/101\/2014\/11\/Plan-Acces-272x300.jpg 272w\" sizes=\"auto, (max-width: 430px) 100vw, 430px\" \/><\/a>Sur la RN1 reliant Saint-Denis et Saint-Pierre, prenez la sortie: \u00ab\u00a0Usine du Gol\u00a0\u00bb.<\/p>\n<p>Au rond-point, prenez la direction de la ville de Saint-Louis.<\/p>\n<p>Prenez ensuite la 1\u00e8re \u00e0 gauche (avenue Pasteur).<\/p>\n<p>Continuez tout droit jusqu&rsquo;\u00e0 trouver sur votre gauche la rue de Paris (juste apr\u00e8s un snack \u00e0 votre droite).<\/p>\n<p>Vous trouverez le coll\u00e8ge au bout de cette rue.<\/p>\n<p>Bienvenue!<\/p>\n","protected":false},"excerpt":{"rendered":"<p>Sur la RN1 reliant Saint-Denis et Saint-Pierre, prenez la sortie: \u00ab\u00a0Usine du Gol\u00a0\u00bb. Au rond-point, prenez la direction de la ville de Saint-Louis. Prenez ensuite la 1\u00e8re \u00e0 gauche (avenue Pasteur). Continuez tout droit jusqu&rsquo;\u00e0 trouver sur votre gauche la rue de Paris (juste apr\u00e8s un snack \u00e0 votre droite).\u2026<\/p>\n<p> <a class=\"continue-reading-link\" href=\"https:\/\/etab.ac-reunion.fr\/clg-jean-lafosse\/informations\/plan-dacces\/\"><span>Lire la suite&#8230;<\/span><i class=\"crycon-right-dir\"><\/i><\/a> <\/p>\n","protected":false},"author":3653,"featured_media":142,"parent":17,"menu_order":0,"comment_status":"closed","ping_status":"closed","template":"","meta":{"footnotes":""},"class_list":["post-91","page","type-page","status-publish","has-post-thumbnail","hentry"],"_links":{"self":[{"href":"https:\/\/etab.ac-reunion.fr\/clg-jean-lafosse\/wp-json\/wp\/v2\/pages\/91","targetHints":{"allow":["GET"]}}],"collection":[{"href":"https:\/\/etab.ac-reunion.fr\/clg-jean-lafosse\/wp-json\/wp\/v2\/pages"}],"about":[{"href":"https:\/\/etab.ac-reunion.fr\/clg-jean-lafosse\/wp-json\/wp\/v2\/types\/page"}],"author":[{"embeddable":true,"href":"https:\/\/etab.ac-reunion.fr\/clg-jean-lafosse\/wp-json\/wp\/v2\/users\/3653"}],"replies":[{"embeddable":true,"href":"https:\/\/etab.ac-reunion.fr\/clg-jean-lafosse\/wp-json\/wp\/v2\/comments?post=91"}],"version-history":[{"count":7,"href":"https:\/\/etab.ac-reunion.fr\/clg-jean-lafosse\/wp-json\/wp\/v2\/pages\/91\/revisions"}],"predecessor-version":[{"id":1384,"href":"https:\/\/etab.ac-reunion.fr\/clg-jean-lafosse\/wp-json\/wp\/v2\/pages\/91\/revisions\/1384"}],"up":[{"embeddable":true,"href":"https:\/\/etab.ac-reunion.fr\/clg-jean-lafosse\/wp-json\/wp\/v2\/pages\/17"}],"wp:featuredmedia":[{"embeddable":true,"href":"https:\/\/etab.ac-reunion.fr\/clg-jean-lafosse\/wp-json\/wp\/v2\/media\/142"}],"wp:attachment":[{"href":"https:\/\/etab.ac-reunion.fr\/clg-jean-lafosse\/wp-json\/wp\/v2\/media?parent=91"}],"curies":[{"name":"wp","href":"https:\/\/api.w.org\/{rel}","templated":true}]}}