{"id":121,"date":"2015-07-04T08:27:45","date_gmt":"2015-07-04T04:27:45","guid":{"rendered":"http:\/\/college-joseph-hubert-tmp.ac-reunion.fr\/?page_id=121"},"modified":"2015-07-05T16:05:18","modified_gmt":"2015-07-05T12:05:18","slug":"le-reglement-du-cdi","status":"publish","type":"page","link":"https:\/\/etab.ac-reunion.fr\/clg-joseph-hubert\/le-reglement-du-cdi\/","title":{"rendered":"Le r\u00e8glement du CDI"},"content":{"rendered":"<p align=\"center\"><span style=\"font-size: xx-large;color: #ff0000\">Le r\u00e8glement, c\u2019est le r\u00e8glement !<\/span><\/p>\n<div class=\"paragraph Body\" style=\"text-align: center\">Le r\u00e8glement du CDI, c\u2019est d\u2019abord et avant tout celui du coll\u00e8ge Joseph Hubert, lequel a pour objectif d\u2019apprendre \u00e0 nos \u00e9l\u00e8ves \u00e0 vivre en soci\u00e9t\u00e9, en citoyens responsables et libres, respectueux des autres et des biens collectifs.<\/div>\n<div class=\"paragraph Body\" style=\"text-align: center\"><\/div>\n<div class=\"paragraph Body\" style=\"text-align: center\"><\/div>\n<div class=\"paragraph Body\" style=\"text-align: center\">Quand vous arrivez au CDI, ne vous pr\u00e9cipitez pas, entrez avec calme et dignit\u00e9, comme on entre dans un lieu sacr\u00e9,<\/div>\n<div class=\"paragraph Body\" style=\"text-align: center\">Otez votre casquette ! Ici, seule la reine d\u2019Angleterre est autoris\u00e9e \u00e0 garder son chapeau (mais elle ne vient pas tr\u00e8s souvent&#8230; )<\/div>\n<div class=\"paragraph Body\" style=\"text-align: center\">Laissez sortir avant d\u2019entrer. C\u2019est comme dans le m\u00e9tro !<\/div>\n<div class=\"paragraph Body\" style=\"text-align: center\"><\/div>\n<div class=\"paragraph Body\" style=\"text-align: center\">Inscrivez-vous sur le cahier du CDI.<\/div>\n<div class=\"paragraph Body\" style=\"text-align: center\">Dans le courant de l\u2019heure, ne sortez jamais sans pr\u00e9venir le documentaliste.<\/div>\n<div class=\"paragraph Body\" style=\"text-align: center\"><\/div>\n<div class=\"paragraph Body\" style=\"text-align: center\">Posez vos sacs sur les \u00e9tag\u00e8res pr\u00e9vues \u00e0 cet effet et prenez avec vous ce dont vous avez besoin.<\/div>\n<div class=\"paragraph Body\" style=\"text-align: center\">Pas de t\u00e9l\u00e9phone portable, ni de lecteur de MP3 : les engins qui font driiiiing, pou\u00eate pou\u00eate ou \u00e9mettent des sons de po\u00eale \u00e0 frire ne sont pas autoris\u00e9s.<\/div>\n<div class=\"paragraph Body\" style=\"text-align: center\"><\/div>\n<div class=\"paragraph Body\" style=\"text-align: center\">Au CDI, vous pouvez venir pour lire, faire vos devoirs, faire une recherche documentaire&#8230; Il vous arrivera aussi parfois d\u2019avoir envie de discuter avec les copains, ou simplement de vous reposer sans rien faire du tout&#8230;<\/div>\n<div class=\"paragraph Body\" style=\"text-align: center\">Pas de probl\u00e8me, mais ne g\u00eanez pas les autres.<\/div>\n<div class=\"paragraph Body\" style=\"text-align: center\">Ne parlez pas trop fort, ne faites pas trop les fous, et si vous vous d\u00e9placez, faites-le sans courir.<\/div>\n<div class=\"paragraph Body\" style=\"text-align: center\">On ne court pas dans les biblioth\u00e8ques, c\u2019est mauvais pour la sant\u00e9.<\/div>\n<div class=\"paragraph Body\" style=\"text-align: center\"><\/div>\n<div class=\"paragraph Body\" style=\"text-align: center\">Manipulez les documents du CDI avec d\u00e9licatesse. Tournez les pages sans les froisser, d\u00e9vorez les livres mais ne les mangez pas. Ne tordez pas les revues.<\/div>\n<div class=\"paragraph Body\" style=\"text-align: center\">Consid\u00e9rez les documents comme des \u00eatres vivants qu\u2019il convient de ne pas faire souffrir.<\/div>\n<div class=\"paragraph Body\" style=\"text-align: center\">Lorsque vous avez termin\u00e9 votre lecture, rangez le document l\u00e0 o\u00f9 il doit se trouver. Si c\u2019est un livre, rangez le bien droit, cote en bas et dos visible.<\/div>\n<div class=\"paragraph Body\"><a href=\"https:\/\/etab.ac-reunion.fr\/clg-joseph-hubert\/wp-content\/uploads\/sites\/65\/2015\/07\/cdi11.gif\"><img loading=\"lazy\" decoding=\"async\" class=\"aligncenter  wp-image-117\" src=\"https:\/\/etab.ac-reunion.fr\/clg-joseph-hubert\/wp-content\/uploads\/sites\/65\/2015\/07\/cdi11-150x150.gif\" alt=\"cdi1\" width=\"170\" height=\"170\" srcset=\"https:\/\/etab.ac-reunion.fr\/clg-joseph-hubert\/wp-content\/uploads\/sites\/65\/2015\/07\/cdi11-150x150.gif 150w, https:\/\/etab.ac-reunion.fr\/clg-joseph-hubert\/wp-content\/uploads\/sites\/65\/2015\/07\/cdi11-178x178.gif 178w, https:\/\/etab.ac-reunion.fr\/clg-joseph-hubert\/wp-content\/uploads\/sites\/65\/2015\/07\/cdi11-184x184.gif 184w\" sizes=\"auto, (max-width: 170px) 100vw, 170px\" \/><\/a><\/p>\n<div class=\"paragraph Body\">\n<div class=\"paragraph Body\" style=\"text-align: center\">Si vous ne vous rappelez plus comment \u00e7a marche, demandez au documentaliste de vous aidez ou de le faire pour vous \u00a0: un document mal rang\u00e9 est un document perdu.<\/div>\n<div class=\"paragraph Body\" style=\"text-align: center\"><\/div>\n<div class=\"paragraph Body\" style=\"text-align: center\">Vous pouvez emprunter les documents du CDI pour les emporter chez vous, mais vous devez d\u2019abord faire enregistrer le pr\u00eat au bureau du documentaliste. \u00a0Ne sortez jamais un document du CDI sans \u00eatre d\u2019abord pass\u00e9 au bureau pour enregistrer le pr\u00eat. Rapporter les documents \u00e0 la date indiqu\u00e9e. Prenez-en grand soin, \u00e0 la maison comme au CDI.<\/div>\n<div class=\"paragraph Body\" style=\"text-align: center\">Ne laissez pas votre petit fr\u00e8re s\u2019approcher du livre que vous avez emprunt\u00e9 avec ses doigts pleins de confiture.<\/div>\n<div class=\"paragraph Body\" style=\"text-align: center\"><\/div>\n<div class=\"paragraph Body\" style=\"text-align: center\">Si vous voulez utiliser un ordinateur du CDI, vous devez d\u2019abord demander la permission.<\/div>\n<div class=\"paragraph Body\" style=\"text-align: center\">Soyez pr\u00e9cis dans votre demande.<\/div>\n<div class=\"paragraph Body\" style=\"text-align: center\">Si vous ne savez pas ce que vous allez faire, on vous r\u00e9pondra non.<\/div>\n<div class=\"paragraph Body\" style=\"text-align: center\">Dites ce que vous allez faire&#8230;<\/div>\n<div class=\"paragraph Body\" style=\"text-align: center\">Et faites ce que vous avez dit.<\/div>\n<div class=\"paragraph Body\" style=\"text-align: center\">Si le documentaliste vous surprend \u00e0 contempler le scooter de vos r\u00eaves sur internet alors que vous aviez pr\u00e9tendu que vous d\u00e9siriez regarder un site sur l\u2019Antiquit\u00e9 \u00e9gyptienne, il poussera son cri qui tue (celui qui l\u2019a rendu c\u00e9l\u00e8bre dans le monde entier&#8230;).<\/div>\n<div class=\"paragraph Body\">\n<div class=\"paragraph Body\" style=\"text-align: center\">L\u2019usage des cl\u00e9s USB et autres outils de sauvegarde personnels est strictement interdit.<\/div>\n<div class=\"paragraph Body\" style=\"text-align: center\">Les impressions sont r\u00e9serv\u00e9es aux enseignants accompagn\u00e9s de leurs \u00e9l\u00e8ves.<\/div>\n<div class=\"paragraph Body\" style=\"text-align: center\">Respectez le mat\u00e9riel informatique du CDI.<\/div>\n<div class=\"paragraph Body\" style=\"text-align: center\"><\/div>\n<div class=\"paragraph Body\" style=\"text-align: center\">Quand retentit la stridente sonnerie qui marque la fin de l\u2019heure :<\/div>\n<div class=\"paragraph Body\" style=\"text-align: center\">Ne vous ruez pas sur votre sac tel un avant-centre d\u2019une \u00e9quipe de rugby lors d\u2019un tournoi des cinq nations d\u00e9sireux de marquer un essai.<\/div>\n<div class=\"paragraph Body\" style=\"text-align: center\">Levez-vous avec calme. Repoussez votre chaise contre la table. N\u2019oubliez pas vos affaires.<br \/>\nMettez \u00e0 la poubelle les papiers et autres brouillons dont vous n\u2019avez plus besoin.<\/div>\n<div class=\"paragraph Body\" style=\"text-align: center\">Nettoyez la table si besoin.<\/div>\n<div class=\"paragraph Body\" style=\"text-align: center\">Dirigez-vous vers votre sac sans bousculer les autres et sortez t\u00eate haute, avec gr\u00e2ce et souplesse.<\/div>\n<\/div>\n<\/div>\n<\/div>\n","protected":false},"excerpt":{"rendered":"<p>Le r\u00e8glement, c\u2019est le r\u00e8glement ! Le r\u00e8glement du CDI, c\u2019est d\u2019abord et avant tout celui du coll\u00e8ge Joseph Hubert, lequel a pour objectif d\u2019apprendre \u00e0 nos \u00e9l\u00e8ves \u00e0 vivre en soci\u00e9t\u00e9, en citoyens responsables et libres, respectueux des autres&#8230;<\/p>\n<p class=\"continue-reading-button\"> <a class=\"continue-reading-link\" href=\"https:\/\/etab.ac-reunion.fr\/clg-joseph-hubert\/le-reglement-du-cdi\/\">Lire la suite<i class=\"crycon-right-dir\"><\/i><\/a><\/p>\n","protected":false},"author":3822,"featured_media":0,"parent":0,"menu_order":0,"comment_status":"closed","ping_status":"closed","template":"","meta":{"footnotes":""},"class_list":["post-121","page","type-page","status-publish","hentry"],"_links":{"self":[{"href":"https:\/\/etab.ac-reunion.fr\/clg-joseph-hubert\/wp-json\/wp\/v2\/pages\/121","targetHints":{"allow":["GET"]}}],"collection":[{"href":"https:\/\/etab.ac-reunion.fr\/clg-joseph-hubert\/wp-json\/wp\/v2\/pages"}],"about":[{"href":"https:\/\/etab.ac-reunion.fr\/clg-joseph-hubert\/wp-json\/wp\/v2\/types\/page"}],"author":[{"embeddable":true,"href":"https:\/\/etab.ac-reunion.fr\/clg-joseph-hubert\/wp-json\/wp\/v2\/users\/3822"}],"replies":[{"embeddable":true,"href":"https:\/\/etab.ac-reunion.fr\/clg-joseph-hubert\/wp-json\/wp\/v2\/comments?post=121"}],"version-history":[{"count":4,"href":"https:\/\/etab.ac-reunion.fr\/clg-joseph-hubert\/wp-json\/wp\/v2\/pages\/121\/revisions"}],"predecessor-version":[{"id":172,"href":"https:\/\/etab.ac-reunion.fr\/clg-joseph-hubert\/wp-json\/wp\/v2\/pages\/121\/revisions\/172"}],"wp:attachment":[{"href":"https:\/\/etab.ac-reunion.fr\/clg-joseph-hubert\/wp-json\/wp\/v2\/media?parent=121"}],"curies":[{"name":"wp","href":"https:\/\/api.w.org\/{rel}","templated":true}]}}