{"id":1281,"date":"2018-08-19T10:16:18","date_gmt":"2018-08-19T06:16:18","guid":{"rendered":"http:\/\/college-joseph-hubert.ac-reunion.fr\/?page_id=1281"},"modified":"2019-03-01T12:34:01","modified_gmt":"2019-03-01T08:34:01","slug":"ka2-2017-1-fr01-ka219-037319_1-un-potager-et-une-cuisine-a-partager-pour-effacer-la-distance-et-la-difference","status":"publish","type":"page","link":"https:\/\/etab.ac-reunion.fr\/clg-joseph-hubert\/ka2-2017-1-fr01-ka219-037319_1-un-potager-et-une-cuisine-a-partager-pour-effacer-la-distance-et-la-difference\/","title":{"rendered":"KA2- 2017-1-FR01-KA219-037319_1 : Un potager et une cuisine \u00e0 partager pour effacer la distance et la diff\u00e9rence !"},"content":{"rendered":"<h3 style=\"text-align: center\">Le premier KA2 du coll\u00e8ge !<\/h3>\n<h3><\/h3>\n<h3>Ce projet permettra d&rsquo;aider dans leurs difficult\u00e9s des \u00e9l\u00e8ves en situation de handicap et\/ou de milieux d\u00e9favoris\u00e9s, par des activit\u00e9s innovantes et valorisantes. En effet, les \u00e9l\u00e8ves R\u00e9unionnais porteurs de handicaps transmettront leurs comp\u00e9tences en jardinage \u00e0 leurs partenaires Italiens, tout en travaillant leurs comp\u00e9tences en langue fran\u00e7aise (langue de communication du projet). Dans un contexte cr\u00e9olophone ce travail autour de la langue fran\u00e7aise permettra aux \u00e9l\u00e8ves l&rsquo;acquisition de comp\u00e9tences linguistiques n\u00e9cessaires \u00e0 une meilleure inclusion sociale et professionnelle et d&rsquo;ouverture \u00e0 des perspectives d&rsquo;entr\u00e9e dans le monde du travail fran\u00e7ais.<\/h3>\n<h3><\/h3>\n<h3>L&rsquo;innovation du projet est que les \u00e9l\u00e8ves porteurs de handicaps sont plac\u00e9s comme \u00e9tant les acteurs qualifi\u00e9s qui apportent des comp\u00e9tences ( savoir jardiner, conna\u00eetre les v\u00e9g\u00e9taux, savoir cuisiner, ma\u00eetriser les comp\u00e9tences de bases en langue fran\u00e7aise&#8230;) \u00e0 leurs partenaires Italiens, qui n&rsquo;ont pas encore de potager dans leur \u00e9cole et qui sont apprenants pour la langue fran\u00e7aise. Les \u00e9l\u00e8ves cr\u00e9eront de mani\u00e8re collaborative avec leurs partenaires un menu innovant et cr\u00e9atif m\u00ealant nos deux cultures et le respect des v\u00e9g\u00e9tations locales ( d\u00e9veloppement durable), en d\u00e9veloppant le savoir vivre ensemble, l&rsquo;acceptation de la diff\u00e9rence, l&rsquo;ouverture au monde et \u00e0 la diversit\u00e9 et le plaisir d&rsquo;apprendre en s&rsquo;amusant.<\/h3>\n<h3><\/h3>\n<h3>Les comp\u00e9tences transversales et p\u00e9dagogiques seront travaill\u00e9es tout au long du projet, au travers les activit\u00e9s collaboratives men\u00e9es dans le Twinspace, en amont et en aval des activit\u00e9s qui seront men\u00e9es lors des deux mobilit\u00e9s, en Italie et \u00e0 la R\u00e9union.<\/h3>\n<h3><\/h3>\n<h3>Les \u00e9l\u00e8ves de l&rsquo;ULIS ont r\u00e9alis\u00e9 cette vid\u00e9o pour pr\u00e9senter \u00e0 leurs partenaires Italiens, les \u00e9l\u00e8ves du coll\u00e8ge de Minervino Murge, dans les Pouilles, au Sud de l&rsquo;Italie, les gites o\u00f9 ils logeront pendant leur mobilit\u00e9 \u00e0 l&rsquo;Ile de la R\u00e9union, en d\u00e9cembre 2017.<\/h3>\n<h3 style=\"text-align: center\"><\/h3>\n<p><iframe loading=\"lazy\" width=\"900\" height=\"506\" src=\"https:\/\/www.youtube.com\/embed\/6Luy0WUdI7E?feature=oembed\" frameborder=\"0\" allow=\"accelerometer; autoplay; encrypted-media; gyroscope; picture-in-picture\" allowfullscreen><\/iframe><\/p>\n<h3><\/h3>\n<h3>Les trois vid\u00e9os suivantes pr\u00e9sentent les \u00e9l\u00e8ves de l&rsquo;ULIS qui apprennent l&rsquo;Italien !!!<\/h3>\n<h3 style=\"text-align: center\"><\/h3>\n<p><iframe loading=\"lazy\" width=\"900\" height=\"506\" src=\"https:\/\/www.youtube.com\/embed\/KFCrg-dY8aQ?feature=oembed\" frameborder=\"0\" allow=\"accelerometer; autoplay; encrypted-media; gyroscope; picture-in-picture\" allowfullscreen><\/iframe><\/p>\n<p>&nbsp;<\/p>\n<p><iframe loading=\"lazy\" width=\"900\" height=\"506\" src=\"https:\/\/www.youtube.com\/embed\/b-7vC1T4rl8?feature=oembed\" frameborder=\"0\" allow=\"accelerometer; autoplay; encrypted-media; gyroscope; picture-in-picture\" allowfullscreen><\/iframe><\/p>\n<p><iframe loading=\"lazy\" width=\"900\" height=\"506\" src=\"https:\/\/www.youtube.com\/embed\/P255dXy2ifk?feature=oembed\" frameborder=\"0\" allow=\"accelerometer; autoplay; encrypted-media; gyroscope; picture-in-picture\" allowfullscreen><\/iframe><\/p>\n<h3><\/h3>\n<h3>Les vid\u00e9os suivantes vous montrent le bonheur de communiquer avec nos partenaires Italiens lors des sessions de \u00ab\u00a0live\u00a0\u00bb, visioconf\u00e9rences g\u00e9r\u00e9es par notre plateforme eTwinning, le Twinspace, nous sommes avec nos amis de l&rsquo;UE du coll\u00e8ge qui font \u00e9galement partie de ce projet !<\/h3>\n<p><iframe loading=\"lazy\" width=\"900\" height=\"506\" src=\"https:\/\/www.youtube.com\/embed\/8GEw9m2BPXQ?feature=oembed\" frameborder=\"0\" allow=\"accelerometer; autoplay; encrypted-media; gyroscope; picture-in-picture\" allowfullscreen><\/iframe><\/p>\n<p><iframe loading=\"lazy\" width=\"900\" height=\"506\" src=\"https:\/\/www.youtube.com\/embed\/x7jM2CzpUyA?feature=oembed\" frameborder=\"0\" allow=\"accelerometer; autoplay; encrypted-media; gyroscope; picture-in-picture\" allowfullscreen><\/iframe><\/p>\n<p><iframe loading=\"lazy\" width=\"900\" height=\"506\" src=\"https:\/\/www.youtube.com\/embed\/JTY1-WrUoqI?feature=oembed\" frameborder=\"0\" allow=\"accelerometer; autoplay; encrypted-media; gyroscope; picture-in-picture\" allowfullscreen><\/iframe><\/p>\n<h3>Nous pr\u00e9parons des recettes pour nos partenaires, afin qu&rsquo;ils s&rsquo;habituent \u00e0 nos fruits, l\u00e9gumes, et apprennent le vocabulaire li\u00e9 \u00e0 la cuisine avant de venir r\u00e9aliser des activit\u00e9s avec nous !<\/h3>\n<p><iframe loading=\"lazy\" width=\"900\" height=\"506\" src=\"https:\/\/www.youtube.com\/embed\/cjjdtUfLz14?feature=oembed\" frameborder=\"0\" allow=\"accelerometer; autoplay; encrypted-media; gyroscope; picture-in-picture\" allowfullscreen><\/iframe><\/p>\n<p><iframe loading=\"lazy\" width=\"900\" height=\"506\" src=\"https:\/\/www.youtube.com\/embed\/gabUY8CT-ZA?feature=oembed\" frameborder=\"0\" allow=\"accelerometer; autoplay; encrypted-media; gyroscope; picture-in-picture\" allowfullscreen><\/iframe><\/p>\n<p><iframe loading=\"lazy\" width=\"900\" height=\"506\" src=\"https:\/\/www.youtube.com\/embed\/KbJ03hpRR7E?feature=oembed\" frameborder=\"0\" allow=\"accelerometer; autoplay; encrypted-media; gyroscope; picture-in-picture\" allowfullscreen><\/iframe><\/p>\n<h3>et un petit aper\u00e7u de la langue des signes!!!<\/h3>\n<p><iframe loading=\"lazy\" width=\"900\" height=\"506\" src=\"https:\/\/www.youtube.com\/embed\/zJA_-jg9m20?feature=oembed\" frameborder=\"0\" allow=\"accelerometer; autoplay; encrypted-media; gyroscope; picture-in-picture\" allowfullscreen><\/iframe><\/p>\n<h3><\/h3>\n<h3>Nous sommes aussi all\u00e9s au march\u00e9 forain de Saint Joseph, le vendredi matin, avec nos amis de l&rsquo;UE, afin de faire d\u00e9couvrir \u00e0 nos partenaires notre v\u00e9g\u00e9tation locale, nos coutumes, et notre nourriture! Les \u00e9l\u00e8ves apprennent ainsi \u00e0 faire leurs courses ( ils ont un carnet sur lequel les familles notent les commandes!) et \u00e0 manipuler les euros.<\/h3>\n<p><iframe loading=\"lazy\" width=\"900\" height=\"506\" src=\"https:\/\/www.youtube.com\/embed\/-owrFo9xY00?feature=oembed\" frameborder=\"0\" allow=\"accelerometer; autoplay; encrypted-media; gyroscope; picture-in-picture\" allowfullscreen><\/iframe><\/p>\n<p><iframe loading=\"lazy\" width=\"900\" height=\"506\" src=\"https:\/\/www.youtube.com\/embed\/YclpjamC4MU?feature=oembed\" frameborder=\"0\" allow=\"accelerometer; autoplay; encrypted-media; gyroscope; picture-in-picture\" allowfullscreen><\/iframe><\/p>\n<h3><\/h3>\n<h3>Et voici les vid\u00e9os qui traitent de la mobilit\u00e9 des amis Italiens, qui sont venus chez nous du 29 novembre au 5 d\u00e9cembre 2017, pour cette premi\u00e8re phase de notre KA2, nous leur avons pr\u00e9par\u00e9 des activit\u00e9s :<\/h3>\n<p><iframe loading=\"lazy\" class=\"wp-embedded-content\" sandbox=\"allow-scripts\" security=\"restricted\" src=\"\/\/v.calameo.com\/?bkcode=00483435186a13877a6ab#?secret=Gzzn8vt4H0\" data-secret=\"Gzzn8vt4H0\" width=\"2829\" height=\"1000\" frameborder=\"0\" scrolling=\"no\"><\/iframe><\/p>\n<h3>\u00a0Voici jour apr\u00e8s jour ce que nous avons v\u00e9cu pendant cette merveilleuse mobilit\u00e9 :<\/h3>\n<h3>Jour 1 : L&rsquo;arriv\u00e9e des italiens le 29 novembre 2017 !<\/h3>\n<p><iframe loading=\"lazy\" width=\"900\" height=\"506\" src=\"https:\/\/www.youtube.com\/embed\/_HKAyZyyE70?feature=oembed\" frameborder=\"0\" allow=\"accelerometer; autoplay; encrypted-media; gyroscope; picture-in-picture\" allowfullscreen><\/iframe><\/p>\n<h3>Jour 2 :\u00a0\u00a0Une vid\u00e9o cr\u00e9e en collaboration !<br \/>\nLes El\u00e8ves de la R\u00e9union ont r\u00e9alis\u00e9 le montage video, et les El\u00e8ves Italiens ont envoy\u00e9 leurs enregistrements audio !<br \/>\nUn beau travail, tous ensemble et ce, malgr\u00e9 la distance !<\/h3>\n<p>&nbsp;<\/p>\n<p><iframe loading=\"lazy\" width=\"900\" height=\"506\" src=\"https:\/\/www.youtube.com\/embed\/eQATd4_wXXo?feature=oembed\" frameborder=\"0\" allow=\"accelerometer; autoplay; encrypted-media; gyroscope; picture-in-picture\" allowfullscreen><\/iframe><\/p>\n<p>&nbsp;<\/p>\n<h3>Jour 3 :<\/h3>\n<p><script>document.addEventListener('DOMContentLoaded', function() {(tarteaucitron.job = tarteaucitron.job || []).push('youtube');});<\/script><\/p>\n<div class=\"youtube_player\" videoID=\"gFCjTu7kBx4\" width=\"100%\" height=\"100%\" style=\"height:50vw\" theme=\"light\" rel=\"0\" controls=\"1\" showinfo=\"1\" autoplay=\"0\"><\/div>\n<h3>Jour 4 :<\/h3>\n<p><script>document.addEventListener('DOMContentLoaded', function() {(tarteaucitron.job = tarteaucitron.job || []).push('youtube');});<\/script><\/p>\n<div class=\"youtube_player\" videoID=\"wYFKNDLV44I\" width=\"100%\" height=\"100%\" style=\"height:50vw\" theme=\"light\" rel=\"0\" controls=\"1\" showinfo=\"1\" autoplay=\"0\"><\/div>\n<h3>Jour 5 :<\/h3>\n<p><script>document.addEventListener('DOMContentLoaded', function() {(tarteaucitron.job = tarteaucitron.job || []).push('youtube');});<\/script><\/p>\n<div class=\"youtube_player\" videoID=\"bgu0Sc_4xL0\" width=\"100%\" height=\"100%\" style=\"height:50vw\" theme=\"light\" rel=\"0\" controls=\"1\" showinfo=\"1\" autoplay=\"0\"><\/div>\n<h3><\/h3>\n<h3>Jour 6 :<\/h3>\n<p><script>document.addEventListener('DOMContentLoaded', function() {(tarteaucitron.job = tarteaucitron.job || []).push('youtube');});<\/script><\/p>\n<div class=\"youtube_player\" videoID=\"d-jPBaG7CMQ\" width=\"100%\" height=\"100%\" style=\"height:50vw\" theme=\"light\" rel=\"0\" controls=\"1\" showinfo=\"1\" autoplay=\"0\"><\/div>\n<h3><\/h3>\n<h3>Jour 7 :<\/h3>\n<p><script>document.addEventListener('DOMContentLoaded', function() {(tarteaucitron.job = tarteaucitron.job || []).push('youtube');});<\/script><\/p>\n<div class=\"youtube_player\" videoID=\"5Sm2nrJr7KY\" width=\"100%\" height=\"100%\" style=\"height:50vw\" theme=\"light\" rel=\"0\" controls=\"1\" showinfo=\"1\" autoplay=\"0\"><\/div>\n<p><script>document.addEventListener('DOMContentLoaded', function() {(tarteaucitron.job = tarteaucitron.job || []).push('youtube');});<\/script><\/p>\n<div class=\"youtube_player\" videoID=\"aDd6GIFjifo\" width=\"100%\" height=\"100%\" style=\"height:50vw\" theme=\"light\" rel=\"0\" controls=\"1\" showinfo=\"1\" autoplay=\"0\"><\/div>\n<p><script>document.addEventListener('DOMContentLoaded', function() {(tarteaucitron.job = tarteaucitron.job || []).push('youtube');});<\/script><\/p>\n<div class=\"youtube_player\" videoID=\"YIPAHBYvFkw\" width=\"100%\" height=\"100%\" style=\"height:50vw\" theme=\"light\" rel=\"0\" controls=\"1\" showinfo=\"1\" autoplay=\"0\"><\/div>\n<h3>\u00a0Un peu de po\u00e9sie<\/h3>\n<p style=\"text-align: center\"><a href=\"https:\/\/spark.adobe.com\/video\/C6FbyQODd9FMM\">cliquer ici pour visualiser<\/a><\/p>\n<p>&nbsp;<\/p>\n<p>&nbsp;<\/p>\n<h3>Et voici les vid\u00e9os du potager !<\/h3>\n<p><script>document.addEventListener('DOMContentLoaded', function() {(tarteaucitron.job = tarteaucitron.job || []).push('youtube');});<\/script><\/p>\n<div class=\"youtube_player\" videoID=\"VdzOY3UqKvA\" width=\"100%\" height=\"100%\" style=\"height:50vw\" theme=\"light\" rel=\"0\" controls=\"1\" showinfo=\"1\" autoplay=\"0\"><\/div>\n<p><script>document.addEventListener('DOMContentLoaded', function() {(tarteaucitron.job = tarteaucitron.job || []).push('youtube');});<\/script><\/p>\n<div class=\"youtube_player\" videoID=\"sFpacxsDEaE\" width=\"100%\" height=\"100%\" style=\"height:50vw\" theme=\"light\" rel=\"0\" controls=\"1\" showinfo=\"1\" autoplay=\"0\"><\/div>\n<h3><\/h3>\n<h3>Maintenant \u00e0 notre tour d&rsquo;aller en Italie pour r\u00e9aliser des activit\u00e9s ! D\u00e9part le jeudi 26 avril 2018. Voici le programme des activit\u00e9s que nous ferons sur place !<\/h3>\n<p>&nbsp;<\/p>\n<p><iframe loading=\"lazy\" class=\"wp-embedded-content\" sandbox=\"allow-scripts\" security=\"restricted\" src=\"\/\/v.calameo.com\/?bkcode=004834351edfc231b0d5e#?secret=WJZ8xqgFrz\" data-secret=\"WJZ8xqgFrz\" width=\"1413\" height=\"1000\" frameborder=\"0\" scrolling=\"no\"><\/iframe><\/p>\n<p>&nbsp;<\/p>\n<h3><span style=\"color: #0000ff\">Voyage Aller : D\u00e9part le 26 avril<\/span><\/h3>\n<p><script>document.addEventListener('DOMContentLoaded', function() {(tarteaucitron.job = tarteaucitron.job || []).push('youtube');});<\/script><\/p>\n<div class=\"youtube_player\" videoID=\"Wdimcuzzp_Q\" width=\"100%\" height=\"100%\" style=\"height:50vw\" theme=\"light\" rel=\"0\" controls=\"1\" showinfo=\"1\" autoplay=\"0\"><\/div>\n<p>&nbsp;<\/p>\n<h3>Une vid\u00e9o faite par nos amis Italiens !<\/h3>\n<h3><\/h3>\n<p><script>document.addEventListener('DOMContentLoaded', function() {(tarteaucitron.job = tarteaucitron.job || []).push('youtube');});<\/script><\/p>\n<div class=\"youtube_player\" videoID=\"qyFisbwBpI8\" width=\"100%\" height=\"100%\" style=\"height:50vw\" theme=\"light\" rel=\"0\" controls=\"1\" showinfo=\"1\" autoplay=\"0\"><\/div>\n<h3><span style=\"color: #0000ff\"><strong><em>-Le 27 avril :<\/em><\/strong><\/span><\/h3>\n<h3>Soir\u00e9e d&rsquo;arriv\u00e9e en Italie :<\/h3>\n<p><script>document.addEventListener('DOMContentLoaded', function() {(tarteaucitron.job = tarteaucitron.job || []).push('youtube');});<\/script><\/p>\n<div class=\"youtube_player\" videoID=\"F8UdjguxU0Y\" width=\"100%\" height=\"100%\" style=\"height:50vw\" theme=\"light\" rel=\"0\" controls=\"1\" showinfo=\"1\" autoplay=\"0\"><\/div>\n<p>&nbsp;<\/p>\n<p><script>document.addEventListener('DOMContentLoaded', function() {(tarteaucitron.job = tarteaucitron.job || []).push('youtube');});<\/script><\/p>\n<div class=\"youtube_player\" videoID=\"T4Zou2OAY-Y\" width=\"100%\" height=\"100%\" style=\"height:50vw\" theme=\"light\" rel=\"0\" controls=\"1\" showinfo=\"1\" autoplay=\"0\"><\/div>\n<p>&nbsp;<\/p>\n<h3><span style=\"color: #0000ff\"><strong><em>&#8211; le 28 avril :<\/em><\/strong><\/span><\/h3>\n<h3>L&rsquo;accueil au coll\u00e8ge Italien<\/h3>\n<h3>Quelle g\u00e9n\u00e9rosit\u00e9, quelle ambiance ! Que d&rsquo;\u00e9motions !!!<\/h3>\n<p><script>document.addEventListener('DOMContentLoaded', function() {(tarteaucitron.job = tarteaucitron.job || []).push('youtube');});<\/script><\/p>\n<div class=\"youtube_player\" videoID=\"qHYHZUsCn98\" width=\"100%\" height=\"100%\" style=\"height:50vw\" theme=\"light\" rel=\"0\" controls=\"1\" showinfo=\"1\" autoplay=\"0\"><\/div>\n<h3><\/h3>\n<p>&nbsp;<\/p>\n<h3>les ateliers \u00e0 l&rsquo;\u00e9cole Italienne<\/h3>\n<p><script>document.addEventListener('DOMContentLoaded', function() {(tarteaucitron.job = tarteaucitron.job || []).push('youtube');});<\/script><\/p>\n<div class=\"youtube_player\" videoID=\"58cXVOX459k\" width=\"100%\" height=\"100%\" style=\"height:50vw\" theme=\"light\" rel=\"0\" controls=\"1\" showinfo=\"1\" autoplay=\"0\"><\/div>\n<p>&nbsp;<\/p>\n<h3>le soir accueil par la Maire de la ville !<\/h3>\n<p><script>document.addEventListener('DOMContentLoaded', function() {(tarteaucitron.job = tarteaucitron.job || []).push('youtube');});<\/script><\/p>\n<div class=\"youtube_player\" videoID=\"IgrMxnrhZCo\" width=\"100%\" height=\"100%\" style=\"height:50vw\" theme=\"light\" rel=\"0\" controls=\"1\" showinfo=\"1\" autoplay=\"0\"><\/div>\n<h3><span style=\"color: #0000ff\"><em><strong>&#8211; le 29 avril :<\/strong><\/em><\/span><\/h3>\n<h3>Visite du Territoire, oliviers, amandes&#8230;.et gastronomie!<\/h3>\n<p><script>document.addEventListener('DOMContentLoaded', function() {(tarteaucitron.job = tarteaucitron.job || []).push('youtube');});<\/script><\/p>\n<div class=\"youtube_player\" videoID=\"U25uRamXxYw\" width=\"100%\" height=\"100%\" style=\"height:50vw\" theme=\"light\" rel=\"0\" controls=\"1\" showinfo=\"1\" autoplay=\"0\"><\/div>\n<h3><span style=\"color: #0000ff\"><em><strong>&#8211; le 30 avril :<\/strong><\/em><\/span><\/h3>\n<h3>Atelier fromage et petite rando ;<\/h3>\n<p><script>document.addEventListener('DOMContentLoaded', function() {(tarteaucitron.job = tarteaucitron.job || []).push('youtube');});<\/script><\/p>\n<div class=\"youtube_player\" videoID=\"srrSaLyUfH0\" width=\"100%\" height=\"100%\" style=\"height:50vw\" theme=\"light\" rel=\"0\" controls=\"1\" showinfo=\"1\" autoplay=\"0\"><\/div>\n<p>&nbsp;<\/p>\n<h3>Le Parc National de l&rsquo;Alta Murgia<\/h3>\n<p><script>document.addEventListener('DOMContentLoaded', function() {(tarteaucitron.job = tarteaucitron.job || []).push('youtube');});<\/script><\/p>\n<div class=\"youtube_player\" videoID=\"8wGX7ENrBVU\" width=\"100%\" height=\"100%\" style=\"height:50vw\" theme=\"light\" rel=\"0\" controls=\"1\" showinfo=\"1\" autoplay=\"0\"><\/div>\n<h3><\/h3>\n<h3><\/h3>\n<h3>Un prix sp\u00e9cial pour les beaux coquelicots rencontr\u00e9s pendant cette journ\u00e9e&#8230;&#8230;((:<\/h3>\n<h3><\/h3>\n<p><script>document.addEventListener('DOMContentLoaded', function() {(tarteaucitron.job = tarteaucitron.job || []).push('youtube');});<\/script><\/p>\n<div class=\"youtube_player\" videoID=\"b_vkSgOYrRk\" width=\"100%\" height=\"100%\" style=\"height:50vw\" theme=\"light\" rel=\"0\" controls=\"1\" showinfo=\"1\" autoplay=\"0\"><\/div>\n<p>&nbsp;<\/p>\n<h3><span style=\"color: #0000ff\"><em><strong>&#8211; le 1er mai :<\/strong><\/em><\/span><\/h3>\n<h3>visite de la carri\u00e8re de Bauxite et de Matera<\/h3>\n<h3><\/h3>\n<p><script>document.addEventListener('DOMContentLoaded', function() {(tarteaucitron.job = tarteaucitron.job || []).push('youtube');});<\/script><\/p>\n<div class=\"youtube_player\" videoID=\"cNY21vaGhmk\" width=\"100%\" height=\"100%\" style=\"height:50vw\" theme=\"light\" rel=\"0\" controls=\"1\" showinfo=\"1\" autoplay=\"0\"><\/div>\n<p>&nbsp;<\/p>\n<h3><span style=\"color: #0000ff\"><em><strong>-le 2 mai :<\/strong> <\/em><\/span><\/h3>\n<h3>Ateliers au coll\u00e8ge ; Des super activit\u00e9s didactiques&#8230;.!!!!!!<\/h3>\n<h3><\/h3>\n<p><script>document.addEventListener('DOMContentLoaded', function() {(tarteaucitron.job = tarteaucitron.job || []).push('youtube');});<\/script><\/p>\n<div class=\"youtube_player\" videoID=\"bXsrR6ROkNM\" width=\"100%\" height=\"100%\" style=\"height:50vw\" theme=\"light\" rel=\"0\" controls=\"1\" showinfo=\"1\" autoplay=\"0\"><\/div>\n<h3><\/h3>\n<h3><\/h3>\n<h3><\/h3>\n<h3>L&rsquo;atelier jardinage&#8230;!!!! Tr\u00e8s tr\u00e8s amusant!!!<\/h3>\n<p><script>document.addEventListener('DOMContentLoaded', function() {(tarteaucitron.job = tarteaucitron.job || []).push('youtube');});<\/script><\/p>\n<div class=\"youtube_player\" videoID=\"jP1oFDXNmds\" width=\"100%\" height=\"100%\" style=\"height:50vw\" theme=\"light\" rel=\"0\" controls=\"1\" showinfo=\"1\" autoplay=\"0\"><\/div>\n<h3><\/h3>\n<p>&nbsp;<\/p>\n<h3>Visite de la maison des vins Tormaresca et balade \u00e0 Barletta<\/h3>\n<p><script>document.addEventListener('DOMContentLoaded', function() {(tarteaucitron.job = tarteaucitron.job || []).push('youtube');});<\/script><\/p>\n<div class=\"youtube_player\" videoID=\"QY5chDceBYk\" width=\"100%\" height=\"100%\" style=\"height:50vw\" theme=\"light\" rel=\"0\" controls=\"1\" showinfo=\"1\" autoplay=\"0\"><\/div>\n<p>&nbsp;<\/p>\n<h3><span style=\"color: #0000ff\"><em><strong>&#8211; le 3 mai :<\/strong><\/em><\/span><\/h3>\n<h3>Visite d&rsquo;une huilerie et d\u00e9part pour la R\u00e9union<\/h3>\n<h3><\/h3>\n<p><script>document.addEventListener('DOMContentLoaded', function() {(tarteaucitron.job = tarteaucitron.job || []).push('youtube');});<\/script><\/p>\n<div class=\"youtube_player\" videoID=\"S_i0Au-EzeM\" width=\"100%\" height=\"100%\" style=\"height:50vw\" theme=\"light\" rel=\"0\" controls=\"1\" showinfo=\"1\" autoplay=\"0\"><\/div>\n<p>&nbsp;<\/p>\n<h3>Amiti\u00e9 et partage : Que de beaux souvenirs !<\/h3>\n<h3><\/h3>\n<p><script>document.addEventListener('DOMContentLoaded', function() {(tarteaucitron.job = tarteaucitron.job || []).push('youtube');});<\/script><\/p>\n<div class=\"youtube_player\" videoID=\"g2HZng63vB8\" width=\"100%\" height=\"100%\" style=\"height:50vw\" theme=\"light\" rel=\"0\" controls=\"1\" showinfo=\"1\" autoplay=\"0\"><\/div>\n<p>&nbsp;<\/p>\n<h3>Le film \u00ab\u00a0phare\u00a0\u00bb de notre projet !!! Enti\u00e8rement \u00e9crit et r\u00e9alis\u00e9 par les \u00e9l\u00e8ves de l&rsquo;ULIS et de l&rsquo;UE. Ou comment s&rsquo;amuser pour vaincre sa peur de voyager ! Merci \u00e0 notre Mascotte&#8230; ce cher Monsieur Pizza !!!<\/h3>\n<h3>La bande Annonce :<\/h3>\n<h3><\/h3>\n<p><script>document.addEventListener('DOMContentLoaded', function() {(tarteaucitron.job = tarteaucitron.job || []).push('youtube');});<\/script><\/p>\n<div class=\"youtube_player\" videoID=\"7hKEsLL-DbU\" width=\"100%\" height=\"100%\" style=\"height:50vw\" theme=\"light\" rel=\"0\" controls=\"1\" showinfo=\"1\" autoplay=\"0\"><\/div>\n<h3><\/h3>\n<h3>Le film :<\/h3>\n<h3><\/h3>\n<p><script>document.addEventListener('DOMContentLoaded', function() {(tarteaucitron.job = tarteaucitron.job || []).push('youtube');});<\/script><\/p>\n<div class=\"youtube_player\" videoID=\"BTCelHEtQMs\" width=\"100%\" height=\"100%\" style=\"height:50vw\" theme=\"light\" rel=\"0\" controls=\"1\" showinfo=\"1\" autoplay=\"0\"><\/div>\n<p>&nbsp;<\/p>\n<h3>Et apr\u00e8s tout \u00e7a? Nous avons ensuite travaill\u00e9 dur afin de montrer notre projet au plus grand nombre: &#8211; Nous sommes partis au lyc\u00e9e Antoine Roussin :<\/h3>\n<h3><\/h3>\n<p><script>document.addEventListener('DOMContentLoaded', function() {(tarteaucitron.job = tarteaucitron.job || []).push('youtube');});<\/script><\/p>\n<div class=\"youtube_player\" videoID=\"jxtfKJXAJmg\" width=\"100%\" height=\"100%\" style=\"height:50vw\" theme=\"light\" rel=\"0\" controls=\"1\" showinfo=\"1\" autoplay=\"0\"><\/div>\n<p>&nbsp;<\/p>\n<h3>&#8211; grande journ\u00e9e restitution et exposition dans notre coll\u00e8ge :<\/h3>\n<p><script>document.addEventListener('DOMContentLoaded', function() {(tarteaucitron.job = tarteaucitron.job || []).push('youtube');});<\/script><\/p>\n<div class=\"youtube_player\" videoID=\"3Nb--yOg644\" width=\"100%\" height=\"100%\" style=\"height:50vw\" theme=\"light\" rel=\"0\" controls=\"1\" showinfo=\"1\" autoplay=\"0\"><\/div>\n<p><img loading=\"lazy\" decoding=\"async\" class=\"size-full wp-image-1515 aligncenter\" src=\"https:\/\/etab.ac-reunion.fr\/clg-joseph-hubert\/wp-content\/uploads\/sites\/65\/2018\/08\/KA2-photo-expo.png\" alt=\"\" width=\"517\" height=\"750\" srcset=\"https:\/\/etab.ac-reunion.fr\/clg-joseph-hubert\/wp-content\/uploads\/sites\/65\/2018\/08\/KA2-photo-expo.png 517w, https:\/\/etab.ac-reunion.fr\/clg-joseph-hubert\/wp-content\/uploads\/sites\/65\/2018\/08\/KA2-photo-expo-207x300.png 207w\" sizes=\"auto, (max-width: 517px) 100vw, 517px\" \/><\/p>\n<p>&nbsp;<\/p>\n<h3>La belle conclusion de ce projet : Ce que cela a chang\u00e9 chez nos jeunes : Magnifiques t\u00e9moignages de nos \u00e9l\u00e8ves et des profs accompagnant !<\/h3>\n<h3><\/h3>\n<p><script>document.addEventListener('DOMContentLoaded', function() {(tarteaucitron.job = tarteaucitron.job || []).push('youtube');});<\/script><\/p>\n<div class=\"youtube_player\" videoID=\"XnfIP9z8-k8\" width=\"100%\" height=\"100%\" style=\"height:50vw\" theme=\"light\" rel=\"0\" controls=\"1\" showinfo=\"1\" autoplay=\"0\"><\/div>\n<p>&nbsp;<\/p>\n<h3>Pour terminer , la r\u00e9alisation d&rsquo;un produit concret \u00e0 ce projet: r\u00e9daction de mani\u00e8re collaborative de notre livre de recettes !<\/h3>\n<p style=\"text-align: center\"><a href=\"https:\/\/www.storyjumper.com\/book\/index\/56053695\/5b30f5585d558\" target=\"_blank\" rel=\"noopener\">Cliquer ici pour visualiser<\/a><\/p>\n<h3><\/h3>\n<h3>Afin de vous permettre d&rsquo;aller voir tout notre travail, vous trouverez ci-dessous le lien du Twinspace du projet :<\/h3>\n<p>&nbsp;<\/p>\n<h3 style=\"text-align: center\"><span style=\"color: #0000ff\"><a class=\"moz-txt-link-freetext\" style=\"color: #0000ff\" href=\"https:\/\/twinspace.etwinning.net\/44021\/home\" target=\"_blank\" rel=\"noopener\">Twinspace du projet<\/a><\/span><\/h3>\n<h3><\/h3>\n<h3 style=\"text-align: left\">Ci-dessous, le lien vers notre blog :<\/h3>\n<h3 style=\"text-align: center\"><span style=\"color: #0000ff\"><a style=\"color: #0000ff\" href=\"https:\/\/erasmuspluska2unpotageretunecuisine.wordpress.com\/\" target=\"_blank\" rel=\"noopener\">Voir notre blog<\/a><\/span><\/h3>\n<p>&nbsp;<\/p>\n","protected":false},"excerpt":{"rendered":"<p>Le premier KA2 du coll\u00e8ge ! Ce projet permettra d&rsquo;aider dans leurs difficult\u00e9s des \u00e9l\u00e8ves en situation de handicap et\/ou de milieux d\u00e9favoris\u00e9s, par des activit\u00e9s innovantes et valorisantes. En effet, les \u00e9l\u00e8ves R\u00e9unionnais porteurs de handicaps transmettront leurs comp\u00e9tences&#8230;<\/p>\n<p class=\"continue-reading-button\"> <a class=\"continue-reading-link\" href=\"https:\/\/etab.ac-reunion.fr\/clg-joseph-hubert\/ka2-2017-1-fr01-ka219-037319_1-un-potager-et-une-cuisine-a-partager-pour-effacer-la-distance-et-la-difference\/\">Lire la suite<i class=\"crycon-right-dir\"><\/i><\/a><\/p>\n","protected":false},"author":3822,"featured_media":0,"parent":0,"menu_order":0,"comment_status":"closed","ping_status":"closed","template":"page-full.php","meta":{"footnotes":""},"class_list":["post-1281","page","type-page","status-publish","hentry"],"_links":{"self":[{"href":"https:\/\/etab.ac-reunion.fr\/clg-joseph-hubert\/wp-json\/wp\/v2\/pages\/1281","targetHints":{"allow":["GET"]}}],"collection":[{"href":"https:\/\/etab.ac-reunion.fr\/clg-joseph-hubert\/wp-json\/wp\/v2\/pages"}],"about":[{"href":"https:\/\/etab.ac-reunion.fr\/clg-joseph-hubert\/wp-json\/wp\/v2\/types\/page"}],"author":[{"embeddable":true,"href":"https:\/\/etab.ac-reunion.fr\/clg-joseph-hubert\/wp-json\/wp\/v2\/users\/3822"}],"replies":[{"embeddable":true,"href":"https:\/\/etab.ac-reunion.fr\/clg-joseph-hubert\/wp-json\/wp\/v2\/comments?post=1281"}],"version-history":[{"count":87,"href":"https:\/\/etab.ac-reunion.fr\/clg-joseph-hubert\/wp-json\/wp\/v2\/pages\/1281\/revisions"}],"predecessor-version":[{"id":1649,"href":"https:\/\/etab.ac-reunion.fr\/clg-joseph-hubert\/wp-json\/wp\/v2\/pages\/1281\/revisions\/1649"}],"wp:attachment":[{"href":"https:\/\/etab.ac-reunion.fr\/clg-joseph-hubert\/wp-json\/wp\/v2\/media?parent=1281"}],"curies":[{"name":"wp","href":"https:\/\/api.w.org\/{rel}","templated":true}]}}