{"id":225,"date":"2015-07-06T10:32:47","date_gmt":"2015-07-06T06:32:47","guid":{"rendered":"http:\/\/college-joseph-hubert-tmp.ac-reunion.fr\/?page_id=225"},"modified":"2020-05-22T22:28:06","modified_gmt":"2020-05-22T18:28:06","slug":"joseph-hubert","status":"publish","type":"page","link":"https:\/\/etab.ac-reunion.fr\/clg-joseph-hubert\/joseph-hubert\/","title":{"rendered":"Joseph HUBERT (1747-1825)"},"content":{"rendered":"\n<div class=\"wp-block-image\"><figure class=\"alignleft\"><a href=\"https:\/\/etab.ac-reunion.fr\/clg-joseph-hubert\/wp-content\/uploads\/sites\/65\/2014\/03\/logo_clg-jh2.png\"><img loading=\"lazy\" decoding=\"async\" width=\"274\" height=\"300\" src=\"https:\/\/etab.ac-reunion.fr\/clg-joseph-hubert\/wp-content\/uploads\/sites\/65\/2014\/03\/logo_clg-jh2-274x300.png\" alt=\"Coll\u00e8ge Joseph HUBERT\" class=\"wp-image-10\" \/><\/a><\/figure><\/div>\n\n\n\n<p class=\"has-drop-cap has-medium-font-size\"><big>Fils d&rsquo; Henri Hubert, officier ayant eu un commandement lors de la prise de possession de l\u2019\u00eele Maurice au nom de la France en 1721. Sa m\u00e8re \u00e9tait une demoiselle Lucas, de vieille souche Bourbonnaise.<br><\/big><\/p>\n\n\n\n<p class=\"has-medium-font-size\"><big>&nbsp; &nbsp; &nbsp; &nbsp; N\u00e9 \u00e0 St Beno\u00eet, le jeune Joseph n\u2019est pas all\u00e9 \u00e0 l\u2019\u00e9cole, son quartier \u00e9tait alors une sorte de bout du monde. Il grandit librement, \u00e0 l\u2019ombre du premier cannelier de l\u2019\u00eele, plant\u00e9 par son p\u00e8re en 1732. Son sens de l\u2019observation et son intelligence lui servirent de dipl\u00f4me. Il fut un botaniste qualifi\u00e9, dans ses biographies, de premier savant r\u00e9unionnais.<\/big><big><br><\/big><\/p>\n\n\n\n<p class=\"has-medium-font-size\"><big>&nbsp;&nbsp; &nbsp; Joseph Hubert fut passionn\u00e9 par la botanique, l\u2019agriculture et les plantes nouvelles import\u00e9es de toute la ceinture tropicale. D\u00e8s qu\u2019il eut l\u2019occasion de se rendre \u00e0 l\u2019\u00eele de France, (\u00eele Maurice) il ne manqua pas d\u2019aller voir le fameux Pierre Poivre, conqu\u00e9rant de la noix de muscade et du clou de girofle, en son c\u00e9l\u00e8bre jardin des Pamplemousses. Pierre Poivre s\u2019enthousiasma pour ce jeune \u00e9mule et, aussit\u00f4t que la loi le lui permit, il lui fit exp\u00e9dier \u00e0 la R\u00e9union quelques pr\u00e9cieux plants, dont un giroflier et deux muscadiers.<\/big><big><br><\/big><\/p>\n\n\n\n<p class=\"has-medium-font-size\"><big> &nbsp;L\u2019infatigable Hubert contribua aussi \u00e0 l\u2019introduction et \u00e0 la propagation du jamalac, du jam-rosa, du mangoustant, de l\u2019\u00e9vi, du cacaoyer, de la vanille&#8230; En 1778, en un seul voyage de l\u2019\u00eele de France, il rapporta cent vingt six esp\u00e8ces v\u00e9g\u00e9tales diff\u00e9rentes.<\/big><\/p>\n\n\n\n<p class=\"has-medium-font-size\">Il a collabor\u00e9 avec C\u00e9re, le successeur de Pierre Poivre aux Pamplemousses, avec l\u2019Acad\u00e9mie des Sciences et tous les amateurs de botanique des deux \u00eeles.&nbsp;<big><\/big><\/p>\n\n\n\n<p class=\"has-medium-font-size\">Joseph Hubert \u00e9tendit aussi son champ d\u2019int\u00e9r\u00eat \u00e0 bien d\u2019autres domaines : volcanologie (il fit plusieurs voyages au volcan), p\u00e9trographie (\u00e9tude des roches), m\u00e9t\u00e9orologie et&#8230;politique. Il fit beaucoup pour le quartier o\u00f9 il et n\u00e9 et o\u00f9 il poss\u00e9dait deux propri\u00e9t\u00e9s : le Bras Mussard et le Boudoir, v\u00e9ritables jardins botaniques, tous deux h\u00e9las disparus !<\/p>\n\n\n\n<p class=\"has-medium-font-size\"><big>Il rendit un \u00e9mouvant hommage posthume \u00e0 Pierre Poivre et, \u00e0 cette occasion, affranchit solennellement son esclave, Jean-Louis, pour les soins qu\u2019il avait prodigu\u00e9 \u00e0 son muscadier.<\/big><\/p>\n\n\n\n<p class=\"has-medium-font-size\">Inquiet du sort des petits Blancs, apr\u00e8s l&rsquo;abolition de l&rsquo;esclavage, <big>Joseph Hubert s\u2019int\u00e9ressa aussi \u00e0 tout ce qui pouvait leur apporter un peu plus de bien-\u00eatre : il fut \u00e0 l\u2019origine de la cr\u00e9ation du quartier St Joseph.<\/big><\/p>\n\n\n\n<p class=\"has-medium-font-size\">Joseph Hubert meurt le 19 avril 1825 apr\u00e8s une vie enti\u00e8re d\u00e9vou\u00e9e \u00e0 son \u00eele.<\/p>\n\n\n\n<p class=\"has-medium-font-size\">On lui \u00e9rigea un buste au Jardin du Roi (Jardin de l\u2019Etat) \u00e0 St Denis, qu\u2019il avait contribu\u00e9 \u00e0 enrichir de nombreuses plantes.<br>On a retrouv\u00e9, en 1881, des liasses de \u00ab\u00a0papiers Joseph Hubert\u00a0\u00bb, qui emplissent des cartons entiers aux Archives D\u00e9partementales ce qui prouvent l\u2019extraordinaire intelligence et l\u2019immense travail r\u00e9alis\u00e9 par l\u2019autodidacte de St Beno\u00eet&#8230;<\/p>\n\n\n\n<p class=\"has-medium-font-size\"><big>Jessica , Natacha, Yndranye<\/big><\/p>\n","protected":false},"excerpt":{"rendered":"<p>Fils d&rsquo; Henri Hubert, officier ayant eu un commandement lors de la prise de possession de l\u2019\u00eele Maurice au nom de la France en 1721. Sa m\u00e8re \u00e9tait une demoiselle Lucas, de vieille souche Bourbonnaise. &nbsp; &nbsp; &nbsp; &nbsp; N\u00e9&#8230;<\/p>\n<p class=\"continue-reading-button\"> <a class=\"continue-reading-link\" href=\"https:\/\/etab.ac-reunion.fr\/clg-joseph-hubert\/joseph-hubert\/\">Lire la suite<i class=\"crycon-right-dir\"><\/i><\/a><\/p>\n","protected":false},"author":3822,"featured_media":0,"parent":0,"menu_order":0,"comment_status":"closed","ping_status":"closed","template":"","meta":{"footnotes":""},"class_list":["post-225","page","type-page","status-publish","hentry"],"_links":{"self":[{"href":"https:\/\/etab.ac-reunion.fr\/clg-joseph-hubert\/wp-json\/wp\/v2\/pages\/225","targetHints":{"allow":["GET"]}}],"collection":[{"href":"https:\/\/etab.ac-reunion.fr\/clg-joseph-hubert\/wp-json\/wp\/v2\/pages"}],"about":[{"href":"https:\/\/etab.ac-reunion.fr\/clg-joseph-hubert\/wp-json\/wp\/v2\/types\/page"}],"author":[{"embeddable":true,"href":"https:\/\/etab.ac-reunion.fr\/clg-joseph-hubert\/wp-json\/wp\/v2\/users\/3822"}],"replies":[{"embeddable":true,"href":"https:\/\/etab.ac-reunion.fr\/clg-joseph-hubert\/wp-json\/wp\/v2\/comments?post=225"}],"version-history":[{"count":5,"href":"https:\/\/etab.ac-reunion.fr\/clg-joseph-hubert\/wp-json\/wp\/v2\/pages\/225\/revisions"}],"predecessor-version":[{"id":2148,"href":"https:\/\/etab.ac-reunion.fr\/clg-joseph-hubert\/wp-json\/wp\/v2\/pages\/225\/revisions\/2148"}],"wp:attachment":[{"href":"https:\/\/etab.ac-reunion.fr\/clg-joseph-hubert\/wp-json\/wp\/v2\/media?parent=225"}],"curies":[{"name":"wp","href":"https:\/\/api.w.org\/{rel}","templated":true}]}}