{"id":712,"date":"2016-08-20T11:22:20","date_gmt":"2016-08-20T07:22:20","guid":{"rendered":"http:\/\/college-joseph-hubert.ac-reunion.fr\/?page_id=712"},"modified":"2019-03-01T12:09:38","modified_gmt":"2019-03-01T08:09:38","slug":"projet-dechange-europeen-avec-litalie","status":"publish","type":"page","link":"https:\/\/etab.ac-reunion.fr\/clg-joseph-hubert\/projet-dechange-europeen-avec-litalie\/","title":{"rendered":"Projet d&rsquo;\u00e9change europ\u00e9en avec l&rsquo;Italie"},"content":{"rendered":"<h2 style=\"text-align: center\"><span style=\"color: #0000ff\">PR\u00c9SENTATION DU PROJET<\/span><\/h2>\n<h4 style=\"text-align: center\"><a href=\"https:\/\/etab.ac-reunion.fr\/clg-joseph-hubert\/wp-content\/uploads\/sites\/65\/2016\/02\/les_aventures_d_ULIS_1.pdf\">les aventures d&rsquo;ULIS<\/a><\/h4>\n<h4>Dans le cadre de notre projet europ\u00e9en via e-twinning avec l&rsquo;Italie, nous avons r\u00e9alis\u00e9 2 vid\u00e9os que vous pouvez consulter ci dessous :<\/h4>\n<p><iframe loading=\"lazy\" title=\"arrive\u0301e CArdoncelli\" width=\"900\" height=\"506\" src=\"https:\/\/www.youtube.com\/embed\/kkumIpR0pMo?feature=oembed\" frameborder=\"0\" allow=\"accelerometer; autoplay; encrypted-media; gyroscope; picture-in-picture\" allowfullscreen><\/iframe><\/p>\n<p><iframe loading=\"lazy\" title=\"Cordoncello visite le colle\u0300ge Joseph Hubert\" width=\"900\" height=\"506\" src=\"https:\/\/www.youtube.com\/embed\/NI0XKJY3qVs?feature=oembed\" frameborder=\"0\" allow=\"accelerometer; autoplay; encrypted-media; gyroscope; picture-in-picture\" allowfullscreen><\/iframe><\/p>\n<p>&nbsp;<\/p>\n<h4>Tchao mes amis de la R\u00e9union!!! Je suis arriv\u00e9 au coll\u00e8ge \u00a0\u00bb Mazzini\u00a0\u00bb a Minervino Murge, en Italie ! Ne soyez pas tristes,\u00a0 je m&rsquo;amuse beaucoup ici!!! Il ne fait pas trop froid, 17-18 degr\u00e9s.<\/h4>\n<p><iframe loading=\"lazy\" title=\"Monsieur Tangue est arriv\u00e9!!!!\" width=\"900\" height=\"506\" src=\"https:\/\/www.youtube.com\/embed\/bK-mQ1ruAuM?feature=oembed\" frameborder=\"0\" allow=\"accelerometer; autoplay; encrypted-media; gyroscope; picture-in-picture\" allowfullscreen><\/iframe><\/p>\n<h5><\/h5>\n<h4>Dans le cadre de notre projet Erasmus avec les Italiens, ils nous ont envoy\u00e9 des photos d&rsquo;une recette locale, c&rsquo;\u00e9tait un challenge, il fallait r\u00e9fl\u00e9chir, remettre les images dans l&rsquo;ordre, puis d\u00e9couvrir les ingr\u00e9dients en italien et en fran\u00e7ais pour ensuite r\u00e9aliser la recette et \u00e9crire les instructions !<\/h4>\n<h4>C&rsquo;est un travail collaboratif, les italiens vont maintenant \u00e9couter les instructions dites dans notre vid\u00e9o afin d&rsquo;\u00e9crire la recette.<\/h4>\n<p><iframe loading=\"lazy\" title=\"Recette des panduzz par les Re\u0301unionnais\" width=\"900\" height=\"506\" src=\"https:\/\/www.youtube.com\/embed\/JLnsNQ1ZdiM?feature=oembed\" frameborder=\"0\" allow=\"accelerometer; autoplay; encrypted-media; gyroscope; picture-in-picture\" allowfullscreen><\/iframe><\/p>\n<p>&nbsp;<\/p>\n<h4><strong>Les deux mascottes respectives des \u00e9l\u00e8ves R\u00e9unionnais et Italiens, se sont rencontr\u00e9es pour la premi\u00e8re fois en Italie !! Une magnifique rencontre pour un super projet ! <\/strong><\/h4>\n<p><iframe loading=\"lazy\" title=\"LA ve\u0301ritable rencontre des mascottes...enfin!!!\" width=\"900\" height=\"506\" src=\"https:\/\/www.youtube.com\/embed\/2BaGpla_3BI?feature=oembed\" frameborder=\"0\" allow=\"accelerometer; autoplay; encrypted-media; gyroscope; picture-in-picture\" allowfullscreen><\/iframe><\/p>\n<p>&nbsp;<\/p>\n<h4>Bonjour!<\/h4>\n<h4 style=\"text-align: center\">Nous cl\u00f4turons notre projet eTwinning avec l&rsquo;Italie, et rendons notre travail public : Vous pouvez avoir acc\u00e8s \u00e0 notre travail collaboratif avec les \u00e9l\u00e8ves Italiens via notre Twinspace<\/h4>\n<h4><\/h4>\n<h4 style=\"text-align: center\"><a class=\"moz-txt-link-freetext\" href=\"https:\/\/twinspace.etwinning.net\/9315\/home\">https:\/\/twinspace.etwinning.net\/9315\/home<\/a><\/h4>\n<h4>Les \u00e9l\u00e8ves du dispositif ULIS.<\/h4>\n<h4>Dans le cadre de notre projet, nous avons gagn\u00e9 le label qualit\u00e9 Europ\u00e9en pour notre travail avec les Italiens, et nous sommes tr\u00e8s tr\u00e8s fiers !<\/h4>\n<h4>Un certificat identique \u00e0 celui ci-dessous sera distribu\u00e9 \u00e0 chaque \u00e9l\u00e8ve de l&rsquo;ULIS ayant particip\u00e9 au projet.<\/h4>\n<h4 style=\"text-align: center\"><a href=\"https:\/\/etab.ac-reunion.fr\/clg-joseph-hubert\/wp-content\/uploads\/sites\/65\/2016\/08\/etw_pupilcertificate_79742_fr.pdf\" target=\"_blank\" rel=\"noopener\">Cliquer ici pour visualiser<\/a><\/h4>\n<p>&nbsp;<\/p>\n<p><img loading=\"lazy\" decoding=\"async\" class=\"alignleft size-large wp-image-856\" src=\"https:\/\/etab.ac-reunion.fr\/clg-joseph-hubert\/wp-content\/uploads\/sites\/65\/2016\/07\/FullSizeRender-3-923x1024.jpg\" alt=\"article du quotidien\" width=\"923\" height=\"1024\" srcset=\"https:\/\/etab.ac-reunion.fr\/clg-joseph-hubert\/wp-content\/uploads\/sites\/65\/2016\/07\/FullSizeRender-3-923x1024.jpg 923w, https:\/\/etab.ac-reunion.fr\/clg-joseph-hubert\/wp-content\/uploads\/sites\/65\/2016\/07\/FullSizeRender-3-270x300.jpg 270w, https:\/\/etab.ac-reunion.fr\/clg-joseph-hubert\/wp-content\/uploads\/sites\/65\/2016\/07\/FullSizeRender-3.jpg 1224w\" sizes=\"auto, (max-width: 923px) 100vw, 923px\" \/><\/p>\n","protected":false},"excerpt":{"rendered":"<p>PR\u00c9SENTATION DU PROJET les aventures d&rsquo;ULIS Dans le cadre de notre projet europ\u00e9en via e-twinning avec l&rsquo;Italie, nous avons r\u00e9alis\u00e9 2 vid\u00e9os que vous pouvez consulter ci dessous : &nbsp; Tchao mes amis de la R\u00e9union!!! Je suis arriv\u00e9 au&#8230;<\/p>\n<p class=\"continue-reading-button\"> <a class=\"continue-reading-link\" href=\"https:\/\/etab.ac-reunion.fr\/clg-joseph-hubert\/projet-dechange-europeen-avec-litalie\/\">Lire la suite<i class=\"crycon-right-dir\"><\/i><\/a><\/p>\n","protected":false},"author":3822,"featured_media":0,"parent":0,"menu_order":0,"comment_status":"closed","ping_status":"closed","template":"page-full.php","meta":{"footnotes":""},"class_list":["post-712","page","type-page","status-publish","hentry"],"_links":{"self":[{"href":"https:\/\/etab.ac-reunion.fr\/clg-joseph-hubert\/wp-json\/wp\/v2\/pages\/712","targetHints":{"allow":["GET"]}}],"collection":[{"href":"https:\/\/etab.ac-reunion.fr\/clg-joseph-hubert\/wp-json\/wp\/v2\/pages"}],"about":[{"href":"https:\/\/etab.ac-reunion.fr\/clg-joseph-hubert\/wp-json\/wp\/v2\/types\/page"}],"author":[{"embeddable":true,"href":"https:\/\/etab.ac-reunion.fr\/clg-joseph-hubert\/wp-json\/wp\/v2\/users\/3822"}],"replies":[{"embeddable":true,"href":"https:\/\/etab.ac-reunion.fr\/clg-joseph-hubert\/wp-json\/wp\/v2\/comments?post=712"}],"version-history":[{"count":19,"href":"https:\/\/etab.ac-reunion.fr\/clg-joseph-hubert\/wp-json\/wp\/v2\/pages\/712\/revisions"}],"predecessor-version":[{"id":1639,"href":"https:\/\/etab.ac-reunion.fr\/clg-joseph-hubert\/wp-json\/wp\/v2\/pages\/712\/revisions\/1639"}],"wp:attachment":[{"href":"https:\/\/etab.ac-reunion.fr\/clg-joseph-hubert\/wp-json\/wp\/v2\/media?parent=712"}],"curies":[{"name":"wp","href":"https:\/\/api.w.org\/{rel}","templated":true}]}}