{"id":197,"date":"2016-08-10T13:28:06","date_gmt":"2016-08-10T12:28:06","guid":{"rendered":"http:\/\/college-joseph-suacot.ac-reunion.fr\/?page_id=197"},"modified":"2023-02-02T06:57:02","modified_gmt":"2023-02-02T05:57:02","slug":"assistante-sociale","status":"publish","type":"page","link":"https:\/\/etab.ac-reunion.fr\/clg-joseph-suacot\/assistante-sociale\/","title":{"rendered":"Assistante sociale"},"content":{"rendered":"<p><strong>Madame Jimy PAYET<\/strong><\/p>\n<p>Horaire :<\/p>\n<p>Lundi : 8h00 &#8211; 15h30<\/p>\n<p>Mercredi : 7h30 &#8211; 11h30<\/p>\n<p>Jeudi : 8h00 &#8211; 15h30<\/p>\n<p style=\"text-align: justify\">Une Assistante Sociale scolaire assure un service d\u2019<span style=\"color: #ff0000\">aide<\/span>,<span style=\"color: #ff0000\"> de soutien et d\u2019accompagnement des \u00e9l\u00e8ves en difficult\u00e9 et de leur famille<\/span>, lors de permanences r\u00e9guli\u00e8res dans l\u2019\u00e9tablissement. En cas de difficult\u00e9s financi\u00e8res passag\u00e8res ou permanentes une aide peut \u00eatre demand\u00e9e par les familles au Fonds Social Coll\u00e9gien ou au Fonds Social des Cantines (pour la demi-pension). Cette demande est \u00e0 d\u00e9poser aupr\u00e8s de l\u2019Assistante Sociale. Celle-ci \u00e9tablit les liaisons et d\u00e9marches aupr\u00e8s des services ext\u00e9rieurs dans le cadre notamment de la Protection de l\u2019Enfance. <span style=\"color: #ff0000\">Elle est tenue au secret professionnel.<\/span><\/p>\n","protected":false},"excerpt":{"rendered":"<p>Madame Jimy PAYET Horaire : Lundi : 8h00 &#8211; 15h30 Mercredi : 7h30 &#8211; 11h30 Jeudi : 8h00 &#8211; 15h30 Une Assistante Sociale scolaire assure un service d\u2019aide, de soutien et d\u2019accompagnement des \u00e9l\u00e8ves en difficult\u00e9 et de leur famille, lors de permanences r\u00e9guli\u00e8res dans l\u2019\u00e9tablissement. En cas de difficult\u00e9s\u2026<\/p>\n<p> <a class=\"continue-reading-link\" href=\"https:\/\/etab.ac-reunion.fr\/clg-joseph-suacot\/assistante-sociale\/\"><span>Lire la suite<\/span><i class=\"crycon-right-dir\"><\/i><\/a> <\/p>\n","protected":false},"author":11226,"featured_media":0,"parent":0,"menu_order":0,"comment_status":"closed","ping_status":"closed","template":"","meta":{"footnotes":"","_links_to":"","_links_to_target":""},"class_list":["post-197","page","type-page","status-publish","hentry"],"_links":{"self":[{"href":"https:\/\/etab.ac-reunion.fr\/clg-joseph-suacot\/wp-json\/wp\/v2\/pages\/197","targetHints":{"allow":["GET"]}}],"collection":[{"href":"https:\/\/etab.ac-reunion.fr\/clg-joseph-suacot\/wp-json\/wp\/v2\/pages"}],"about":[{"href":"https:\/\/etab.ac-reunion.fr\/clg-joseph-suacot\/wp-json\/wp\/v2\/types\/page"}],"author":[{"embeddable":true,"href":"https:\/\/etab.ac-reunion.fr\/clg-joseph-suacot\/wp-json\/wp\/v2\/users\/11226"}],"replies":[{"embeddable":true,"href":"https:\/\/etab.ac-reunion.fr\/clg-joseph-suacot\/wp-json\/wp\/v2\/comments?post=197"}],"version-history":[{"count":3,"href":"https:\/\/etab.ac-reunion.fr\/clg-joseph-suacot\/wp-json\/wp\/v2\/pages\/197\/revisions"}],"predecessor-version":[{"id":4967,"href":"https:\/\/etab.ac-reunion.fr\/clg-joseph-suacot\/wp-json\/wp\/v2\/pages\/197\/revisions\/4967"}],"wp:attachment":[{"href":"https:\/\/etab.ac-reunion.fr\/clg-joseph-suacot\/wp-json\/wp\/v2\/media?parent=197"}],"curies":[{"name":"wp","href":"https:\/\/api.w.org\/{rel}","templated":true}]}}