{"id":2,"date":"2016-03-09T05:33:09","date_gmt":"2016-03-09T04:33:09","guid":{"rendered":"http:\/\/wpetab.ac-reunion.fr\/joseph-suacot\/?page_id=2"},"modified":"2018-09-06T12:20:45","modified_gmt":"2018-09-06T11:20:45","slug":"page-d-exemple","status":"publish","type":"page","link":"https:\/\/etab.ac-reunion.fr\/clg-joseph-suacot\/page-d-exemple\/","title":{"rendered":"Bienvenue sur le site du coll\u00e8ge"},"content":{"rendered":"<p style=\"text-align: justify\"><img loading=\"lazy\" decoding=\"async\" class=\" wp-image-67 aligncenter\" src=\"https:\/\/etab.ac-reunion.fr\/clg-joseph-suacot\/wp-content\/uploads\/sites\/143\/2016\/06\/IMAGE-CLGPI-JSUACOT-300x165.jpg\" alt=\"IMAGE CLGPI JSUACOT\" width=\"456\" height=\"251\" srcset=\"https:\/\/etab.ac-reunion.fr\/clg-joseph-suacot\/wp-content\/uploads\/sites\/143\/2016\/06\/IMAGE-CLGPI-JSUACOT-300x165.jpg 300w, https:\/\/etab.ac-reunion.fr\/clg-joseph-suacot\/wp-content\/uploads\/sites\/143\/2016\/06\/IMAGE-CLGPI-JSUACOT.jpg 499w\" sizes=\"auto, (max-width: 456px) 100vw, 456px\" \/><\/p>\n<p style=\"text-align: justify\">L\u2019accueil et l\u2019encadrement des \u00e9l\u00e8ves sont assur\u00e9s de 07H15 \u00e0 16H00. L\u2019\u00e9tablissement est ouvert du Lundi au Vendredi inclus.<\/p>\n<p style=\"text-align: justify\">Des activit\u00e9s p\u00e9dagogiques ou \u00e9ducatives peuvent \u00eatre organis\u00e9es le Mercredi apr\u00e8s-midi.<\/p>\n<p>Num\u00e9ro de t\u00e9l\u00e9phone de l&rsquo;accueil 0262 56 79 30.<\/p>\n","protected":false},"excerpt":{"rendered":"<p>L\u2019accueil et l\u2019encadrement des \u00e9l\u00e8ves sont assur\u00e9s de 07H15 \u00e0 16H00. L\u2019\u00e9tablissement est ouvert du Lundi au Vendredi inclus. Des activit\u00e9s p\u00e9dagogiques ou \u00e9ducatives peuvent \u00eatre organis\u00e9es le Mercredi apr\u00e8s-midi. Num\u00e9ro de t\u00e9l\u00e9phone de l&rsquo;accueil 0262 56 79 30.<\/p>\n<p> <a class=\"continue-reading-link\" href=\"https:\/\/etab.ac-reunion.fr\/clg-joseph-suacot\/page-d-exemple\/\"><span>Lire la suite<\/span><i class=\"crycon-right-dir\"><\/i><\/a> <\/p>\n","protected":false},"author":11226,"featured_media":67,"parent":0,"menu_order":0,"comment_status":"closed","ping_status":"open","template":"","meta":{"footnotes":"","_links_to":"","_links_to_target":""},"class_list":["post-2","page","type-page","status-publish","has-post-thumbnail","hentry"],"_links":{"self":[{"href":"https:\/\/etab.ac-reunion.fr\/clg-joseph-suacot\/wp-json\/wp\/v2\/pages\/2","targetHints":{"allow":["GET"]}}],"collection":[{"href":"https:\/\/etab.ac-reunion.fr\/clg-joseph-suacot\/wp-json\/wp\/v2\/pages"}],"about":[{"href":"https:\/\/etab.ac-reunion.fr\/clg-joseph-suacot\/wp-json\/wp\/v2\/types\/page"}],"author":[{"embeddable":true,"href":"https:\/\/etab.ac-reunion.fr\/clg-joseph-suacot\/wp-json\/wp\/v2\/users\/11226"}],"replies":[{"embeddable":true,"href":"https:\/\/etab.ac-reunion.fr\/clg-joseph-suacot\/wp-json\/wp\/v2\/comments?post=2"}],"version-history":[{"count":4,"href":"https:\/\/etab.ac-reunion.fr\/clg-joseph-suacot\/wp-json\/wp\/v2\/pages\/2\/revisions"}],"predecessor-version":[{"id":3249,"href":"https:\/\/etab.ac-reunion.fr\/clg-joseph-suacot\/wp-json\/wp\/v2\/pages\/2\/revisions\/3249"}],"wp:featuredmedia":[{"embeddable":true,"href":"https:\/\/etab.ac-reunion.fr\/clg-joseph-suacot\/wp-json\/wp\/v2\/media\/67"}],"wp:attachment":[{"href":"https:\/\/etab.ac-reunion.fr\/clg-joseph-suacot\/wp-json\/wp\/v2\/media?parent=2"}],"curies":[{"name":"wp","href":"https:\/\/api.w.org\/{rel}","templated":true}]}}