{"id":6124,"date":"2024-08-13T08:02:46","date_gmt":"2024-08-13T07:02:46","guid":{"rendered":"https:\/\/etab.ac-reunion.fr\/clg-joseph-suacot\/?page_id=6124"},"modified":"2024-08-13T08:02:46","modified_gmt":"2024-08-13T07:02:46","slug":"politique-de-confidentialite","status":"publish","type":"page","link":"https:\/\/etab.ac-reunion.fr\/clg-joseph-suacot\/politique-de-confidentialite\/","title":{"rendered":"Politique de confidentialit\u00e9"},"content":{"rendered":"<h2><strong>Qui sommes-nous ?<\/strong><\/h2>\n<p>Le site internet : <a href=\"https:\/\/etab.ac-reunion.fr\/clg-joseph-suacot\">https:\/\/etab.ac-reunion.fr\/clg-joseph-suacot<\/a>\u00a0 est le site du coll\u00e8ge Joseph SUACOT<\/p>\n<p>Adresse postale :\u00a0<a href=\"https:\/\/www.google.com\/maps\/place\/\/data=!4m2!3m1!1s0x21780beb3e7213db:0xc131a5a2944fc9f3?sa=X&amp;ved=1t:8290&amp;ictx=111\" data-url=\"\/maps\/place\/\/data=!4m2!3m1!1s0x21780beb3e7213db:0xc131a5a2944fc9f3?sa=X&amp;ved=2ahUKEwjG8JPcsfGHAxURVkEAHZMwEYEQ4kB6BAgCEAA\">Rue du Gymnase, Petite \u00cele 97429, La R\u00e9union<\/a><\/p>\n<p>T\u00e9l\u00e9phone :\u00a0<a href=\"https:\/\/www.google.com\/search?q=college+joseph+suacot&amp;rlz=1C1GCEB_enRE874RE874&amp;oq=coll&amp;gs_lcrp=EgZjaHJvbWUqBggDEEUYOzIMCAAQIxgnGIAEGIoFMhIIARAuGEMYrwEYxwEYgAQYigUyDggCEEUYJxg7GIAEGIoFMgYIAxBFGDsyBggEEEUYOTIGCAUQRRg8MgYIBhBFGDwyBggHEEUYPNIBCDI3MjlqMGo3qAIAsAIA&amp;sourceid=chrome&amp;ie=UTF-8#\" data-dtype=\"d3ph\" data-local-attribute=\"d3ph\" data-ved=\"2ahUKEwjG8JPcsfGHAxURVkEAHZMwEYEQkAgoAHoECCQQAg\"><span aria-label=\"Appeler le 02 62 56 79 30\">02 62 56 79 30<\/span><\/a><\/p>\n<p>Directeur de la publication :<\/p>\n<p>Webmestre :<\/p>\n<h2><strong>Utilisation des donn\u00e9es personnelles collect\u00e9es<\/strong><\/h2>\n<p>Par d\u00e9faut,\u00a0<strong>WordPress ne collecte aucune donn\u00e9e personnelle sur les visiteurs,<\/strong>\u00a0et ne collecte que les donn\u00e9es pr\u00e9sentes dans l\u2019\u00e9cran \u00ab Votre Profil \u00bb des utilisateurs enregistr\u00e9s.<\/p>\n<h2><strong>Cookies<\/strong><\/h2>\n<p>Si vous avez un compte et que vous vous connectez sur ce site, un cookie temporaire sera cr\u00e9\u00e9 afin de d\u00e9terminer si votre navigateur accepte les cookies. Il ne contient pas de donn\u00e9es personnelles et sera supprim\u00e9 automatiquement \u00e0 la fermeture de votre navigateur.<\/p>\n<p>Lorsque vous vous connecterez, nous mettrons en place un certain nombre de cookies pour enregistrer vos informations de connexion et vos pr\u00e9f\u00e9rences d\u2019\u00e9cran. La dur\u00e9e de vie d\u2019un cookie de connexion est de deux jours, celle d\u2019un cookie d\u2019option d\u2019\u00e9cran est d\u2019un an. Si vous cochez \u00ab Se souvenir de moi \u00bb, votre cookie de connexion sera conserv\u00e9 pendant deux semaines. Si vous vous d\u00e9connectez de votre compte, le cookie de connexion sera effac\u00e9.<\/p>\n<p>En modifiant ou en publiant un article, un cookie suppl\u00e9mentaire sera enregistr\u00e9 dans votre navigateur. Ce cookie ne comprend aucune donn\u00e9e personnelle. Il indique simplement l\u2019identifiant de l\u2019article que vous venez de modifier. Il expire au bout d\u2019un jour.<\/p>\n<h2><strong>Contenu embarqu\u00e9 depuis d\u2019autres sites<\/strong><\/h2>\n<p>Les articles de ce site peuvent inclure des contenus int\u00e9gr\u00e9s (par exemple des vid\u00e9os, images, articles\u2026). Le contenu int\u00e9gr\u00e9 depuis d\u2019autres sites se comporte de la m\u00eame mani\u00e8re que si le visiteur se rendait sur cet autre site.<\/p>\n<p>Ces sites web pourraient collecter des donn\u00e9es sur vous, utiliser des cookies, embarquer des outils de suivis tiers, suivre vos interactions avec ces contenus embarqu\u00e9s si vous disposez d\u2019un compte connect\u00e9 sur leur site web.<\/p>\n<h2><strong>Utilisation et transmission de donn\u00e9es personnelles<\/strong><\/h2>\n<p>Le prestataire d&rsquo;hebergement (Rectorat de la R\u00e9union) a acc\u00e8s aux donn\u00e9es du site. Le site n&rsquo;utilise pas vos donn\u00e9es personnelles a des fins commerciales.<\/p>\n<h2><strong>Dur\u00e9es de stockage de vos donn\u00e9es<\/strong><\/h2>\n<p>Pour les utilisateurs et utilisatrices, nous stockons \u00e9galement des donn\u00e9es personnelles indiqu\u00e9es dans leur profil. Tous les utilisateurs et utilisatrices peuvent voir, modifier ou supprimer leurs informations personnelles \u00e0 tout moment (\u00e0 l\u2019exception de leur nom d\u2019utilisateur\u00b7ice). Les gestionnaires du site peuvent aussi voir et modifier ces informations.<\/p>\n<h2><strong>Les droits que vous avez sur vos donn\u00e9es<\/strong><\/h2>\n<p>Si vous avez un compte, vous pouvez demander \u00e0 recevoir un fichier contenant toutes les donn\u00e9es personnelles que nous poss\u00e9dons \u00e0 votre sujet, incluant celles que vous nous avez fournies. Vous pouvez \u00e9galement demander la suppression des donn\u00e9es personnelles vous concernant. Cela ne prend pas en compte les donn\u00e9es stock\u00e9es \u00e0 des fins administratives, l\u00e9gales ou pour des raisons de s\u00e9curit\u00e9.<\/p>\n<h2><strong>Transmission de vos donn\u00e9es personnelles<\/strong><\/h2>\n<p>Les donn\u00e9es ne sont pas transf\u00e9r\u00e9es en dehors de l\u2019Union Europ\u00e9enne.<\/p>\n<h2><strong>Informations de contact<\/strong><\/h2>\n<p>Pour toute demande concernant l\u2019acc\u00e8s, la modification ou la suppression de vos donn\u00e9es personnelles, vous pouvez nous contacter sur <a class=\"moz-txt-link-rfc2396E\">ce.9740654t@ac-reunion.fr<\/a><\/p>\n<p>&nbsp;<\/p>\n","protected":false},"excerpt":{"rendered":"<p>Qui sommes-nous ? Le site internet : https:\/\/etab.ac-reunion.fr\/clg-joseph-suacot\u00a0 est le site du coll\u00e8ge Joseph SUACOT Adresse postale :\u00a0Rue du Gymnase, Petite \u00cele 97429, La R\u00e9union T\u00e9l\u00e9phone :\u00a002 62 56 79 30 Directeur de la publication : Webmestre : Utilisation des donn\u00e9es personnelles collect\u00e9es Par d\u00e9faut,\u00a0WordPress ne collecte aucune donn\u00e9e personnelle\u2026<\/p>\n<p> <a class=\"continue-reading-link\" href=\"https:\/\/etab.ac-reunion.fr\/clg-joseph-suacot\/politique-de-confidentialite\/\"><span>Lire la suite<\/span><i class=\"crycon-right-dir\"><\/i><\/a> <\/p>\n","protected":false},"author":30369,"featured_media":0,"parent":0,"menu_order":0,"comment_status":"closed","ping_status":"closed","template":"","meta":{"footnotes":"","_links_to":"","_links_to_target":""},"class_list":["post-6124","page","type-page","status-publish","hentry"],"_links":{"self":[{"href":"https:\/\/etab.ac-reunion.fr\/clg-joseph-suacot\/wp-json\/wp\/v2\/pages\/6124","targetHints":{"allow":["GET"]}}],"collection":[{"href":"https:\/\/etab.ac-reunion.fr\/clg-joseph-suacot\/wp-json\/wp\/v2\/pages"}],"about":[{"href":"https:\/\/etab.ac-reunion.fr\/clg-joseph-suacot\/wp-json\/wp\/v2\/types\/page"}],"author":[{"embeddable":true,"href":"https:\/\/etab.ac-reunion.fr\/clg-joseph-suacot\/wp-json\/wp\/v2\/users\/30369"}],"replies":[{"embeddable":true,"href":"https:\/\/etab.ac-reunion.fr\/clg-joseph-suacot\/wp-json\/wp\/v2\/comments?post=6124"}],"version-history":[{"count":1,"href":"https:\/\/etab.ac-reunion.fr\/clg-joseph-suacot\/wp-json\/wp\/v2\/pages\/6124\/revisions"}],"predecessor-version":[{"id":6126,"href":"https:\/\/etab.ac-reunion.fr\/clg-joseph-suacot\/wp-json\/wp\/v2\/pages\/6124\/revisions\/6126"}],"wp:attachment":[{"href":"https:\/\/etab.ac-reunion.fr\/clg-joseph-suacot\/wp-json\/wp\/v2\/media?parent=6124"}],"curies":[{"name":"wp","href":"https:\/\/api.w.org\/{rel}","templated":true}]}}