{"id":6441,"date":"2025-01-14T07:36:25","date_gmt":"2025-01-14T06:36:25","guid":{"rendered":"https:\/\/etab.ac-reunion.fr\/clg-joseph-suacot\/?page_id=6441"},"modified":"2026-01-21T10:40:17","modified_gmt":"2026-01-21T09:40:17","slug":"deuxieme-semestre-de-troisieme-les-trois-grandes-etapes-necessaires-pour-lentree-au-lycee","status":"publish","type":"page","link":"https:\/\/etab.ac-reunion.fr\/clg-joseph-suacot\/deuxieme-semestre-de-troisieme-les-trois-grandes-etapes-necessaires-pour-lentree-au-lycee\/","title":{"rendered":"Deuxi\u00e8me trimestre de Troisi\u00e8me : les grandes \u00e9tapes n\u00e9cessaires pour l\u2019entr\u00e9e au Lyc\u00e9e"},"content":{"rendered":"<p><em>Avertissement : cet article sera mis \u00e0 jour r\u00e9guli\u00e8rement, en fonction de la publication officielle des diff\u00e9rentes dates. A chaque \u00e9tape, vous serez inform\u00e9s par le professeur principal de la classe, par pronote et par SMS. Il est important qu&rsquo;au moins un des responsables l\u00e9gaux poss\u00e8de un compte EduConnect fonctionnel. En cas de difficult\u00e9, vous pouvez demander de l&rsquo;aide \u00e0 M. LORION, AED Tice.<br \/>\n<\/em><\/p>\n<p>D\u00e8s la rentr\u00e9e de janvier, les op\u00e9rations li\u00e9es au passage au lyc\u00e9e d\u00e9butent pour se terminer au mois de juillet. Elles sont de trois types : l&rsquo;orientation, l&rsquo;affectation et l&rsquo;inscription. Toutes ces op\u00e9rations se feront en ligne, via les T\u00e9l\u00e9services, en utilisant les codes EduConnect d&rsquo;un responsable l\u00e9gal.<br \/>\nUn seul des repr\u00e9sentants l\u00e9gaux de l\u2019\u00e9l\u00e8ve peut faire la saisie des choix d\u2019orientation. L\u2019un ou l\u2019autre des repr\u00e9sentants l\u00e9gaux pourra voir l\u2019avis du conseil de classe sur les voies d\u2019orientation choisies. En cas de difficult\u00e9 les responsables l\u00e9gaux peuvent s\u2019adresser au chef d\u2019\u00e9tablissement.<\/p>\n<h4><strong>ORIENTATION : PHASE PROVISOIRE (du 21\/01\/2026 au 21\/02\/2026)<\/strong><\/h4>\n<p>Ce terme d\u00e9signe le dialogue entre la famille et le conseil de classe concernant le type de formation souhait\u00e9e apr\u00e8s la troisi\u00e8me. Il existe 3 possibilit\u00e9s, pour une suite d&rsquo;\u00e9tude en lyc\u00e9e ou lyc\u00e9e professionnel (y compris agricole) :<br \/>\n&#8211; la premi\u00e8re ann\u00e9e de CAP (formation en deux ans en lyc\u00e9e professionnel, certaines places sont r\u00e9serv\u00e9es pour des \u00e9l\u00e8ves d&rsquo;ULIS et de SEGPA)<br \/>\n&#8211; la seconde professionnelle (formation en trois ans en lyc\u00e9e professionnel, certaines places sont r\u00e9serv\u00e9es pour les \u00e9l\u00e8ves de troisi\u00e8me Pr\u00e9pa-M\u00e9tiers)<br \/>\n&#8211; la seconde g\u00e9n\u00e9rale et technologique (formation en trois ans en lyc\u00e9e g\u00e9n\u00e9ral et technologique)<\/p>\n<p>Lors de l&rsquo;expression des voeux, la famille devra indiquer, en les classant, les types de formations souhait\u00e9es pour l&rsquo;\u00e9l\u00e8ve.<\/p>\n<p>la demande des famille se fait avant le conseil de classe du trimestre 2. Le conseil de classe se prononce sur cette intention (avis favorable ou d\u00e9favorable et \u00e9ventuellement proposition d&rsquo;une orientation non choisie par la famille). La proc\u00e9dure est expliqu\u00e9e dans le diaporama suivant : <a href=\"https:\/\/etab.ac-reunion.fr\/clg-joseph-suacot\/wp-content\/uploads\/sites\/143\/2025\/01\/2024-2025_orientation_phase-provisoire.pdf\">orientation_phase provisoire<\/a><\/p>\n<h4><strong>ORIENTATION : phase d\u00e9finitive et AFFECTATION (\u00e0 venir, apr\u00e8s le conseil de classe du second trimestre)<\/strong><\/h4>\n<p>A partir du 5 mai, vous pourrez vous connecter au menu \u00ab Orientation \u00bb depuis la page d\u2019accueil des t\u00e9l\u00e9services (acc\u00e8s avec un compte Educonnect parent)<\/p>\n<p><img loading=\"lazy\" decoding=\"async\" class=\"wp-image-6724 size-full aligncenter\" src=\"https:\/\/etab.ac-reunion.fr\/clg-joseph-suacot\/wp-content\/uploads\/sites\/143\/2025\/05\/orientation1.jpg\" alt=\"\" width=\"1345\" height=\"575\" srcset=\"https:\/\/etab.ac-reunion.fr\/clg-joseph-suacot\/wp-content\/uploads\/sites\/143\/2025\/05\/orientation1.jpg 1345w, https:\/\/etab.ac-reunion.fr\/clg-joseph-suacot\/wp-content\/uploads\/sites\/143\/2025\/05\/orientation1-300x128.jpg 300w, https:\/\/etab.ac-reunion.fr\/clg-joseph-suacot\/wp-content\/uploads\/sites\/143\/2025\/05\/orientation1-1024x438.jpg 1024w, https:\/\/etab.ac-reunion.fr\/clg-joseph-suacot\/wp-content\/uploads\/sites\/143\/2025\/05\/orientation1-768x328.jpg 768w, https:\/\/etab.ac-reunion.fr\/clg-joseph-suacot\/wp-content\/uploads\/sites\/143\/2025\/05\/orientation1-150x64.jpg 150w\" sizes=\"auto, (max-width: 1345px) 100vw, 1345px\" \/><\/p>\n<p>Choisissez le bouton \u00ab\u00a0Orientation\u00a0\u00bb<\/p>\n<p><img loading=\"lazy\" decoding=\"async\" class=\"wp-image-6725 size-full aligncenter\" src=\"https:\/\/etab.ac-reunion.fr\/clg-joseph-suacot\/wp-content\/uploads\/sites\/143\/2025\/05\/orientation2.jpg\" alt=\"\" width=\"1211\" height=\"868\" srcset=\"https:\/\/etab.ac-reunion.fr\/clg-joseph-suacot\/wp-content\/uploads\/sites\/143\/2025\/05\/orientation2.jpg 1211w, https:\/\/etab.ac-reunion.fr\/clg-joseph-suacot\/wp-content\/uploads\/sites\/143\/2025\/05\/orientation2-300x215.jpg 300w, https:\/\/etab.ac-reunion.fr\/clg-joseph-suacot\/wp-content\/uploads\/sites\/143\/2025\/05\/orientation2-1024x734.jpg 1024w, https:\/\/etab.ac-reunion.fr\/clg-joseph-suacot\/wp-content\/uploads\/sites\/143\/2025\/05\/orientation2-768x550.jpg 768w, https:\/\/etab.ac-reunion.fr\/clg-joseph-suacot\/wp-content\/uploads\/sites\/143\/2025\/05\/orientation2-150x108.jpg 150w\" sizes=\"auto, (max-width: 1211px) 100vw, 1211px\" \/><\/p>\n<p>Ensuite, cliquez sur \u00ab\u00a0Formulez vos demandes\u00a0\u00bb<\/p>\n<p><img loading=\"lazy\" decoding=\"async\" class=\"alignnone wp-image-6726 size-full aligncenter\" src=\"https:\/\/etab.ac-reunion.fr\/clg-joseph-suacot\/wp-content\/uploads\/sites\/143\/2025\/05\/orientation3.jpg\" alt=\"\" width=\"1199\" height=\"1770\" srcset=\"https:\/\/etab.ac-reunion.fr\/clg-joseph-suacot\/wp-content\/uploads\/sites\/143\/2025\/05\/orientation3.jpg 1199w, https:\/\/etab.ac-reunion.fr\/clg-joseph-suacot\/wp-content\/uploads\/sites\/143\/2025\/05\/orientation3-203x300.jpg 203w, https:\/\/etab.ac-reunion.fr\/clg-joseph-suacot\/wp-content\/uploads\/sites\/143\/2025\/05\/orientation3-694x1024.jpg 694w, https:\/\/etab.ac-reunion.fr\/clg-joseph-suacot\/wp-content\/uploads\/sites\/143\/2025\/05\/orientation3-768x1134.jpg 768w, https:\/\/etab.ac-reunion.fr\/clg-joseph-suacot\/wp-content\/uploads\/sites\/143\/2025\/05\/orientation3-1040x1536.jpg 1040w, https:\/\/etab.ac-reunion.fr\/clg-joseph-suacot\/wp-content\/uploads\/sites\/143\/2025\/05\/orientation3-102x150.jpg 102w\" sizes=\"auto, (max-width: 1199px) 100vw, 1199px\" \/><\/p>\n<p>D\u00e9couvrez les formations et formulez vos demandes :<\/p>\n<p><img loading=\"lazy\" decoding=\"async\" class=\"alignnone wp-image-6727 size-full aligncenter\" src=\"https:\/\/etab.ac-reunion.fr\/clg-joseph-suacot\/wp-content\/uploads\/sites\/143\/2025\/05\/orientation4.jpg\" alt=\"\" width=\"1362\" height=\"584\" srcset=\"https:\/\/etab.ac-reunion.fr\/clg-joseph-suacot\/wp-content\/uploads\/sites\/143\/2025\/05\/orientation4.jpg 1362w, https:\/\/etab.ac-reunion.fr\/clg-joseph-suacot\/wp-content\/uploads\/sites\/143\/2025\/05\/orientation4-300x129.jpg 300w, https:\/\/etab.ac-reunion.fr\/clg-joseph-suacot\/wp-content\/uploads\/sites\/143\/2025\/05\/orientation4-1024x439.jpg 1024w, https:\/\/etab.ac-reunion.fr\/clg-joseph-suacot\/wp-content\/uploads\/sites\/143\/2025\/05\/orientation4-768x329.jpg 768w, https:\/\/etab.ac-reunion.fr\/clg-joseph-suacot\/wp-content\/uploads\/sites\/143\/2025\/05\/orientation4-150x64.jpg 150w\" sizes=\"auto, (max-width: 1362px) 100vw, 1362px\" \/><\/p>\n<p>Par exemples :<\/p>\n<p>Si vous d\u00e9sirez trouver la \u00ab\u00a0seconde g\u00e9n\u00e9rale et technologique\u00a0\u00bb du lyc\u00e9e Pierre Poivre \u00e0 Saint-Joseph, vous pouvez indiquer dans le champ \u00ab\u00a0QUOI\u00a0\u00bb : <em>seconde pierre poivre<\/em> et dans le champ \u00ab\u00a0O\u00f9\u00a0\u00bb : <em>Saint Joseph<\/em><\/p>\n<p>Si vous indiquez dans le champ \u00ab\u00a0QUOI\u00a0\u00bb : <em>seconde Roland Garros<\/em> et dans le champ \u00ab\u00a0O\u00f9\u00a0\u00bb : <em>Tampon<\/em>, vous obtiendrez comme r\u00e9sultats les 7 classes de seconde possibles pour ce lyc\u00e9e :<br \/>\n1 &#8211; Classe de seconde g\u00e9n\u00e9rale et technologique section binationale BACHIBAC<br \/>\n2 &#8211; Classe de seconde g\u00e9n\u00e9rale et technologique section binationale ABIBAC<br \/>\n3 &#8211; CAP \u00e9lectricien<br \/>\n4 &#8211; Bac pro accompagnement, soins et services \u00e0 la personne pour 3\u00e8me pr\u00e9pa-m\u00e9tiers<br \/>\n5 &#8211; Classe de 2de professionnelle m\u00e9tiers des transitions num\u00e9rique et \u00e9nerg\u00e9tique<br \/>\n6 &#8211; Bac pro accompagnement, soins et services \u00e0 la personne<br \/>\n7 &#8211; Classe de 2de g\u00e9n\u00e9rale et technologique<\/p>\n<p>Dans cet exemple, le choix num\u00e9ro 4 et le choix num\u00e9ro 6 correspondent \u00e0 la m\u00eame formation. La diff\u00e9rence, est que les \u00e9l\u00e8ves de pr\u00e9pa-m\u00e9tiers doivent choisir la proposition 4 et les autres \u00e9l\u00e8ves de troisi\u00e8me, la proposition 6<\/p>\n<p><strong>Pour faciliter vos recherches, vous pouvez vous aider du guide \u00ab\u00a0ORIENT&rsquo;ANOU\u00a0\u00bb qui a \u00e9t\u00e9 distribu\u00e9 aux \u00e9l\u00e8ves de troisi\u00e8me apr\u00e8s l&rsquo;oral blanc du brevet, le 2 mai<\/strong>.<\/p>\n<p>Lorsque vous avez trouv\u00e9 la formation recherch\u00e9e, ajoutez la \u00e0 vos voeux.<\/p>\n<p><img loading=\"lazy\" decoding=\"async\" class=\"wp-image-6728 size-full aligncenter\" src=\"https:\/\/etab.ac-reunion.fr\/clg-joseph-suacot\/wp-content\/uploads\/sites\/143\/2025\/05\/orientation5.jpg\" alt=\"\" width=\"1001\" height=\"649\" srcset=\"https:\/\/etab.ac-reunion.fr\/clg-joseph-suacot\/wp-content\/uploads\/sites\/143\/2025\/05\/orientation5.jpg 1001w, https:\/\/etab.ac-reunion.fr\/clg-joseph-suacot\/wp-content\/uploads\/sites\/143\/2025\/05\/orientation5-300x195.jpg 300w, https:\/\/etab.ac-reunion.fr\/clg-joseph-suacot\/wp-content\/uploads\/sites\/143\/2025\/05\/orientation5-768x498.jpg 768w, https:\/\/etab.ac-reunion.fr\/clg-joseph-suacot\/wp-content\/uploads\/sites\/143\/2025\/05\/orientation5-150x97.jpg 150w\" sizes=\"auto, (max-width: 1001px) 100vw, 1001px\" \/><\/p>\n<p>Vous pouvez classer vos voeux \u00e0 l&rsquo;aide des fl\u00e8ches plac\u00e9es \u00e0 gauche de chaque formation demand\u00e9e :<\/p>\n<p><img loading=\"lazy\" decoding=\"async\" class=\"wp-image-6729 size-full aligncenter\" src=\"https:\/\/etab.ac-reunion.fr\/clg-joseph-suacot\/wp-content\/uploads\/sites\/143\/2025\/05\/orientation6.jpg\" alt=\"\" width=\"1865\" height=\"899\" srcset=\"https:\/\/etab.ac-reunion.fr\/clg-joseph-suacot\/wp-content\/uploads\/sites\/143\/2025\/05\/orientation6.jpg 1865w, https:\/\/etab.ac-reunion.fr\/clg-joseph-suacot\/wp-content\/uploads\/sites\/143\/2025\/05\/orientation6-300x145.jpg 300w, https:\/\/etab.ac-reunion.fr\/clg-joseph-suacot\/wp-content\/uploads\/sites\/143\/2025\/05\/orientation6-1024x494.jpg 1024w, https:\/\/etab.ac-reunion.fr\/clg-joseph-suacot\/wp-content\/uploads\/sites\/143\/2025\/05\/orientation6-768x370.jpg 768w, https:\/\/etab.ac-reunion.fr\/clg-joseph-suacot\/wp-content\/uploads\/sites\/143\/2025\/05\/orientation6-1536x740.jpg 1536w, https:\/\/etab.ac-reunion.fr\/clg-joseph-suacot\/wp-content\/uploads\/sites\/143\/2025\/05\/orientation6-150x72.jpg 150w\" sizes=\"auto, (max-width: 1865px) 100vw, 1865px\" \/><\/p>\n<p>Il est possible de formuler 10 voeux. Ceci est utile pour les \u00e9l\u00e8ves qui demandent des formations tr\u00e8s sollicit\u00e9es comme les formations d\u00e9bouchant sur les m\u00e9tiers de la petite enfance, de la s\u00e9curit\u00e9, de la beaut\u00e9 ou de l&rsquo;hotellerie-restauration.<\/p>\n<p><strong>N&rsquo;oubliez-pas d&rsquo;enregistrer vos demandes !<\/strong><\/p>\n<h4><strong>Etape suivante : apr\u00e8s le conseil de classe du second semestre<\/strong><\/h4>\n<p>Pour chaque formation choisie, le conseil de classe examine la voie d\u2019orientation correspondante. La d\u00e9cision d\u2019orientation du chef d\u2019\u00e9tablissement est d\u00e9terminante pour pouvoir poursuivre la demande d\u2019admission dans une formation relevant de cette voie. Par exemple: Si l\u2019\u00e9l\u00e8ve et sa famille ont demand\u00e9 une seconde g\u00e9n\u00e9rale et technologique mais que l\u2019avis du conseil de classe ne valide pas ce choix d\u2019orientation, l\u2019\u00e9l\u00e8ve ne pourra pas \u00eatre admis en seconde g\u00e9n\u00e9rale et technologique.<\/p>\n<p>Formuler une demande n&rsquo;assure pas toujours une place dans un \u00e9tablissement et les enseignements ou sp\u00e9cialit\u00e9s de son choix. La demande valid\u00e9e par la d\u00e9cision d\u2019orientation du chef d\u2019\u00e9tablissement est satisfaite dans la limite des places disponibles. C&rsquo;est la raison pour laquelle il est conseill\u00e9 de formuler plusieurs demandes.<\/p>\n<h4><strong>D\u00e9cision d&rsquo;affectation<\/strong><\/h4>\n<p>Le 27 juin 2025 apr\u00e8s l&rsquo;\u00e9preuve du DNB<\/p>\n<h4><strong>Inscription<\/strong><\/h4>\n<p>Pour la quasi totalit\u00e9 des Lyc\u00e9es, l&rsquo;inscription se fait en ligne, y compris le choix des enseignements optionnels. L&rsquo;inscription sera ouverte juste apr\u00e8s la publication des r\u00e9sultats de l&rsquo;affectation, g\u00e9n\u00e9ralement, fin juin. Certains \u00e9tablissements demandent aux familles de se rendre n\u00e9anmoins sur place pour fournir certaines pi\u00e8ces du dossier d&rsquo;inscription.<\/p>\n","protected":false},"excerpt":{"rendered":"<p>Avertissement : cet article sera mis \u00e0 jour r\u00e9guli\u00e8rement, en fonction de la publication officielle des diff\u00e9rentes dates. A chaque \u00e9tape, vous serez inform\u00e9s par le professeur principal de la classe, par pronote et par SMS. Il est important qu&rsquo;au moins un des responsables l\u00e9gaux poss\u00e8de un compte EduConnect fonctionnel.\u2026<\/p>\n<p> <a class=\"continue-reading-link\" href=\"https:\/\/etab.ac-reunion.fr\/clg-joseph-suacot\/deuxieme-semestre-de-troisieme-les-trois-grandes-etapes-necessaires-pour-lentree-au-lycee\/\"><span>Lire la suite<\/span><i class=\"crycon-right-dir\"><\/i><\/a> <\/p>\n","protected":false},"author":27988,"featured_media":0,"parent":0,"menu_order":0,"comment_status":"closed","ping_status":"closed","template":"","meta":{"footnotes":"","_links_to":"","_links_to_target":""},"class_list":["post-6441","page","type-page","status-publish","hentry"],"_links":{"self":[{"href":"https:\/\/etab.ac-reunion.fr\/clg-joseph-suacot\/wp-json\/wp\/v2\/pages\/6441","targetHints":{"allow":["GET"]}}],"collection":[{"href":"https:\/\/etab.ac-reunion.fr\/clg-joseph-suacot\/wp-json\/wp\/v2\/pages"}],"about":[{"href":"https:\/\/etab.ac-reunion.fr\/clg-joseph-suacot\/wp-json\/wp\/v2\/types\/page"}],"author":[{"embeddable":true,"href":"https:\/\/etab.ac-reunion.fr\/clg-joseph-suacot\/wp-json\/wp\/v2\/users\/27988"}],"replies":[{"embeddable":true,"href":"https:\/\/etab.ac-reunion.fr\/clg-joseph-suacot\/wp-json\/wp\/v2\/comments?post=6441"}],"version-history":[{"count":16,"href":"https:\/\/etab.ac-reunion.fr\/clg-joseph-suacot\/wp-json\/wp\/v2\/pages\/6441\/revisions"}],"predecessor-version":[{"id":7144,"href":"https:\/\/etab.ac-reunion.fr\/clg-joseph-suacot\/wp-json\/wp\/v2\/pages\/6441\/revisions\/7144"}],"wp:attachment":[{"href":"https:\/\/etab.ac-reunion.fr\/clg-joseph-suacot\/wp-json\/wp\/v2\/media?parent=6441"}],"curies":[{"name":"wp","href":"https:\/\/api.w.org\/{rel}","templated":true}]}}