{"id":6479,"date":"2025-01-21T09:13:56","date_gmt":"2025-01-21T08:13:56","guid":{"rendered":"https:\/\/etab.ac-reunion.fr\/clg-joseph-suacot\/?page_id=6479"},"modified":"2025-03-20T10:17:12","modified_gmt":"2025-03-20T09:17:12","slug":"journees-portes-ouvertes","status":"publish","type":"page","link":"https:\/\/etab.ac-reunion.fr\/clg-joseph-suacot\/journees-portes-ouvertes\/","title":{"rendered":"Journ\u00e9es portes ouvertes"},"content":{"rendered":"<p>Voici les informations concernant les journ\u00e9es portes ouvertes des \u00e9tablissements de la r\u00e9gion qui pourraient int\u00e9resser les \u00e9l\u00e8ves du coll\u00e8ge :<\/p>\n<p><strong>Maisons familiales et rurales (MFR) : 21 et 22 f\u00e9vrier 2025, pour toutes les MFR de l&rsquo;\u00eele.<\/strong><br \/>\nMFR de Saint-Pierre, de 8 h \u00e0 16 h, au 1 rue SITA &#8211; Ligne des Bambous &#8211; 97432 Ravine des Cabris &#8211; t\u00e9l : 0262 49 77 25 &#8211; mail : mfr.ravine-des-cabris@mfr.asso.fr : 4\u00e8me et 3\u00e8me de l&rsquo;enseignement agricole, CAP M\u00e9tiers de l&rsquo;agriculture et CAP jardiniers paysagistes, BAC PRO gestion des milieux naturels et de la faune<\/p>\n<p><strong>Ecole d&rsquo;Apprentissage Maritime de la R\u00e9union (EAM)<\/strong> organise sa journ\u00e9e porte ouverte le : Samedi 22 f\u00e9vrier 2025 de 8h00 \u00e0 12h00 ; https:\/\/ecolemaritime.re\/<\/p>\n<p><strong>EPLEFPA de Saint-Joseph (lyc\u00e9e agricole)<\/strong> organise sa Journ\u00e9e Portes ouvertes le 29 mars 2025<br \/>\nCet \u00e9v\u00e8nement, qui se tiendra de 9h \u00e0 16h30 offre une occasion pour les futurs \u00e9tudiants, leurs familles et le grand public de d\u00e9couvrir nos installations, nos programmes \u00e9ducatifs et nos projets.<br \/>\nProgramme de la journ\u00e9e :<br \/>\n* Visites guid\u00e9es des installations: d\u00e9couvrez nos salles de classe, nos laboratoires sp\u00e9cialis\u00e9s, nos programmes \u00e9ducatifs et notre exploitation et notre Boutique de vente des produits de la ferme.<br \/>\n*Rencontres avec les enseignants et les \u00e9tudiants: Echangez avec notre \u00e9quipe p\u00e9dagogique et \u00e9tudiants pour en apprendre davantage sur nos cursus et la vie scolaire.<br \/>\n*Ateliers et d\u00e9monstrations: participez \u00e0 des ateliers pratiques et assistez \u00e0 des d\u00e9monstrations de techniques agricoles.<br \/>\n* Stands d\u2019informations: obtenez des renseignements sur les admissions, les bourses et les transports.<br \/>\n* Animations et d\u00e9gustations: profitez d\u2019animations ludiques et d\u00e9gustez des produits frais issus de nos productions.<\/p>\n<p><strong>Chambre M\u00e9tiers et de l&rsquo;artisanat<\/strong> (Saint-Pierre : 65 rue du p\u00e8re Lafosse) organise sa journ\u00e9e portes ouvertes, le jeudi 17 avril 2024 de 8h30 \u00e0 15h30. Nous aurons le plaisir de vous accueillir sur tous nos plateaux techniques :<br \/>\nPATISSERIE<br \/>\nCOIFFURE<br \/>\nESTHETIQUE<br \/>\nMACONNERIE<br \/>\nMECANIQUE \u2013 Voitures, Transports Routiers, Motos<br \/>\nCARROSSERIE \u2013 R\u00e9parations et Peinture<\/p>\n<p>&nbsp;<\/p>\n<p>&nbsp;<\/p>\n<p>&nbsp;<\/p>\n","protected":false},"excerpt":{"rendered":"<p>Voici les informations concernant les journ\u00e9es portes ouvertes des \u00e9tablissements de la r\u00e9gion qui pourraient int\u00e9resser les \u00e9l\u00e8ves du coll\u00e8ge : Maisons familiales et rurales (MFR) : 21 et 22 f\u00e9vrier 2025, pour toutes les MFR de l&rsquo;\u00eele. MFR de Saint-Pierre, de 8 h \u00e0 16 h, au 1 rue\u2026<\/p>\n<p> <a class=\"continue-reading-link\" href=\"https:\/\/etab.ac-reunion.fr\/clg-joseph-suacot\/journees-portes-ouvertes\/\"><span>Lire la suite<\/span><i class=\"crycon-right-dir\"><\/i><\/a> <\/p>\n","protected":false},"author":27988,"featured_media":0,"parent":0,"menu_order":0,"comment_status":"closed","ping_status":"closed","template":"","meta":{"footnotes":"","_links_to":"","_links_to_target":""},"class_list":["post-6479","page","type-page","status-publish","hentry"],"_links":{"self":[{"href":"https:\/\/etab.ac-reunion.fr\/clg-joseph-suacot\/wp-json\/wp\/v2\/pages\/6479","targetHints":{"allow":["GET"]}}],"collection":[{"href":"https:\/\/etab.ac-reunion.fr\/clg-joseph-suacot\/wp-json\/wp\/v2\/pages"}],"about":[{"href":"https:\/\/etab.ac-reunion.fr\/clg-joseph-suacot\/wp-json\/wp\/v2\/types\/page"}],"author":[{"embeddable":true,"href":"https:\/\/etab.ac-reunion.fr\/clg-joseph-suacot\/wp-json\/wp\/v2\/users\/27988"}],"replies":[{"embeddable":true,"href":"https:\/\/etab.ac-reunion.fr\/clg-joseph-suacot\/wp-json\/wp\/v2\/comments?post=6479"}],"version-history":[{"count":7,"href":"https:\/\/etab.ac-reunion.fr\/clg-joseph-suacot\/wp-json\/wp\/v2\/pages\/6479\/revisions"}],"predecessor-version":[{"id":6586,"href":"https:\/\/etab.ac-reunion.fr\/clg-joseph-suacot\/wp-json\/wp\/v2\/pages\/6479\/revisions\/6586"}],"wp:attachment":[{"href":"https:\/\/etab.ac-reunion.fr\/clg-joseph-suacot\/wp-json\/wp\/v2\/media?parent=6479"}],"curies":[{"name":"wp","href":"https:\/\/api.w.org\/{rel}","templated":true}]}}