{"id":72,"date":"2016-06-28T08:24:20","date_gmt":"2016-06-28T07:24:20","guid":{"rendered":"http:\/\/college-joseph-suacot.ac-reunion.fr\/?page_id=72"},"modified":"2025-09-01T14:45:07","modified_gmt":"2025-09-01T13:45:07","slug":"organigramme-du-college","status":"publish","type":"page","link":"https:\/\/etab.ac-reunion.fr\/clg-joseph-suacot\/informations\/organigramme-du-college\/","title":{"rendered":"Ann\u00e9e scolaire 2025-2026 Organigramme du coll\u00e8ge"},"content":{"rendered":"\r\n<div align=\"center\">\r\n<div align=\"center\">\u00a0<\/div>\r\n<\/div>\r\n<p>&nbsp;<\/p>\r\n<p>&nbsp;<\/p>\r\n<table style=\"height: 1600px\" border=\"0\" width=\"1400\">\r\n<tbody>\r\n<tr>\r\n<td colspan=\"5\" bgcolor=\"#00CC00\">\r\n<div align=\"center\">\r\n<p style=\"color: white\">Principal<\/p>\r\n<p style=\"color: white\">Samuel COUTEYEN CARPAYE<\/p>\r\n<\/div>\r\n<\/td>\r\n<\/tr>\r\n<tr>\r\n<td colspan=\"1\">\u00a0<\/td>\r\n<\/tr>\r\n<tr>\r\n<td colspan=\"5\" bgcolor=\"#00FF99\">\r\n<div align=\"center\">\r\n<p style=\"color: white\">Principale adjointe<\/p>\r\n<p style=\"color: white\">Jean-Pierre CLOTILDE<\/p>\r\n<\/div>\r\n<\/td>\r\n<\/tr>\r\n<tr>\r\n<td colspan=\"1\">\u00a0<\/td>\r\n<\/tr>\r\n<tr>\r\n<td colspan=\"3\" bgcolor=\"#FF0000\">\r\n<div style=\"color: white\" align=\"center\">ADMINISTRATIF<\/div>\r\n<\/td>\r\n<td colspan=\"3\" bgcolor=\"#6699FF\">\r\n<div align=\"center\">\u00a0<\/div>\r\n<div style=\"color: white\" align=\"center\">PEDAGOGIE<\/div>\r\n<div align=\"center\">\u00a0<\/div>\r\n<\/td>\r\n<\/tr>\r\n<tr>\r\n<td colspan=\"1\" bgcolor=\"#FF6699\" width=\"124\">\r\n<p style=\"color: white\" align=\"center\">Secr\u00e9tariat de Direction<\/p>\r\n<p style=\"color: white\" align=\"center\">Corine HOAREAU<\/p>\r\n<\/td>\r\n<td bgcolor=\"#FF3366\" width=\"400\">\r\n<div align=\"center\">\r\n<p style=\"color: white\">Gestionnaire<\/p>\r\n<p style=\"color: white\">Juliane CLAIN<\/p>\r\n<p style=\"color: white\">Secr\u00e9tariat de gestion<\/p>\r\n<p style=\"color: white\">Pascaline HOAREAU<\/p>\r\n<\/div>\r\n<\/td>\r\n<td colspan=\"1\" bgcolor=\"#FF9900\">\r\n<div align=\"center\">\r\n<p style=\"color: white\">CPE<\/p>\r\n<p style=\"color: white\">Annie\u00a0TIBER<\/p>\r\n<p style=\"color: white\">Samantha ATIAMAN<\/p>\r\n<\/div>\r\n<\/td>\r\n<td colspan=\"1\" bgcolor=\"#0099FF\">\r\n<div style=\"color: white\" align=\"center\">PROFESSEURS<\/div>\r\n<div align=\"center\">\u00a0<\/div>\r\n<\/td>\r\n<\/tr>\r\n<tr>\r\n<td bgcolor=\"#FF6699\">\r\n<p style=\"color: white\" align=\"center\">Conseiller(\u00e8re) d&rsquo;orientation COPSY<\/p>\r\n<p style=\"color: white\" align=\"center\">Mme MOREL<\/p>\r\n<\/td>\r\n<td style=\"text-align: center\">A.T.T.EE\r\n<p>Teddy TURPIN &#8211; Paul HOAREAU &#8211; Joseph HOAREAU &#8211; Sandra MONGLAU &#8211; Daniel VIRAMA &#8211; Aur\u00e9lie PAYET<\/p>\r\n<\/td>\r\n<td style=\"text-align: center\" bgcolor=\"#FF9900\">\r\n<p style=\"color: white\">AED<\/p>\r\n<p style=\"color: white\">Alison HOARAU &#8211; Anne Ga\u00eblle GRONDIN &#8211;<\/p>\r\n<p style=\"color: white\">Chelsea PAYET &#8211; Cl\u00e9mence HOARAU &#8211; Farida ROBERT &#8211;<\/p>\r\n<p style=\"color: white\">Florence PAYET &#8211; Gr\u00e9gory PAYET &#8211; K\u00e9vin RAGOT &#8211; Stan GESNEL<\/p>\r\n<\/td>\r\n<td colspan=\"2\" bgcolor=\"#0099FF\">\r\n<div align=\"center\">\r\n<p style=\"color: white\">Documentaliste<\/p>\r\n<p style=\"color: white\">Fr\u00e9d\u00e9rique TRILLARD<\/p>\r\n<\/div>\r\n<div align=\"center\">\u00a0<\/div>\r\n<\/td>\r\n<\/tr>\r\n<tr>\r\n<td bgcolor=\"#FF6699\">\r\n<p style=\"color: white\" align=\"center\">Infirmi\u00e8re<\/p>\r\n<p style=\"color: white\" align=\"center\">Laurence VELIA<\/p>\r\n<\/td>\r\n<td bgcolor=\"#FF3366\">\r\n<div align=\"center\">\r\n<p style=\"color: white\">AED TICE , Informaticienne \/ R\u00e9f\u00e9rente s\u00e9curit\u00e9 routi\u00e8re \/ R\u00e9f\u00e9rente PIX<\/p>\r\n<p style=\"color: white\">Damien LORION<\/p>\r\n<\/div>\r\n<\/td>\r\n<\/tr>\r\n<tr>\r\n<td bgcolor=\"#FF6699\">\r\n<p style=\"color: white\" align=\"center\">Assistante Sociale<\/p>\r\n<p style=\"color: white\" align=\"center\">Jimy PAYET<\/p>\r\n<\/td>\r\n<\/tr>\r\n<\/tbody>\r\n<\/table>\r\n","protected":false},"excerpt":{"rendered":"<p>\u00a0 &nbsp; &nbsp; Principal Samuel COUTEYEN CARPAYE \u00a0 Principale adjointe Jean-Pierre CLOTILDE \u00a0 ADMINISTRATIF \u00a0 PEDAGOGIE \u00a0 Secr\u00e9tariat de Direction Corine HOAREAU Gestionnaire Juliane CLAIN Secr\u00e9tariat de gestion Pascaline HOAREAU CPE Annie\u00a0TIBER Samantha ATIAMAN PROFESSEURS \u00a0 Conseiller(\u00e8re) d&rsquo;orientation COPSY Mme MOREL A.T.T.EE Teddy TURPIN &#8211; Paul HOAREAU &#8211; Joseph HOAREAU\u2026<\/p>\n<p> <a class=\"continue-reading-link\" href=\"https:\/\/etab.ac-reunion.fr\/clg-joseph-suacot\/informations\/organigramme-du-college\/\"><span>Lire la suite<\/span><i class=\"crycon-right-dir\"><\/i><\/a> <\/p>\n","protected":false},"author":11226,"featured_media":0,"parent":5,"menu_order":0,"comment_status":"closed","ping_status":"closed","template":"","meta":{"footnotes":"","_links_to":"","_links_to_target":""},"class_list":["post-72","page","type-page","status-publish","hentry"],"_links":{"self":[{"href":"https:\/\/etab.ac-reunion.fr\/clg-joseph-suacot\/wp-json\/wp\/v2\/pages\/72","targetHints":{"allow":["GET"]}}],"collection":[{"href":"https:\/\/etab.ac-reunion.fr\/clg-joseph-suacot\/wp-json\/wp\/v2\/pages"}],"about":[{"href":"https:\/\/etab.ac-reunion.fr\/clg-joseph-suacot\/wp-json\/wp\/v2\/types\/page"}],"author":[{"embeddable":true,"href":"https:\/\/etab.ac-reunion.fr\/clg-joseph-suacot\/wp-json\/wp\/v2\/users\/11226"}],"replies":[{"embeddable":true,"href":"https:\/\/etab.ac-reunion.fr\/clg-joseph-suacot\/wp-json\/wp\/v2\/comments?post=72"}],"version-history":[{"count":87,"href":"https:\/\/etab.ac-reunion.fr\/clg-joseph-suacot\/wp-json\/wp\/v2\/pages\/72\/revisions"}],"predecessor-version":[{"id":7051,"href":"https:\/\/etab.ac-reunion.fr\/clg-joseph-suacot\/wp-json\/wp\/v2\/pages\/72\/revisions\/7051"}],"up":[{"embeddable":true,"href":"https:\/\/etab.ac-reunion.fr\/clg-joseph-suacot\/wp-json\/wp\/v2\/pages\/5"}],"wp:attachment":[{"href":"https:\/\/etab.ac-reunion.fr\/clg-joseph-suacot\/wp-json\/wp\/v2\/media?parent=72"}],"curies":[{"name":"wp","href":"https:\/\/api.w.org\/{rel}","templated":true}]}}