{"id":16560,"date":"2024-05-31T13:45:57","date_gmt":"2024-05-31T09:45:57","guid":{"rendered":"https:\/\/etab.ac-reunion.fr\/clg-jules-solesse\/?page_id=16560"},"modified":"2026-04-13T15:37:56","modified_gmt":"2026-04-13T11:37:56","slug":"erasmus-au-college","status":"publish","type":"page","link":"https:\/\/etab.ac-reunion.fr\/clg-jules-solesse\/erasmus-au-college\/","title":{"rendered":"ERASMUS au Coll\u00e8ge"},"content":{"rendered":"<p style=\"text-align: center\"><span style=\"font-size: 26pt;font-family: trebuchet ms, geneva, sans-serif\"><img loading=\"lazy\" decoding=\"async\" class=\"wp-image-16565 alignleft\" src=\"https:\/\/etab.ac-reunion.fr\/clg-jules-solesse\/wp-content\/uploads\/sites\/151\/2024\/05\/bourse-erasmus-stage.jpg\" alt=\"\" width=\"377\" height=\"212\" srcset=\"https:\/\/etab.ac-reunion.fr\/clg-jules-solesse\/wp-content\/uploads\/sites\/151\/2024\/05\/bourse-erasmus-stage.jpg 1280w, https:\/\/etab.ac-reunion.fr\/clg-jules-solesse\/wp-content\/uploads\/sites\/151\/2024\/05\/bourse-erasmus-stage-300x169.jpg 300w, https:\/\/etab.ac-reunion.fr\/clg-jules-solesse\/wp-content\/uploads\/sites\/151\/2024\/05\/bourse-erasmus-stage-1024x576.jpg 1024w, https:\/\/etab.ac-reunion.fr\/clg-jules-solesse\/wp-content\/uploads\/sites\/151\/2024\/05\/bourse-erasmus-stage-768x432.jpg 768w, https:\/\/etab.ac-reunion.fr\/clg-jules-solesse\/wp-content\/uploads\/sites\/151\/2024\/05\/bourse-erasmus-stage-150x84.jpg 150w\" sizes=\"auto, (max-width: 377px) 100vw, 377px\" \/><\/span><\/p>\n<p><img loading=\"lazy\" decoding=\"async\" class=\"size-full wp-image-16562 alignright\" src=\"https:\/\/etab.ac-reunion.fr\/clg-jules-solesse\/wp-content\/uploads\/sites\/151\/2024\/05\/Erasmus.jpg\" alt=\"\" width=\"226\" height=\"249\" \/><\/p>\n<p>&nbsp;<\/p>\n<p>&nbsp;<\/p>\n<p>&nbsp;<\/p>\n<p><span style=\"font-size: 24pt;font-family: book antiqua, palatino, serif;color: #000080\">\u00a0\u00a0\u00a0\u00a0\u00a0\u00a0 LA PAGE ERASMUS DU COLL\u00c8GE<\/span><\/p>\n<p>&nbsp;<\/p>\n<hr \/>\n<p>&nbsp;<\/p>\n<hr \/>\n\n\n<div class=\"su-posts su-posts-default-loop \">\n\n\t\n\t\t\t\t\t\n\t\t\t\n\t\t\t<div id=\"su-post-18153\" class=\"su-post \">\n\n\t\t\t\t\t\t\t\t\t<a class=\"su-post-thumbnail\" href=\"https:\/\/etab.ac-reunion.fr\/clg-jules-solesse\/mobilite-erasmus-une-formation-a-florence-pour-enseigner-autrement\/\"><a href=\"https:\/\/etab.ac-reunion.fr\/clg-jules-solesse\/mobilite-erasmus-une-formation-a-florence-pour-enseigner-autrement\/\" title=\"Mobilit\u00e9 Erasmus+ : Une formation \u00e0 Florence pour enseigner autrement !\"><img loading=\"lazy\" decoding=\"async\" width=\"150\" height=\"65\" src=\"https:\/\/etab.ac-reunion.fr\/clg-jules-solesse\/wp-content\/uploads\/sites\/151\/2025\/06\/erasmus-italie-logo-150x65.png\" class=\"attachment-post-thumbnail size-post-thumbnail wp-post-image\" alt=\"\" srcset=\"https:\/\/etab.ac-reunion.fr\/clg-jules-solesse\/wp-content\/uploads\/sites\/151\/2025\/06\/erasmus-italie-logo-150x65.png 150w, https:\/\/etab.ac-reunion.fr\/clg-jules-solesse\/wp-content\/uploads\/sites\/151\/2025\/06\/erasmus-italie-logo-300x130.png 300w, https:\/\/etab.ac-reunion.fr\/clg-jules-solesse\/wp-content\/uploads\/sites\/151\/2025\/06\/erasmus-italie-logo.png 547w\" sizes=\"auto, (max-width: 150px) 100vw, 150px\" \/><\/a><\/a>\n\t\t\t\t\n\t\t\t\t<h2 class=\"su-post-title\"><a href=\"https:\/\/etab.ac-reunion.fr\/clg-jules-solesse\/mobilite-erasmus-une-formation-a-florence-pour-enseigner-autrement\/\">Mobilit\u00e9 Erasmus+ : Une formation \u00e0 Florence pour enseigner autrement !<\/a><\/h2>\n\n\t\t\t\t<div class=\"su-post-meta\">\n\t\t\t\t\tPubli\u00e9: 30 juin 2025\t\t\t\t<\/div>\n\n\t\t\t\t<div class=\"su-post-excerpt\">\n\t\t\t\t\t<p>Dans le cadre du plan Erasmus 2024-2025 du coll\u00e8ge Jules Solesse, deux enseignantes du coll\u00e8ge ont particip\u00e9s \u00e0 une formation europ\u00e9enne intitul\u00e9e \u201cGamification and Game-Based Learning\u201d, qui s\u2019est d\u00e9roul\u00e9e \u00e0 Florence du 12 au 17 mai 2025. L\u2019objectif de cette formation ? D\u00e9couvrir des m\u00e9thodes et des outils pour enseigner\u2026<\/p>\n<p class=\"continue-reading-button\"> <a class=\"continue-reading-link\" href=\"https:\/\/etab.ac-reunion.fr\/clg-jules-solesse\/mobilite-erasmus-une-formation-a-florence-pour-enseigner-autrement\/\">Continue reading<i class=\"crycon-right-dir\"><\/i><\/a><\/p>\n\t\t\t\t<\/div>\n\n\t\t\t\t\n\t\t\t<\/div>\n\n\t\t\t\t\t\n\t\t\t\n\t\t\t<div id=\"su-post-18125\" class=\"su-post \">\n\n\t\t\t\t\t\t\t\t\t<a class=\"su-post-thumbnail\" href=\"https:\/\/etab.ac-reunion.fr\/clg-jules-solesse\/erasmus-les-eleves-allemands-sont-la\/\"><a href=\"https:\/\/etab.ac-reunion.fr\/clg-jules-solesse\/erasmus-les-eleves-allemands-sont-la\/\" title=\"Erasmus les \u00e9l\u00e8ves allemands sont l\u00e0\"><img loading=\"lazy\" decoding=\"async\" width=\"150\" height=\"80\" src=\"https:\/\/etab.ac-reunion.fr\/clg-jules-solesse\/wp-content\/uploads\/sites\/151\/2025\/06\/erasmus-allemagne-logo-rect-150x80.png\" class=\"attachment-post-thumbnail size-post-thumbnail wp-post-image\" alt=\"\" srcset=\"https:\/\/etab.ac-reunion.fr\/clg-jules-solesse\/wp-content\/uploads\/sites\/151\/2025\/06\/erasmus-allemagne-logo-rect-150x80.png 150w, https:\/\/etab.ac-reunion.fr\/clg-jules-solesse\/wp-content\/uploads\/sites\/151\/2025\/06\/erasmus-allemagne-logo-rect-300x159.png 300w, https:\/\/etab.ac-reunion.fr\/clg-jules-solesse\/wp-content\/uploads\/sites\/151\/2025\/06\/erasmus-allemagne-logo-rect.png 490w\" sizes=\"auto, (max-width: 150px) 100vw, 150px\" \/><\/a><\/a>\n\t\t\t\t\n\t\t\t\t<h2 class=\"su-post-title\"><a href=\"https:\/\/etab.ac-reunion.fr\/clg-jules-solesse\/erasmus-les-eleves-allemands-sont-la\/\">Erasmus les \u00e9l\u00e8ves allemands sont l\u00e0<\/a><\/h2>\n\n\t\t\t\t<div class=\"su-post-meta\">\n\t\t\t\t\tPubli\u00e9: 27 juin 2025\t\t\t\t<\/div>\n\n\t\t\t\t<div class=\"su-post-excerpt\">\n\t\t\t\t\t<p>C&rsquo;est dans le cadre de l\u2019\u00e9change Erasmus entre le coll\u00e8ge Jules Solesse \u00e0 BDN St Paul et la KAS de Cologne que les correspondants allemands sont arriv\u00e9e \u00e0 la R\u00e9union ce mercredi 25 juin 2025. Ils ont ont \u00e9t\u00e9 accueillis au son du tambour et du kayamb \u00e0 l&rsquo;a\u00e9roport Roland\u2026<\/p>\n<p class=\"continue-reading-button\"> <a class=\"continue-reading-link\" href=\"https:\/\/etab.ac-reunion.fr\/clg-jules-solesse\/erasmus-les-eleves-allemands-sont-la\/\">Continue reading<i class=\"crycon-right-dir\"><\/i><\/a><\/p>\n\t\t\t\t<\/div>\n\n\t\t\t\t\n\t\t\t<\/div>\n\n\t\t\t\t\t\n\t\t\t\n\t\t\t<div id=\"su-post-18118\" class=\"su-post \">\n\n\t\t\t\t\t\t\t\t\t<a class=\"su-post-thumbnail\" href=\"https:\/\/etab.ac-reunion.fr\/clg-jules-solesse\/mobilite-erasmus-en-croatie\/\"><a href=\"https:\/\/etab.ac-reunion.fr\/clg-jules-solesse\/mobilite-erasmus-en-croatie\/\" title=\"Mobilit\u00e9 Erasmus en Croatie\"><img loading=\"lazy\" decoding=\"async\" width=\"150\" height=\"96\" src=\"https:\/\/etab.ac-reunion.fr\/clg-jules-solesse\/wp-content\/uploads\/sites\/151\/2025\/06\/erasmus-croatie-150x96.png\" class=\"attachment-post-thumbnail size-post-thumbnail wp-post-image\" alt=\"\" srcset=\"https:\/\/etab.ac-reunion.fr\/clg-jules-solesse\/wp-content\/uploads\/sites\/151\/2025\/06\/erasmus-croatie-150x96.png 150w, https:\/\/etab.ac-reunion.fr\/clg-jules-solesse\/wp-content\/uploads\/sites\/151\/2025\/06\/erasmus-croatie-300x191.png 300w, https:\/\/etab.ac-reunion.fr\/clg-jules-solesse\/wp-content\/uploads\/sites\/151\/2025\/06\/erasmus-croatie.png 436w\" sizes=\"auto, (max-width: 150px) 100vw, 150px\" \/><\/a><\/a>\n\t\t\t\t\n\t\t\t\t<h2 class=\"su-post-title\"><a href=\"https:\/\/etab.ac-reunion.fr\/clg-jules-solesse\/mobilite-erasmus-en-croatie\/\">Mobilit\u00e9 Erasmus en Croatie<\/a><\/h2>\n\n\t\t\t\t<div class=\"su-post-meta\">\n\t\t\t\t\tPubli\u00e9: 27 juin 2025\t\t\t\t<\/div>\n\n\t\t\t\t<div class=\"su-post-excerpt\">\n\t\t\t\t\t<p>&nbsp; &nbsp; &nbsp;<\/p>\n<p class=\"continue-reading-button\"> <a class=\"continue-reading-link\" href=\"https:\/\/etab.ac-reunion.fr\/clg-jules-solesse\/mobilite-erasmus-en-croatie\/\">Continue reading<i class=\"crycon-right-dir\"><\/i><\/a><\/p>\n\t\t\t\t<\/div>\n\n\t\t\t\t\n\t\t\t<\/div>\n\n\t\t\t\t\t\n\t\t\t\n\t\t\t<div id=\"su-post-18104\" class=\"su-post \">\n\n\t\t\t\t\t\t\t\t\t<a class=\"su-post-thumbnail\" href=\"https:\/\/etab.ac-reunion.fr\/clg-jules-solesse\/un-voyage-inoubliable-a-cologne-pour-nos-germanistes\/\"><a href=\"https:\/\/etab.ac-reunion.fr\/clg-jules-solesse\/un-voyage-inoubliable-a-cologne-pour-nos-germanistes\/\" title=\"Un voyage inoubliable \u00e0 Cologne pour nos germanistes\"><img loading=\"lazy\" decoding=\"async\" width=\"150\" height=\"80\" src=\"https:\/\/etab.ac-reunion.fr\/clg-jules-solesse\/wp-content\/uploads\/sites\/151\/2025\/06\/erasmus-allemagne-logo-rect-150x80.png\" class=\"attachment-post-thumbnail size-post-thumbnail wp-post-image\" alt=\"\" srcset=\"https:\/\/etab.ac-reunion.fr\/clg-jules-solesse\/wp-content\/uploads\/sites\/151\/2025\/06\/erasmus-allemagne-logo-rect-150x80.png 150w, https:\/\/etab.ac-reunion.fr\/clg-jules-solesse\/wp-content\/uploads\/sites\/151\/2025\/06\/erasmus-allemagne-logo-rect-300x159.png 300w, https:\/\/etab.ac-reunion.fr\/clg-jules-solesse\/wp-content\/uploads\/sites\/151\/2025\/06\/erasmus-allemagne-logo-rect.png 490w\" sizes=\"auto, (max-width: 150px) 100vw, 150px\" \/><\/a><\/a>\n\t\t\t\t\n\t\t\t\t<h2 class=\"su-post-title\"><a href=\"https:\/\/etab.ac-reunion.fr\/clg-jules-solesse\/un-voyage-inoubliable-a-cologne-pour-nos-germanistes\/\">Un voyage inoubliable \u00e0 Cologne pour nos germanistes<\/a><\/h2>\n\n\t\t\t\t<div class=\"su-post-meta\">\n\t\t\t\t\tPubli\u00e9: 27 juin 2025\t\t\t\t<\/div>\n\n\t\t\t\t<div class=\"su-post-excerpt\">\n\t\t\t\t\t<p>Du 28 avril au 8 mai 2025, nos \u00e9l\u00e8ves de 310 ont v\u00e9cu une aventure extraordinaire en Allemagne gr\u00e2ce au programme Erasmus+. Cette subvention europ\u00e9enne a permis \u00e0 nos jeunes germanistes, qu&rsquo;ils aient commenc\u00e9 l&rsquo;allemand en 6\u00e8me ou en 5\u00e8me, de d\u00e9couvrir Cologne et sa culture. D\u00e9couvertes culturelles et moments\u2026<\/p>\n<p class=\"continue-reading-button\"> <a class=\"continue-reading-link\" href=\"https:\/\/etab.ac-reunion.fr\/clg-jules-solesse\/un-voyage-inoubliable-a-cologne-pour-nos-germanistes\/\">Continue reading<i class=\"crycon-right-dir\"><\/i><\/a><\/p>\n\t\t\t\t<\/div>\n\n\t\t\t\t\n\t\t\t<\/div>\n\n\t\t\t\t\t\n\t\t\t\n\t\t\t<div id=\"su-post-17811\" class=\"su-post \">\n\n\t\t\t\t\t\t\t\t\t<a class=\"su-post-thumbnail\" href=\"https:\/\/etab.ac-reunion.fr\/clg-jules-solesse\/mobilite-erasmus-des-prepametiers-au-portugal-bom-dia\/\"><a href=\"https:\/\/etab.ac-reunion.fr\/clg-jules-solesse\/mobilite-erasmus-des-prepametiers-au-portugal-bom-dia\/\" title=\"Mobilit\u00e9  ERASMUS des Pr\u00e9pam\u00e8tiers au Portugal :  BOM DIA !\"><img loading=\"lazy\" decoding=\"async\" width=\"150\" height=\"102\" src=\"https:\/\/etab.ac-reunion.fr\/clg-jules-solesse\/wp-content\/uploads\/sites\/151\/2025\/06\/portugal-erasmus-logo-150x102.png\" class=\"attachment-post-thumbnail size-post-thumbnail wp-post-image\" alt=\"\" srcset=\"https:\/\/etab.ac-reunion.fr\/clg-jules-solesse\/wp-content\/uploads\/sites\/151\/2025\/06\/portugal-erasmus-logo-150x102.png 150w, https:\/\/etab.ac-reunion.fr\/clg-jules-solesse\/wp-content\/uploads\/sites\/151\/2025\/06\/portugal-erasmus-logo-300x204.png 300w, https:\/\/etab.ac-reunion.fr\/clg-jules-solesse\/wp-content\/uploads\/sites\/151\/2025\/06\/portugal-erasmus-logo.png 427w\" sizes=\"auto, (max-width: 150px) 100vw, 150px\" \/><\/a><\/a>\n\t\t\t\t\n\t\t\t\t<h2 class=\"su-post-title\"><a href=\"https:\/\/etab.ac-reunion.fr\/clg-jules-solesse\/mobilite-erasmus-des-prepametiers-au-portugal-bom-dia\/\">Mobilit\u00e9  ERASMUS des Pr\u00e9pam\u00e8tiers au Portugal :  BOM DIA !<\/a><\/h2>\n\n\t\t\t\t<div class=\"su-post-meta\">\n\t\t\t\t\tPubli\u00e9: 12 juin 2025\t\t\t\t<\/div>\n\n\t\t\t\t<div class=\"su-post-excerpt\">\n\t\t\t\t\t<p>\u00a0C\u2019est dans le cadre du plan Erasmus 2024-2025 du coll\u00e8ge Jules Solesse que les 3eme pr\u00e9pa-m\u00e9tiers ont pu partir en mobilit\u00e9 de groupe au Portugal entre le 25 mai et le 6 juin 2025 (date de retour initialement pr\u00e9vue\u2026\u2026le 1er juin\u00a0!) Accompagn\u00e9s par madame Artaban leur professeure principale, monsieur Gharsallah,\u2026<\/p>\n<p class=\"continue-reading-button\"> <a class=\"continue-reading-link\" href=\"https:\/\/etab.ac-reunion.fr\/clg-jules-solesse\/mobilite-erasmus-des-prepametiers-au-portugal-bom-dia\/\">Continue reading<i class=\"crycon-right-dir\"><\/i><\/a><\/p>\n\t\t\t\t<\/div>\n\n\t\t\t\t\n\t\t\t<\/div>\n\n\t\t\t\t\t\n\t\t\t\n\t\t\t<div id=\"su-post-16585\" class=\"su-post \">\n\n\t\t\t\t\t\t\t\t\t<a class=\"su-post-thumbnail\" href=\"https:\/\/etab.ac-reunion.fr\/clg-jules-solesse\/erasmus-jobs-hadowing-en-espagne\/\"><a href=\"https:\/\/etab.ac-reunion.fr\/clg-jules-solesse\/erasmus-jobs-hadowing-en-espagne\/\" title=\"ERASMUS : JOBS HADOWING en Espagne\"><img loading=\"lazy\" decoding=\"async\" width=\"150\" height=\"120\" src=\"https:\/\/etab.ac-reunion.fr\/clg-jules-solesse\/wp-content\/uploads\/sites\/151\/2024\/06\/mangas2-150x120.jpg\" class=\"attachment-post-thumbnail size-post-thumbnail wp-post-image\" alt=\"\" srcset=\"https:\/\/etab.ac-reunion.fr\/clg-jules-solesse\/wp-content\/uploads\/sites\/151\/2024\/06\/mangas2-150x120.jpg 150w, https:\/\/etab.ac-reunion.fr\/clg-jules-solesse\/wp-content\/uploads\/sites\/151\/2024\/06\/mangas2-300x240.jpg 300w, https:\/\/etab.ac-reunion.fr\/clg-jules-solesse\/wp-content\/uploads\/sites\/151\/2024\/06\/mangas2-768x614.jpg 768w, https:\/\/etab.ac-reunion.fr\/clg-jules-solesse\/wp-content\/uploads\/sites\/151\/2024\/06\/mangas2.jpg 800w\" sizes=\"auto, (max-width: 150px) 100vw, 150px\" \/><\/a><\/a>\n\t\t\t\t\n\t\t\t\t<h2 class=\"su-post-title\"><a href=\"https:\/\/etab.ac-reunion.fr\/clg-jules-solesse\/erasmus-jobs-hadowing-en-espagne\/\">ERASMUS : JOBS HADOWING en Espagne<\/a><\/h2>\n\n\t\t\t\t<div class=\"su-post-meta\">\n\t\t\t\t\tPubli\u00e9: 11 juin 2024\t\t\t\t<\/div>\n\n\t\t\t\t<div class=\"su-post-excerpt\">\n\t\t\t\t\t<p>Dans le cadre du consorum acad\u00e9mique, un appel a projet a \u00e9t\u00e9 lanc\u00e9 par le rectorat afin que des personnels puissent se rendre dans un pays europ\u00e9en et assister \u00e0 des cours dans un \u00e9tablissement \u00e9tranger afin de r\u00e9aliser un \u00ab Jobshadowing \u00bb. J\u2019ai pu passer 2 semaines dans un\u2026<\/p>\n<p class=\"continue-reading-button\"> <a class=\"continue-reading-link\" href=\"https:\/\/etab.ac-reunion.fr\/clg-jules-solesse\/erasmus-jobs-hadowing-en-espagne\/\">Continue reading<i class=\"crycon-right-dir\"><\/i><\/a><\/p>\n\t\t\t\t<\/div>\n\n\t\t\t\t\n\t\t\t<\/div>\n\n\t\t\t\t\t\n\t\t\t\n\t\t\t<div id=\"su-post-16566\" class=\"su-post \">\n\n\t\t\t\t\t\t\t\t\t<a class=\"su-post-thumbnail\" href=\"https:\/\/etab.ac-reunion.fr\/clg-jules-solesse\/erasmus-job-shadowing-au-portugal\/\"><a href=\"https:\/\/etab.ac-reunion.fr\/clg-jules-solesse\/erasmus-job-shadowing-au-portugal\/\" title=\"ERASMUS : JOB SHADOWING au Portugal\"><img loading=\"lazy\" decoding=\"async\" width=\"150\" height=\"94\" src=\"https:\/\/etab.ac-reunion.fr\/clg-jules-solesse\/wp-content\/uploads\/sites\/151\/2024\/05\/portugal-150x94.jpg\" class=\"attachment-post-thumbnail size-post-thumbnail wp-post-image\" alt=\"\" srcset=\"https:\/\/etab.ac-reunion.fr\/clg-jules-solesse\/wp-content\/uploads\/sites\/151\/2024\/05\/portugal-150x94.jpg 150w, https:\/\/etab.ac-reunion.fr\/clg-jules-solesse\/wp-content\/uploads\/sites\/151\/2024\/05\/portugal-300x188.jpg 300w, https:\/\/etab.ac-reunion.fr\/clg-jules-solesse\/wp-content\/uploads\/sites\/151\/2024\/05\/portugal-768x480.jpg 768w, https:\/\/etab.ac-reunion.fr\/clg-jules-solesse\/wp-content\/uploads\/sites\/151\/2024\/05\/portugal.jpg 800w\" sizes=\"auto, (max-width: 150px) 100vw, 150px\" \/><\/a><\/a>\n\t\t\t\t\n\t\t\t\t<h2 class=\"su-post-title\"><a href=\"https:\/\/etab.ac-reunion.fr\/clg-jules-solesse\/erasmus-job-shadowing-au-portugal\/\">ERASMUS : JOB SHADOWING au Portugal<\/a><\/h2>\n\n\t\t\t\t<div class=\"su-post-meta\">\n\t\t\t\t\tPubli\u00e9: 31 mai 2024\t\t\t\t<\/div>\n\n\t\t\t\t<div class=\"su-post-excerpt\">\n\t\t\t\t\t<p>C\u2019est dans le cadre d\u2019un appel \u00e0 projet du consortium acad\u00e9mique pour des exp\u00e9riences de Job shadowing et d\u2019\u00e9changes avec d\u2019autres \u00e9tablissements de l\u2019Union Europ\u00e9enne que madame Artaban et madame Zampa ont eu l\u2019opportunit\u00e9 de rencontrer des coll\u00e8gues portugais et de d\u00e9couvrir une \u00e9cole secondaire entre le 2 et le\u2026<\/p>\n<p class=\"continue-reading-button\"> <a class=\"continue-reading-link\" href=\"https:\/\/etab.ac-reunion.fr\/clg-jules-solesse\/erasmus-job-shadowing-au-portugal\/\">Continue reading<i class=\"crycon-right-dir\"><\/i><\/a><\/p>\n\t\t\t\t<\/div>\n\n\t\t\t\t\n\t\t\t<\/div>\n\n\t\t\t\t\t\n\t\t\t\n\t\t\t<div id=\"su-post-13857\" class=\"su-post \">\n\n\t\t\t\t\t\t\t\t\t<a class=\"su-post-thumbnail\" href=\"https:\/\/etab.ac-reunion.fr\/clg-jules-solesse\/1ere-mobilite-erasmus\/\"><a href=\"https:\/\/etab.ac-reunion.fr\/clg-jules-solesse\/1ere-mobilite-erasmus\/\" title=\"1ere mobilit\u00e9 Erasmus+\"><img loading=\"lazy\" decoding=\"async\" width=\"150\" height=\"85\" src=\"https:\/\/etab.ac-reunion.fr\/clg-jules-solesse\/wp-content\/uploads\/sites\/151\/2022\/10\/erasmus1er-mobilite-150x85.jpg\" class=\"attachment-post-thumbnail size-post-thumbnail wp-post-image\" alt=\"\" srcset=\"https:\/\/etab.ac-reunion.fr\/clg-jules-solesse\/wp-content\/uploads\/sites\/151\/2022\/10\/erasmus1er-mobilite-150x85.jpg 150w, https:\/\/etab.ac-reunion.fr\/clg-jules-solesse\/wp-content\/uploads\/sites\/151\/2022\/10\/erasmus1er-mobilite-300x170.jpg 300w, https:\/\/etab.ac-reunion.fr\/clg-jules-solesse\/wp-content\/uploads\/sites\/151\/2022\/10\/erasmus1er-mobilite-768x435.jpg 768w, https:\/\/etab.ac-reunion.fr\/clg-jules-solesse\/wp-content\/uploads\/sites\/151\/2022\/10\/erasmus1er-mobilite.jpg 896w\" sizes=\"auto, (max-width: 150px) 100vw, 150px\" \/><\/a><\/a>\n\t\t\t\t\n\t\t\t\t<h2 class=\"su-post-title\"><a href=\"https:\/\/etab.ac-reunion.fr\/clg-jules-solesse\/1ere-mobilite-erasmus\/\">1ere mobilit\u00e9 Erasmus+<\/a><\/h2>\n\n\t\t\t\t<div class=\"su-post-meta\">\n\t\t\t\t\tPubli\u00e9: 24 octobre 2022\t\t\t\t<\/div>\n\n\t\t\t\t<div class=\"su-post-excerpt\">\n\t\t\t\t\t<p>Apr\u00e8s la crise COVID, le coll\u00e8ge s\u2019ouvre \u00e0 nouveau \u00e0 l\u2019international ! Ainsi, dans le cadre du dispositif ERASMUS PLUS et du consortium de l\u2019Acad\u00e9mie de la R\u00e9union, \u00a02 enseignantes- madame Artaban Bana, et madame Zampa- ont pu partir en formation professionnelle avec d\u2019autres coll\u00e8gues europ\u00e9ens en Islande entre le\u2026<\/p>\n<p class=\"continue-reading-button\"> <a class=\"continue-reading-link\" href=\"https:\/\/etab.ac-reunion.fr\/clg-jules-solesse\/1ere-mobilite-erasmus\/\">Continue reading<i class=\"crycon-right-dir\"><\/i><\/a><\/p>\n\t\t\t\t<\/div>\n\n\t\t\t\t\n\t\t\t<\/div>\n\n\t\t\n\t\n<\/div>\n\n<p>&nbsp;<\/p>\n<p>&nbsp;<\/p>\n<p>&nbsp;<\/p>\n<p>&nbsp;<\/p>\n<p style=\"text-align: center\">\n","protected":false},"excerpt":{"rendered":"<p>&nbsp; &nbsp; &nbsp; \u00a0\u00a0\u00a0\u00a0\u00a0\u00a0 LA PAGE ERASMUS DU COLL\u00c8GE &nbsp; &nbsp; &nbsp; &nbsp; &nbsp; &nbsp;<\/p>\n<p class=\"continue-reading-button\"> <a class=\"continue-reading-link\" href=\"https:\/\/etab.ac-reunion.fr\/clg-jules-solesse\/1ere-mobilite-erasmus\/\">Continue reading<i class=\"crycon-right-dir\"><\/i><\/a><\/p>\n","protected":false},"author":13197,"featured_media":0,"parent":0,"menu_order":0,"comment_status":"closed","ping_status":"closed","template":"","meta":{"footnotes":""},"class_list":["post-16560","page","type-page","status-publish","hentry"],"_links":{"self":[{"href":"https:\/\/etab.ac-reunion.fr\/clg-jules-solesse\/wp-json\/wp\/v2\/pages\/16560","targetHints":{"allow":["GET"]}}],"collection":[{"href":"https:\/\/etab.ac-reunion.fr\/clg-jules-solesse\/wp-json\/wp\/v2\/pages"}],"about":[{"href":"https:\/\/etab.ac-reunion.fr\/clg-jules-solesse\/wp-json\/wp\/v2\/types\/page"}],"author":[{"embeddable":true,"href":"https:\/\/etab.ac-reunion.fr\/clg-jules-solesse\/wp-json\/wp\/v2\/users\/13197"}],"replies":[{"embeddable":true,"href":"https:\/\/etab.ac-reunion.fr\/clg-jules-solesse\/wp-json\/wp\/v2\/comments?post=16560"}],"version-history":[{"count":15,"href":"https:\/\/etab.ac-reunion.fr\/clg-jules-solesse\/wp-json\/wp\/v2\/pages\/16560\/revisions"}],"predecessor-version":[{"id":19565,"href":"https:\/\/etab.ac-reunion.fr\/clg-jules-solesse\/wp-json\/wp\/v2\/pages\/16560\/revisions\/19565"}],"wp:attachment":[{"href":"https:\/\/etab.ac-reunion.fr\/clg-jules-solesse\/wp-json\/wp\/v2\/media?parent=16560"}],"curies":[{"name":"wp","href":"https:\/\/api.w.org\/{rel}","templated":true}]}}