{"id":8257,"date":"2024-02-23T15:31:05","date_gmt":"2024-02-23T11:31:05","guid":{"rendered":"https:\/\/etab.ac-reunion.fr\/clg-juliette-dodu\/?page_id=8257"},"modified":"2024-04-23T14:18:32","modified_gmt":"2024-04-23T10:18:32","slug":"histoire-du-college","status":"publish","type":"page","link":"https:\/\/etab.ac-reunion.fr\/clg-juliette-dodu\/histoire-du-college\/","title":{"rendered":"Histoire du Coll\u00e8ge"},"content":{"rendered":"[et_pb_section fb_built=\u00a0\u00bb1&Prime; _builder_version=\u00a0\u00bb4.25.0&Prime; _module_preset=\u00a0\u00bbdefault\u00a0\u00bb background_color=\u00a0\u00bb#88C4DD\u00a0\u00bb background_enable_image=\u00a0\u00bboff\u00a0\u00bb background_size=\u00a0\u00bbinitial\u00a0\u00bb locked=\u00a0\u00bboff\u00a0\u00bb global_colors_info=\u00a0\u00bb{}\u00a0\u00bb][et_pb_row _builder_version=\u00a0\u00bb4.24.2&Prime; _module_preset=\u00a0\u00bbdefault\u00a0\u00bb global_colors_info=\u00a0\u00bb{}\u00a0\u00bb][et_pb_column type=\u00a0\u00bb4_4&Prime; _builder_version=\u00a0\u00bb4.24.2&Prime; _module_preset=\u00a0\u00bbdefault\u00a0\u00bb global_colors_info=\u00a0\u00bb{}\u00a0\u00bb][et_pb_text admin_label=\u00a0\u00bbTexte\u00a0\u00bb _builder_version=\u00a0\u00bb4.25.0&Prime; _module_preset=\u00a0\u00bbdefault\u00a0\u00bb text_orientation=\u00a0\u00bbcenter\u00a0\u00bb text_text_shadow_style=\u00a0\u00bbpreset3&Prime; global_colors_info=\u00a0\u00bb{}\u00a0\u00bb]\n<h1><span style=\"color: #ffffff\"><strong>L&rsquo;HISTOIRE DU COLL\u00c8GE<\/strong><\/span><\/h1>\n[\/et_pb_text][\/et_pb_column][\/et_pb_row][\/et_pb_section][et_pb_section fb_built=\u00a0\u00bb1&Prime; custom_padding_last_edited=\u00a0\u00bbon|phone\u00a0\u00bb _builder_version=\u00a0\u00bb4.25.0&Prime; _module_preset=\u00a0\u00bbdefault\u00a0\u00bb background_color=\u00a0\u00bbrgba(239,230,220,0.63)\u00a0\u00bb min_height=\u00a0\u00bb653.9px\u00a0\u00bb custom_margin_tablet=\u00a0\u00bb\u00a0\u00bb custom_margin_phone=\u00a0\u00bb\u00a0\u00bb custom_margin_last_edited=\u00a0\u00bbon|desktop\u00a0\u00bb custom_padding=\u00a0\u00bb0px||0px||false|false\u00a0\u00bb custom_padding_tablet=\u00a0\u00bb||5px|||\u00a0\u00bb custom_padding_phone=\u00a0\u00bb||101px||false|false\u00a0\u00bb global_colors_info=\u00a0\u00bb{}\u00a0\u00bb][et_pb_row column_structure=\u00a0\u00bb1_3,1_3,1_3&Prime; _builder_version=\u00a0\u00bb4.24.2&Prime; _module_preset=\u00a0\u00bbdefault\u00a0\u00bb min_height=\u00a0\u00bb654.9px\u00a0\u00bb custom_margin=\u00a0\u00bb|auto|-75px|auto||\u00a0\u00bb custom_padding=\u00a0\u00bb70px||0px|||\u00a0\u00bb global_colors_info=\u00a0\u00bb{}\u00a0\u00bb][et_pb_column type=\u00a0\u00bb1_3&Prime; _builder_version=\u00a0\u00bb4.24.2&Prime; _module_preset=\u00a0\u00bbdefault\u00a0\u00bb global_colors_info=\u00a0\u00bb{}\u00a0\u00bb][et_pb_divider show_divider=\u00a0\u00bboff\u00a0\u00bb _builder_version=\u00a0\u00bb4.24.2&Prime; _module_preset=\u00a0\u00bbdefault\u00a0\u00bb global_colors_info=\u00a0\u00bb{}\u00a0\u00bb][\/et_pb_divider][et_pb_divider show_divider=\u00a0\u00bboff\u00a0\u00bb _builder_version=\u00a0\u00bb4.24.2&Prime; _module_preset=\u00a0\u00bbdefault\u00a0\u00bb global_colors_info=\u00a0\u00bb{}\u00a0\u00bb][\/et_pb_divider][et_pb_text _builder_version=\u00a0\u00bb4.25.0&Prime; _module_preset=\u00a0\u00bbdefault\u00a0\u00bb custom_margin_tablet=\u00a0\u00bb\u00a0\u00bb custom_margin_phone=\u00a0\u00bb-67px||||false|false\u00a0\u00bb custom_margin_last_edited=\u00a0\u00bbon|phone\u00a0\u00bb global_colors_info=\u00a0\u00bb{}\u00a0\u00bb]\n<p>Le 6 octobre 1934, est cr\u00e9\u00e9 \u00e0 Saint-Denis de la R\u00e9union par d\u00e9cret du Gouverneur Choteau le premier Cours Sup\u00e9rieur des filles \u00e0 la R\u00e9union, baptis\u00e9 <i>\u00ab\u00a0Cours Juliette Dodu\u00a0\u00bb<\/i> du nom de l\u2019h\u00e9ro\u00efne r\u00e9unionnaise de la guerre de 1870. Il est alors install\u00e9 dans une vieille maison situ\u00e9e \u00e0 l\u2019actuel emplacement de la biblioth\u00e8que d\u00e9partementale.<\/p>\n<p>En 1937, un nouvel ensemble de b\u00e2timents de style colonial confi\u00e9 \u00e0 l\u2019architecte Antoine Telmard sort de terre entre les actuelles rues Juliette Dodu, Roland Garros, Sainte-Marie et Jean Chatel. Construit sur le terrain du premier projet de cath\u00e9dral \u00e0 Saint-Denis (la <i>\u00ab\u00a0cath\u00e9drale cass\u00e9e\u00a0\u00bb<\/i>), l\u2019ensemble comprend l\u2019\u00c9cole normale (c\u00f4t\u00e9 rue Roland Garros), le Cours Sup\u00e9rieur des filles (angle des rues Juliette Dodu et Sainte Marie) et la Biblioth\u00e8que coloniale (angle des rues Jean Chatel et Rolland Garros).<\/p>\n[\/et_pb_text][\/et_pb_column][et_pb_column type=\u00a0\u00bb1_3&Prime; _builder_version=\u00a0\u00bb4.24.2&Prime; _module_preset=\u00a0\u00bbdefault\u00a0\u00bb global_colors_info=\u00a0\u00bb{}\u00a0\u00bb][et_pb_image src=\u00a0\u00bbhttps:\/\/etab.ac-reunion.fr\/clg-juliette-dodu\/wp-content\/uploads\/sites\/33\/2024\/03\/y255_001.jpg\u00a0\u00bb title_text=\u00a0\u00bby255_001&Prime; _builder_version=\u00a0\u00bb4.24.2&Prime; _module_preset=\u00a0\u00bbdefault\u00a0\u00bb global_colors_info=\u00a0\u00bb{}\u00a0\u00bb][\/et_pb_image][et_pb_image src=\u00a0\u00bbhttps:\/\/etab.ac-reunion.fr\/clg-juliette-dodu\/wp-content\/uploads\/sites\/33\/2023\/12\/Facade-3-du-college-scaled.jpeg\u00a0\u00bb title_text=\u00a0\u00bbFa\u00e7ade-3-du-coll\u00e8ge\u00a0\u00bb _builder_version=\u00a0\u00bb4.24.2&Prime; _module_preset=\u00a0\u00bbdefault\u00a0\u00bb transform_rotate=\u00a0\u00bb0deg|180deg|0deg\u00a0\u00bb global_colors_info=\u00a0\u00bb{}\u00a0\u00bb][\/et_pb_image][\/et_pb_column][et_pb_column type=\u00a0\u00bb1_3&Prime; _builder_version=\u00a0\u00bb4.24.2&Prime; _module_preset=\u00a0\u00bbdefault\u00a0\u00bb global_colors_info=\u00a0\u00bb{}\u00a0\u00bb][et_pb_divider show_divider=\u00a0\u00bboff\u00a0\u00bb _builder_version=\u00a0\u00bb4.24.2&Prime; _module_preset=\u00a0\u00bbdefault\u00a0\u00bb global_colors_info=\u00a0\u00bb{}\u00a0\u00bb][\/et_pb_divider][et_pb_divider show_divider=\u00a0\u00bboff\u00a0\u00bb _builder_version=\u00a0\u00bb4.24.2&Prime; _module_preset=\u00a0\u00bbdefault\u00a0\u00bb global_colors_info=\u00a0\u00bb{}\u00a0\u00bb][\/et_pb_divider][et_pb_text _builder_version=\u00a0\u00bb4.25.0&Prime; _module_preset=\u00a0\u00bbdefault\u00a0\u00bb custom_margin_tablet=\u00a0\u00bb\u00a0\u00bb custom_margin_phone=\u00a0\u00bb-46px||||false|false\u00a0\u00bb custom_margin_last_edited=\u00a0\u00bbon|phone\u00a0\u00bb global_colors_info=\u00a0\u00bb{}\u00a0\u00bb]\n<p>En 1942, le Cours sup\u00e9rieur de filles devint le <i>Lyc\u00e9e Juliette Dodu pour jeunes filles<\/i>, pendant f\u00e9minin du Lyc\u00e9e d\u2019\u00c9tat Leconte de Lisle pour gar\u00e7ons (actuel coll\u00e8ge de Bourbon). A cette \u00e9poque, le lyc\u00e9e Juliette Dodu comptait 10 classes et 212 \u00e9l\u00e8ves.<\/p>\n<p>En 1963, le b\u00e2timent colonial de l\u2019\u00c9cole normale est d\u00e9truit au profit d\u2019un internat (actuel b\u00e2timent B) et d\u2019un gymnase (le premier \u00e0 Saint-Denis) sur les fondations de la cath\u00e9drale cass\u00e9e. En 1965, l\u2019\u00e9tablissement est \u00e9lev\u00e9 au rang de \u00ab\u00a0Lyc\u00e9e d\u2019\u00c9tat\u00a0\u00bb et se voit agrandi d\u2019un nouveau b\u00e2timent le long de la rue Sainte-Marie (actuel \u00ab\u00a0A65\u00a0\u00bb).<\/p>\n<p>En 1968, la cr\u00e9ation des coll\u00e8ges en France et la construction de la cit\u00e9 scolaire du Butor donne naissance \u00e0 l\u2019actuel lyc\u00e9e Leconte de Lisle. L\u2019\u00e9tablissement Juliette Dodu est alors transform\u00e9 en coll\u00e8ge et adopte la mixit\u00e9 \u00e0 la rentr\u00e9e 1975.<\/p>\n[\/et_pb_text][\/et_pb_column][\/et_pb_row][\/et_pb_section][et_pb_section fb_built=\u00a0\u00bb1&Prime; custom_padding_last_edited=\u00a0\u00bbon|phone\u00a0\u00bb _builder_version=\u00a0\u00bb4.25.0&Prime; _module_preset=\u00a0\u00bbdefault\u00a0\u00bb background_color=\u00a0\u00bb#EFE6DC\u00a0\u00bb custom_margin=\u00a0\u00bb-5px||||false|false\u00a0\u00bb custom_margin_tablet=\u00a0\u00bb-5px||||false|false\u00a0\u00bb custom_margin_phone=\u00a0\u00bb-5px||||false|false\u00a0\u00bb custom_margin_last_edited=\u00a0\u00bbon|desktop\u00a0\u00bb custom_padding=\u00a0\u00bb1px||0px||false|false\u00a0\u00bb custom_padding_tablet=\u00a0\u00bb\u00a0\u00bb custom_padding_phone=\u00a0\u00bb8px||12px||false|false\u00a0\u00bb hover_enabled=\u00a0\u00bb0&Prime; global_colors_info=\u00a0\u00bb{}\u00a0\u00bb sticky_enabled=\u00a0\u00bb0&Prime;][et_pb_row column_structure=\u00a0\u00bb1_3,2_3&Prime; _builder_version=\u00a0\u00bb4.25.0&Prime; _module_preset=\u00a0\u00bbdefault\u00a0\u00bb custom_margin_tablet=\u00a0\u00bb\u00a0\u00bb custom_margin_phone=\u00a0\u00bb27px||||false|false\u00a0\u00bb custom_margin_last_edited=\u00a0\u00bbon|phone\u00a0\u00bb global_colors_info=\u00a0\u00bb{}\u00a0\u00bb][et_pb_column type=\u00a0\u00bb1_3&Prime; _builder_version=\u00a0\u00bb4.24.2&Prime; _module_preset=\u00a0\u00bbdefault\u00a0\u00bb global_colors_info=\u00a0\u00bb{}\u00a0\u00bb][et_pb_image src=\u00a0\u00bbhttps:\/\/etab.ac-reunion.fr\/clg-juliette-dodu\/wp-content\/uploads\/sites\/33\/2024\/03\/portrait-juliette-dodu-heroine-war-1870-33286901.jpg\u00a0\u00bb title_text=\u00a0\u00bbportrait-juliette-dodu-heroine-war-1870-33286901&Prime; _builder_version=\u00a0\u00bb4.24.2&Prime; _module_preset=\u00a0\u00bbdefault\u00a0\u00bb transform_rotate=\u00a0\u00bb0deg|180deg|0deg\u00a0\u00bb global_colors_info=\u00a0\u00bb{}\u00a0\u00bb][\/et_pb_image][\/et_pb_column][et_pb_column type=\u00a0\u00bb2_3&Prime; _builder_version=\u00a0\u00bb4.24.2&Prime; _module_preset=\u00a0\u00bbdefault\u00a0\u00bb global_colors_info=\u00a0\u00bb{}\u00a0\u00bb][et_pb_divider show_divider=\u00a0\u00bboff\u00a0\u00bb _builder_version=\u00a0\u00bb4.24.2&Prime; _module_preset=\u00a0\u00bbdefault\u00a0\u00bb global_colors_info=\u00a0\u00bb{}\u00a0\u00bb][\/et_pb_divider][et_pb_divider show_divider=\u00a0\u00bboff\u00a0\u00bb _builder_version=\u00a0\u00bb4.24.2&Prime; _module_preset=\u00a0\u00bbdefault\u00a0\u00bb global_colors_info=\u00a0\u00bb{}\u00a0\u00bb][\/et_pb_divider][et_pb_divider show_divider=\u00a0\u00bboff\u00a0\u00bb _builder_version=\u00a0\u00bb4.24.2&Prime; _module_preset=\u00a0\u00bbdefault\u00a0\u00bb global_colors_info=\u00a0\u00bb{}\u00a0\u00bb][\/et_pb_divider][et_pb_text _builder_version=\u00a0\u00bb4.25.0&Prime; _module_preset=\u00a0\u00bbdefault\u00a0\u00bb text_font_size=\u00a0\u00bb38px\u00a0\u00bb custom_margin_tablet=\u00a0\u00bb\u00a0\u00bb custom_margin_phone=\u00a0\u00bb-39px||||false|false\u00a0\u00bb custom_margin_last_edited=\u00a0\u00bbon|phone\u00a0\u00bb global_colors_info=\u00a0\u00bb{}\u00a0\u00bb]\n<h1 style=\"text-align: center\"><strong><span style=\"color: #333333\">Qui est Juliette Dodu ?<\/span><\/strong><\/h1>\n[\/et_pb_text][et_pb_text _builder_version=\u00a0\u00bb4.24.2&Prime; _module_preset=\u00a0\u00bbdefault\u00a0\u00bb global_colors_info=\u00a0\u00bb{}\u00a0\u00bb]\n<p class=\"p1\"><b><i>Juliette Dodu, premi\u00e8re femme d\u00e9cor\u00e9e de la m\u00e9daille militaire<span class=\"Apple-converted-space\">\u00a0<\/span><\/i><\/b><b><i>et<span class=\"Apple-converted-space\">\u00a0<\/span><\/i><\/b><b><i>de la L\u00e9gion d\u2019honneur \u00e0 titre militaire<\/i><\/b><\/p>\n<p class=\"p2\">Juliette Dodu est n\u00e9e \u00e0 Saint-Denis-de-la-R\u00e9union le 15 juin 1848. Apr\u00e8s le d\u00e9c\u00e8s de son p\u00e8re et le remariage de sa m\u00e8re elle suit sa famille qui d\u00e9m\u00e9nage pour l\u2019hexagone. De nouveau veuve, sa m\u00e8re obtient la direction du bureau de t\u00e9l\u00e9graphie \u00e0 Pithiviers dans le Loiret. A l\u2019\u00e2ge de seize ans, la jeune Juliette devient t\u00e9l\u00e9graphiste auxiliaire aux c\u00f4t\u00e9s de sa m\u00e8re.<span class=\"Apple-converted-space\">\u00a0<\/span><\/p>\n<p class=\"p3\">Lors de la Guerre de 1870, la petite ville de Pithiviers est occup\u00e9e par les Prussiens qui prennent possession du bureau du t\u00e9l\u00e9graphe. Depuis sa chambre au-dessus du bureau, Juliette installe une d\u00e9rivation sur les lignes t\u00e9l\u00e9graphiques et intercepte les messages des prussiens qu\u2019elle transmet aux troupes fran\u00e7aises. D\u00e9couverte et arr\u00eat\u00e9e par les Prussiens, Juliette Dodu est condamn\u00e9e \u00e0 mort avant d\u2019\u00eatre sauv\u00e9e par la signature de l\u2019armistice.<\/p>\n<p class=\"p2\">Elle fut d\u00e9cor\u00e9e de la m\u00e9daille militaire en 1877 et de la L\u00e9gion d\u2019honneur \u00e0 titre militaire en 1878. Le 6 octobre 1934, le nom de <i>Juliette Dodu<\/i> est donn\u00e9 au Cours Sup\u00e9rieur des filles, avant de devenir Lyc\u00e9e d\u2019\u00c9tat pour jeunes filles puis le coll\u00e8ge mixte que l\u2019on connait aujourd\u2019hui.<\/p>\n[\/et_pb_text][\/et_pb_column][\/et_pb_row][\/et_pb_section][et_pb_section fb_built=\u00a0\u00bb1&Prime; _builder_version=\u00a0\u00bb4.25.0&Prime; _module_preset=\u00a0\u00bbdefault\u00a0\u00bb background_color=\u00a0\u00bbRGBA(239,230,220,0.63)\u00a0\u00bb custom_margin=\u00a0\u00bb-3px|||||\u00a0\u00bb hover_enabled=\u00a0\u00bb0&Prime; global_colors_info=\u00a0\u00bb{}\u00a0\u00bb sticky_enabled=\u00a0\u00bb0&Prime; custom_padding=\u00a0\u00bb64px|||||\u00a0\u00bb][et_pb_row _builder_version=\u00a0\u00bb4.25.0&Prime; _module_preset=\u00a0\u00bbdefault\u00a0\u00bb custom_margin=\u00a0\u00bb|auto|-14px|auto||\u00a0\u00bb][et_pb_column _builder_version=\u00a0\u00bb4.25.0&Prime; _module_preset=\u00a0\u00bbdefault\u00a0\u00bb type=\u00a0\u00bb4_4&Prime;][et_pb_text _builder_version=\u00a0\u00bb4.25.0&Prime; _module_preset=\u00a0\u00bbdefault\u00a0\u00bb text_font_size=\u00a0\u00bb38px\u00a0\u00bb custom_margin_tablet=\u00a0\u00bb\u00a0\u00bb custom_margin_phone=\u00a0\u00bb-39px||||false|false\u00a0\u00bb custom_margin_last_edited=\u00a0\u00bbon|phone\u00a0\u00bb hover_enabled=\u00a0\u00bb0&Prime; global_colors_info=\u00a0\u00bb{}\u00a0\u00bb sticky_enabled=\u00a0\u00bb0&Prime;]\n<h1 style=\"text-align: center\"><strong><span style=\"color: #333333\">Qui est Marguerite Jauzelon ?<\/span><\/strong><\/h1>\n[\/et_pb_text][\/et_pb_column][\/et_pb_row][et_pb_row column_structure=\u00a0\u00bb1_3,1_3,1_3&Prime; _builder_version=\u00a0\u00bb4.24.2&Prime; _module_preset=\u00a0\u00bbdefault\u00a0\u00bb global_colors_info=\u00a0\u00bb{}\u00a0\u00bb custom_padding=\u00a0\u00bb42px|||||\u00a0\u00bb][et_pb_column type=\u00a0\u00bb1_3&Prime; _builder_version=\u00a0\u00bb4.24.2&Prime; _module_preset=\u00a0\u00bbdefault\u00a0\u00bb global_colors_info=\u00a0\u00bb{}\u00a0\u00bb][et_pb_image src=\u00a0\u00bbhttps:\/\/etab.ac-reunion.fr\/clg-juliette-dodu\/wp-content\/uploads\/sites\/33\/2024\/03\/Capture-decran-2023-02-16-a-08.18.47.png\u00a0\u00bb title_text=\u00a0\u00bbCapture-decran-2023-02-16-a-08.18.47&Prime; align=\u00a0\u00bbcenter\u00a0\u00bb _builder_version=\u00a0\u00bb4.24.2&Prime; _module_preset=\u00a0\u00bbdefault\u00a0\u00bb min_height=\u00a0\u00bb386px\u00a0\u00bb custom_margin=\u00a0\u00bb||-11px|||\u00a0\u00bb custom_padding=\u00a0\u00bb||4px|||\u00a0\u00bb global_colors_info=\u00a0\u00bb{}\u00a0\u00bb][\/et_pb_image][\/et_pb_column][et_pb_column type=\u00a0\u00bb1_3&Prime; _builder_version=\u00a0\u00bb4.24.2&Prime; _module_preset=\u00a0\u00bbdefault\u00a0\u00bb global_colors_info=\u00a0\u00bb{}\u00a0\u00bb][et_pb_image src=\u00a0\u00bbhttps:\/\/etab.ac-reunion.fr\/clg-juliette-dodu\/wp-content\/uploads\/sites\/33\/2024\/03\/IMG_1002-scaled.jpg\u00a0\u00bb title_text=\u00a0\u00bbIMG_1002&Prime; _builder_version=\u00a0\u00bb4.24.2&Prime; _module_preset=\u00a0\u00bbdefault\u00a0\u00bb global_colors_info=\u00a0\u00bb{}\u00a0\u00bb][\/et_pb_image][\/et_pb_column][et_pb_column type=\u00a0\u00bb1_3&Prime; _builder_version=\u00a0\u00bb4.24.2&Prime; _module_preset=\u00a0\u00bbdefault\u00a0\u00bb global_colors_info=\u00a0\u00bb{}\u00a0\u00bb][et_pb_image src=\u00a0\u00bbhttps:\/\/etab.ac-reunion.fr\/clg-juliette-dodu\/wp-content\/uploads\/sites\/33\/2024\/03\/jauzelon_marguerite.jpg\u00a0\u00bb title_text=\u00a0\u00bbjauzelon_marguerite\u00a0\u00bb align=\u00a0\u00bbcenter\u00a0\u00bb _builder_version=\u00a0\u00bb4.24.2&Prime; _module_preset=\u00a0\u00bbdefault\u00a0\u00bb max_width=\u00a0\u00bb78%\u00a0\u00bb global_colors_info=\u00a0\u00bb{}\u00a0\u00bb][\/et_pb_image][\/et_pb_column][\/et_pb_row][et_pb_row column_structure=\u00a0\u00bb1_2,1_2&Prime; _builder_version=\u00a0\u00bb4.25.0&Prime; _module_preset=\u00a0\u00bbdefault\u00a0\u00bb custom_margin_tablet=\u00a0\u00bb\u00a0\u00bb custom_margin_phone=\u00a0\u00bb-27px||||false|false\u00a0\u00bb custom_margin_last_edited=\u00a0\u00bbon|phone\u00a0\u00bb global_colors_info=\u00a0\u00bb{}\u00a0\u00bb][et_pb_column type=\u00a0\u00bb1_2&Prime; _builder_version=\u00a0\u00bb4.24.2&Prime; _module_preset=\u00a0\u00bbdefault\u00a0\u00bb global_colors_info=\u00a0\u00bb{}\u00a0\u00bb][et_pb_text _builder_version=\u00a0\u00bb4.24.2&Prime; _module_preset=\u00a0\u00bbdefault\u00a0\u00bb global_colors_info=\u00a0\u00bb{}\u00a0\u00bb]\n<p class=\"p1\"><b><i>Marguerite Jauzelon, R\u00e9unionnaise, institutrice et r\u00e9sistante<\/i><\/b><\/p>\n<p class=\"p2\">Marguerite Jauzelon est n\u00e9e le 25 juillet 1917 \u00e0 Ravine-Creuse dans la commune de Saint-Andr\u00e9 de la R\u00e9union. En 1937, elle est admise \u00e0 l\u2019\u00c9cole Normale de Saint-Denis qui fait partie de l\u2019ensemble architectural du <i>Cours Sup\u00e9rieur des filles Juliette Dodu<\/i> tout juste construit.<\/p>\n<p class=\"p2\">En novembre 1942, le contre-torpilleur Le L\u00e9opard des <i>Forces Fran\u00e7aises Libres<\/i> du g\u00e9n\u00e9ral de Gaulle d\u00e9barque \u00e0 la R\u00e9union pour la lib\u00e9rer de l\u2019autorit\u00e9 du gouverneur Aubert fid\u00e8le au Mar\u00e9chal P\u00e9tain.<\/p>\n<p class=\"p2\">En novembre 1943, Marguerite Jauzelon, alors jeune institutrice \u00e0 Sainte-Suzanne, d\u00e9cide de tout quitter pour s\u2019engager dans les FFL et rejoindre la R\u00e9sistance ext\u00e9rieure. Apr\u00e8s six mois de formation militaire et m\u00e9dicale \u00e0 Madagascar, elle est envoy\u00e9e en Afrique du Nord comme ambulanci\u00e8re de guerre et incorpor\u00e9e dans la Premi\u00e8re Arm\u00e9e Fran\u00e7aise du g\u00e9n\u00e9ral de Lattre de Tassigny. Le 14 juillet 1944 elle d\u00e9file devant le g\u00e9n\u00e9ral de Gaulle \u00e0 Alger avant de participer au d\u00e9barquement des troupes alli\u00e9es en Provence le 15 ao\u00fbt. A partir de l\u00e0, Marguerite Jauzelon fut de tous les combats de la Premi\u00e8re Arm\u00e9e Fran\u00e7aise le long de la vall\u00e9e du Rh\u00f4ne, dans les Vosges, en Alsace et jusqu\u2019\u00e0 la victoire en Allemagne le 8 mai 1945.<\/p>\n<p class=\"p2\">\n[\/et_pb_text][\/et_pb_column][et_pb_column type=\u00a0\u00bb1_2&Prime; _builder_version=\u00a0\u00bb4.24.2&Prime; _module_preset=\u00a0\u00bbdefault\u00a0\u00bb global_colors_info=\u00a0\u00bb{}\u00a0\u00bb][et_pb_divider show_divider=\u00a0\u00bboff\u00a0\u00bb _builder_version=\u00a0\u00bb4.24.2&Prime; _module_preset=\u00a0\u00bbdefault\u00a0\u00bb global_colors_info=\u00a0\u00bb{}\u00a0\u00bb][\/et_pb_divider][et_pb_divider show_divider=\u00a0\u00bboff\u00a0\u00bb _builder_version=\u00a0\u00bb4.24.2&Prime; _module_preset=\u00a0\u00bbdefault\u00a0\u00bb global_colors_info=\u00a0\u00bb{}\u00a0\u00bb][\/et_pb_divider][et_pb_text _builder_version=\u00a0\u00bb4.25.0&Prime; _module_preset=\u00a0\u00bbdefault\u00a0\u00bb custom_margin_tablet=\u00a0\u00bb\u00a0\u00bb custom_margin_phone=\u00a0\u00bb-53px||||false|false\u00a0\u00bb custom_margin_last_edited=\u00a0\u00bbon|phone\u00a0\u00bb global_colors_info=\u00a0\u00bb{}\u00a0\u00bb]\n<p class=\"p2\">En 1946, Marguerite Jauzelon, d\u00e9mobilis\u00e9e de <i>l\u2019Arm\u00e9e Rhin et Danube<\/i>, est de retour \u00e0 la R\u00e9union et reprend en toute modestie sa vie paisible d\u2019institutrice.<\/p>\n<p class=\"p2\">Le 30 ao\u00fbt 2002, elle est \u00e9lev\u00e9e au rang de Chevalier de la l\u00e9gion d\u2019honneur \u00e0 titre militaire et, en 2018, \u00e0 la demande des \u00e9l\u00e8ves du coll\u00e8ge Juliette Dodu, elle accepte que son nom soit donn\u00e9 \u00e0 la grande salle de r\u00e9union de son ancien \u00e9tablissement lors d\u2019une journ\u00e9e de c\u00e9r\u00e9monie m\u00e9morable.<\/p>\n<p class=\"p2\">Depuis, chaque ann\u00e9e, les \u00e9l\u00e8ves de 3<span class=\"s1\"><sup>\u00e8me<\/sup><\/span> du coll\u00e8ge organisent une exposition en l\u2019honneur de celle qui \u00e9tait devenue leur marraine \u00e0 l\u2019occasion des Journ\u00e9es Europ\u00e9ennes du Patrimoine.<\/p>\n<p class=\"p2\">Madame Marguerite Jauzelon nous a quitt\u00e9 le 9 f\u00e9vrier 2023 \u00e0 l\u2019\u00e2ge de 105 ans. Quelques mois plus tard son nom a \u00e9t\u00e9 donn\u00e9 au lyc\u00e9e de Bellepierre \u00e0 Saint-Denis de la R\u00e9union.<\/p>\n[\/et_pb_text][\/et_pb_column][\/et_pb_row][\/et_pb_section][et_pb_section fb_built=\u00a0\u00bb1&Prime; _builder_version=\u00a0\u00bb4.25.0&Prime; _module_preset=\u00a0\u00bbdefault\u00a0\u00bb background_color=\u00a0\u00bb#D2EEF9&Prime; global_colors_info=\u00a0\u00bb{}\u00a0\u00bb][et_pb_row _builder_version=\u00a0\u00bb4.25.0&Prime; _module_preset=\u00a0\u00bbdefault\u00a0\u00bb global_colors_info=\u00a0\u00bb{}\u00a0\u00bb][et_pb_column type=\u00a0\u00bb4_4&Prime; _builder_version=\u00a0\u00bb4.24.2&Prime; _module_preset=\u00a0\u00bbdefault\u00a0\u00bb global_colors_info=\u00a0\u00bb{}\u00a0\u00bb][et_pb_text _builder_version=\u00a0\u00bb4.24.2&Prime; _module_preset=\u00a0\u00bbdefault\u00a0\u00bb global_colors_info=\u00a0\u00bb{}\u00a0\u00bb]\n<h4 style=\"text-align: center\"><span style=\"color: #333333\">Projet de l&rsquo;\u00e9tablissement<\/span><\/h4>\n[\/et_pb_text][et_pb_button button_text=\u00a0\u00bbAcc\u00e8dez \u00e0 la page\u00a0\u00bb button_alignment=\u00a0\u00bbcenter\u00a0\u00bb _builder_version=\u00a0\u00bb4.24.2&Prime; _module_preset=\u00a0\u00bbdefault\u00a0\u00bb custom_button=\u00a0\u00bbon\u00a0\u00bb button_text_size=\u00a0\u00bb14px\u00a0\u00bb button_text_color=\u00a0\u00bb#FFFFFF\u00a0\u00bb button_bg_color=\u00a0\u00bb#061b2f\u00a0\u00bb button_border_width=\u00a0\u00bb0px\u00a0\u00bb button_border_color=\u00a0\u00bbRGBA(255,255,255,0)\u00a0\u00bb button_icon=\u00a0\u00bb&#x45;||divi||400&Prime; custom_margin=\u00a0\u00bb||0px||false|false\u00a0\u00bb custom_padding=\u00a0\u00bb14px|20px|14px|20px|false|false\u00a0\u00bb locked=\u00a0\u00bboff\u00a0\u00bb global_colors_info=\u00a0\u00bb{}\u00a0\u00bb][\/et_pb_button][\/et_pb_column][\/et_pb_row][\/et_pb_section]\n<!-- AddThis Advanced Settings generic via filter on the_content --><!-- AddThis Share Buttons generic via filter on the_content -->","protected":false},"excerpt":{"rendered":"<p>L&rsquo;HISTOIRE DU COLL\u00c8GELe 6 octobre 1934, est cr\u00e9\u00e9 \u00e0 Saint-Denis de la R\u00e9union par d\u00e9cret du Gouverneur Choteau le premier Cours Sup\u00e9rieur des filles \u00e0 la R\u00e9union, baptis\u00e9 \u00ab\u00a0Cours Juliette Dodu\u00a0\u00bb du nom de l\u2019h\u00e9ro\u00efne r\u00e9unionnaise de la guerre de 1870. Il est alors install\u00e9 dans une vieille maison situ\u00e9e \u00e0 l\u2019actuel emplacement de la [&hellip;]<\/p>\n<p><!-- AddThis Advanced Settings generic via filter on get_the_excerpt --><!-- AddThis Share Buttons generic via filter on get_the_excerpt --><\/p>\n","protected":false},"author":1515,"featured_media":0,"parent":0,"menu_order":0,"comment_status":"closed","ping_status":"closed","template":"","meta":{"_et_pb_use_builder":"on","_et_pb_old_content":"","_et_gb_content_width":"","footnotes":""},"class_list":["post-8257","page","type-page","status-publish","hentry"],"_links":{"self":[{"href":"https:\/\/etab.ac-reunion.fr\/clg-juliette-dodu\/wp-json\/wp\/v2\/pages\/8257","targetHints":{"allow":["GET"]}}],"collection":[{"href":"https:\/\/etab.ac-reunion.fr\/clg-juliette-dodu\/wp-json\/wp\/v2\/pages"}],"about":[{"href":"https:\/\/etab.ac-reunion.fr\/clg-juliette-dodu\/wp-json\/wp\/v2\/types\/page"}],"author":[{"embeddable":true,"href":"https:\/\/etab.ac-reunion.fr\/clg-juliette-dodu\/wp-json\/wp\/v2\/users\/1515"}],"replies":[{"embeddable":true,"href":"https:\/\/etab.ac-reunion.fr\/clg-juliette-dodu\/wp-json\/wp\/v2\/comments?post=8257"}],"version-history":[{"count":18,"href":"https:\/\/etab.ac-reunion.fr\/clg-juliette-dodu\/wp-json\/wp\/v2\/pages\/8257\/revisions"}],"predecessor-version":[{"id":8982,"href":"https:\/\/etab.ac-reunion.fr\/clg-juliette-dodu\/wp-json\/wp\/v2\/pages\/8257\/revisions\/8982"}],"wp:attachment":[{"href":"https:\/\/etab.ac-reunion.fr\/clg-juliette-dodu\/wp-json\/wp\/v2\/media?parent=8257"}],"curies":[{"name":"wp","href":"https:\/\/api.w.org\/{rel}","templated":true}]}}