{"id":1303,"date":"2018-10-01T10:14:43","date_gmt":"2018-10-01T06:14:43","guid":{"rendered":"http:\/\/college-lachatoire.ac-reunion.fr\/?page_id=1303"},"modified":"2022-11-21T08:36:58","modified_gmt":"2022-11-21T04:36:58","slug":"espace-parents","status":"publish","type":"page","link":"https:\/\/etab.ac-reunion.fr\/clg-la-chatoire\/espace-parents\/","title":{"rendered":"Espace Parents"},"content":{"rendered":"<p>Coordonn\u00e9e des associations des parents d&rsquo;\u00e9l\u00e8ves :<\/p>\n<ul>\n<li><strong>APEPS DU TAMPON<\/strong><\/li>\n<\/ul>\n<p style=\"text-align: left\">50 rue Victor Hugo &#8211; Tampon<\/p>\n<p style=\"text-align: left\">0262 270849<\/p>\n<p style=\"text-align: left\">apepsgestion@orange.fr<\/p>\n<p style=\"text-align: left\"><a href=\"https:\/\/www.apeps.re\/index.php\/accueil\"><strong>www.apeps.re<\/strong><\/a><\/p>\n<ul>\n<li><strong>FRAPE<\/strong><\/li>\n<\/ul>\n<p>119 ancienne route nationale &#8211; Cond\u00e9 Concession<\/p>\n<p>97432 Saint Pierre<\/p>\n<p>0692 305230<\/p>\n<p style=\"text-align: center\"><strong>Menu de la Cantine :<\/strong><\/p>\n<p style=\"text-align: center\"><a href=\"https:\/\/etab.ac-reunion.fr\/clg-la-chatoire\/espace-parents\/menu-du-21-au-25-novembre-2\/\" rel=\"attachment wp-att-4840\">Menu du 21 au 25 Novembre<\/a><\/p>\n<p><strong>EDUCONNECT : <a href=\"https:\/\/etab.ac-reunion.fr\/clg-la-chatoire\/compte-parent-educonnect\/\">https:\/\/etab.ac-reunion.fr\/clg-la-chatoire\/compte-parent-educonnect\/<\/a><\/strong><\/p>\n<p>Documents pour les inscriptions\/r\u00e9inscriptions :<\/p>\n<p><a href=\"https:\/\/etab.ac-reunion.fr\/clg-la-chatoire\/espace-parents\/liste-des-effets-scolaires\/\" rel=\"attachment wp-att-4380\">Liste des Effets Scolaires<\/a><\/p>\n<p><a href=\"https:\/\/etab.ac-reunion.fr\/clg-la-chatoire\/espace-parents\/fiche-de-renseignement-vie-scolaire\/\" rel=\"attachment wp-att-4381\">Fiche de renseignement Vie scolaire<\/a><\/p>\n<p><a href=\"https:\/\/etab.ac-reunion.fr\/clg-la-chatoire\/espace-parents\/demi-pension\/\" rel=\"attachment wp-att-4382\">Demi pension<\/a><\/p>\n<p><a href=\"https:\/\/etab.ac-reunion.fr\/clg-la-chatoire\/espace-parents\/liste-des-documents-a-fournir\/\" rel=\"attachment wp-att-4384\">Liste des documents \u00e0 fournir<\/a><\/p>\n<p><a href=\"https:\/\/etab.ac-reunion.fr\/clg-la-chatoire\/espace-parents\/fiche-cyclone-4\/\" rel=\"attachment wp-att-4385\">Fiche cyclone<\/a><\/p>\n<p><a href=\"https:\/\/etab.ac-reunion.fr\/clg-la-chatoire\/espace-parents\/attestation-de-sortie\/\" rel=\"attachment wp-att-4386\">Attestation de sortie<\/a><\/p>\n<p><a href=\"https:\/\/etab.ac-reunion.fr\/clg-la-chatoire\/espace-parents\/inscription-a-la-cantine-3\/\" rel=\"attachment wp-att-4387\">Inscription \u00e0 la cantine<\/a><\/p>\n<p>Orientation post 3\u00e8me :\u00a0<a href=\"https:\/\/etab.ac-reunion.fr\/clg-la-chatoire\/wp-content\/uploads\/sites\/131\/2019\/02\/Le-Lyc\u00e9e-change.pdf\">Le Lyc\u00e9e change<\/a>\u00a0\/\/\u00a0<a href=\"https:\/\/etab.ac-reunion.fr\/clg-la-chatoire\/wp-content\/uploads\/sites\/131\/2019\/02\/En-route-vers-le-Bac-2021.pdf\">En route vers le Bac 2021<\/a><\/p>\n<p>Gestion des Absences d&rsquo;El\u00e8ves : <a href=\"https:\/\/etab.ac-reunion.fr\/clg-la-chatoire\/espace-parents\/gestion-des-absences\/\" rel=\"attachment wp-att-2298\">GESTION DES ABSENCES<\/a><\/p>\n\n\n<p><\/p>\n","protected":false},"excerpt":{"rendered":"<p>Coordonn\u00e9e des associations des parents d&rsquo;\u00e9l\u00e8ves : APEPS DU TAMPON 50 rue Victor Hugo &#8211; Tampon 0262 270849 apepsgestion@orange.fr www.apeps.re FRAPE 119 ancienne route nationale &#8211; Cond\u00e9 Concession 97432 Saint Pierre 0692 305230 Menu de la Cantine : Menu du 21 au 25 Novembre EDUCONNECT : https:\/\/etab.ac-reunion.fr\/clg-la-chatoire\/compte-parent-educonnect\/ Documents pour les&#8230;<\/p>\n<p> <a class=\"continue-reading-link\" href=\"https:\/\/etab.ac-reunion.fr\/clg-la-chatoire\/espace-parents\/\"><span>Lire l&rsquo;Article<\/span><i class=\"crycon-right-dir\"><\/i><\/a> <\/p>\n","protected":false},"author":19408,"featured_media":0,"parent":0,"menu_order":0,"comment_status":"closed","ping_status":"closed","template":"page-full.php","meta":{"footnotes":""},"class_list":["post-1303","page","type-page","status-publish","hentry"],"_links":{"self":[{"href":"https:\/\/etab.ac-reunion.fr\/clg-la-chatoire\/wp-json\/wp\/v2\/pages\/1303","targetHints":{"allow":["GET"]}}],"collection":[{"href":"https:\/\/etab.ac-reunion.fr\/clg-la-chatoire\/wp-json\/wp\/v2\/pages"}],"about":[{"href":"https:\/\/etab.ac-reunion.fr\/clg-la-chatoire\/wp-json\/wp\/v2\/types\/page"}],"author":[{"embeddable":true,"href":"https:\/\/etab.ac-reunion.fr\/clg-la-chatoire\/wp-json\/wp\/v2\/users\/19408"}],"replies":[{"embeddable":true,"href":"https:\/\/etab.ac-reunion.fr\/clg-la-chatoire\/wp-json\/wp\/v2\/comments?post=1303"}],"version-history":[{"count":118,"href":"https:\/\/etab.ac-reunion.fr\/clg-la-chatoire\/wp-json\/wp\/v2\/pages\/1303\/revisions"}],"predecessor-version":[{"id":4841,"href":"https:\/\/etab.ac-reunion.fr\/clg-la-chatoire\/wp-json\/wp\/v2\/pages\/1303\/revisions\/4841"}],"wp:attachment":[{"href":"https:\/\/etab.ac-reunion.fr\/clg-la-chatoire\/wp-json\/wp\/v2\/media?parent=1303"}],"curies":[{"name":"wp","href":"https:\/\/api.w.org\/{rel}","templated":true}]}}