{"id":4248,"date":"2021-04-22T11:05:31","date_gmt":"2021-04-22T07:05:31","guid":{"rendered":"http:\/\/college-lachatoire.ac-reunion.fr\/?page_id=4248"},"modified":"2021-08-20T09:30:14","modified_gmt":"2021-08-20T05:30:14","slug":"structure","status":"publish","type":"page","link":"https:\/\/etab.ac-reunion.fr\/clg-la-chatoire\/structure\/","title":{"rendered":"Structure"},"content":{"rendered":"\n<p>Le Coll\u00e8ge La Ch\u00e2toire compte 27 classes (6 classes de 3e, une classe de 3e Pr\u00e9pa-M\u00e9tiers et 7 classes de 4e\/5e et 6 classes de 6e), ainsi qu&rsquo;une classe ULIS (Unit\u00e9 Localis\u00e9e d&rsquo;Inclusion Scolaires). <\/p>\n\n\n\n<p>Nous comptons 704 \u00e9l\u00e8ves : 190 en 3e, 181en 4e, 175 en 5e et 158 en 6e.<\/p>\n\n\n\n<p>Les langues enseign\u00e9es sont l&rsquo;anglais, l&rsquo;espagnol, l&rsquo;allemand et le latin. Nous avons \u00e9galement 1 bilangue espagnol en 6e, ansi que des sections LCE anglais et espagnol en 4e et 3e.<\/p>\n\n\n\n<ul class=\"wp-block-list\" id=\"block-f37a2ceb-1f9b-48c0-b991-d92e4a81ba0d\"><li><strong>Pr\u00e9sentation de la classe ULIS :<\/strong> <a href=\"https:\/\/etab.ac-reunion.fr\/clg-la-chatoire\/vie-de-letablissement\/presentation-ulis-converti\/\">Pr\u00e9sentation ULIS<\/a><\/li><li><strong>Pr\u00e9sentation de la Pr\u00e9pa M\u00e9tiers :<\/strong> <a href=\"https:\/\/etab.ac-reunion.fr\/clg-la-chatoire\/vie-de-letablissement\/descriptif-3eme-prepa-metiers\/\">Descriptif 3\u00e8me Pr\u00e9pa m\u00e9tiers<\/a><\/li><\/ul>\n\n\n\n<p><\/p>\n","protected":false},"excerpt":{"rendered":"<p>Le Coll\u00e8ge La Ch\u00e2toire compte 27 classes (6 classes de 3e, une classe de 3e Pr\u00e9pa-M\u00e9tiers et 7 classes de 4e\/5e et 6 classes de 6e), ainsi qu&rsquo;une classe ULIS (Unit\u00e9 Localis\u00e9e d&rsquo;Inclusion Scolaires). Nous comptons 704 \u00e9l\u00e8ves : 190 en 3e, 181en 4e, 175 en 5e et 158 en&#8230;<\/p>\n<p> <a class=\"continue-reading-link\" href=\"https:\/\/etab.ac-reunion.fr\/clg-la-chatoire\/structure\/\"><span>Lire l&rsquo;Article<\/span><i class=\"crycon-right-dir\"><\/i><\/a> <\/p>\n","protected":false},"author":19408,"featured_media":0,"parent":0,"menu_order":0,"comment_status":"closed","ping_status":"closed","template":"","meta":{"footnotes":""},"class_list":["post-4248","page","type-page","status-publish","hentry"],"_links":{"self":[{"href":"https:\/\/etab.ac-reunion.fr\/clg-la-chatoire\/wp-json\/wp\/v2\/pages\/4248","targetHints":{"allow":["GET"]}}],"collection":[{"href":"https:\/\/etab.ac-reunion.fr\/clg-la-chatoire\/wp-json\/wp\/v2\/pages"}],"about":[{"href":"https:\/\/etab.ac-reunion.fr\/clg-la-chatoire\/wp-json\/wp\/v2\/types\/page"}],"author":[{"embeddable":true,"href":"https:\/\/etab.ac-reunion.fr\/clg-la-chatoire\/wp-json\/wp\/v2\/users\/19408"}],"replies":[{"embeddable":true,"href":"https:\/\/etab.ac-reunion.fr\/clg-la-chatoire\/wp-json\/wp\/v2\/comments?post=4248"}],"version-history":[{"count":6,"href":"https:\/\/etab.ac-reunion.fr\/clg-la-chatoire\/wp-json\/wp\/v2\/pages\/4248\/revisions"}],"predecessor-version":[{"id":4397,"href":"https:\/\/etab.ac-reunion.fr\/clg-la-chatoire\/wp-json\/wp\/v2\/pages\/4248\/revisions\/4397"}],"wp:attachment":[{"href":"https:\/\/etab.ac-reunion.fr\/clg-la-chatoire\/wp-json\/wp\/v2\/media?parent=4248"}],"curies":[{"name":"wp","href":"https:\/\/api.w.org\/{rel}","templated":true}]}}