{"id":15290,"date":"2016-03-06T15:49:26","date_gmt":"2016-03-06T11:49:26","guid":{"rendered":"http:\/\/college-lamontagne.ac-reunion.fr\/?page_id=15290"},"modified":"2016-03-06T21:22:20","modified_gmt":"2016-03-06T17:22:20","slug":"communication","status":"publish","type":"page","link":"https:\/\/etab.ac-reunion.fr\/clg-la-montagne\/communication\/","title":{"rendered":"Communication"},"content":{"rendered":"<p>Il vous est possible de communiquer avec diff\u00e9rents interlocuteurs dans Pronote.<\/p>\n<p>Voici un tutoriel tr\u00e8s succinct, vous pr\u00e9sentant comment proc\u00e9der pour faire passer des informations.<\/p>\n<p>&nbsp;<\/p>\n<h2><span style=\"color: #ff0000\">I\/ Choisir\u00a0le format de la communication<\/span><\/h2>\n<p>&nbsp;<\/p>\n<p>Avant toute chose, vous devez vous demander si vous souhaitez <span style=\"text-decoration: underline\"><strong>informer<\/strong><\/span>\u00a0<img loading=\"lazy\" decoding=\"async\" class=\"size-full wp-image-15285 alignnone\" src=\"https:\/\/etab.ac-reunion.fr\/clg-la-montagne\/wp-content\/uploads\/sites\/74\/2016\/03\/info-discussion-e1457265698832.jpg\" alt=\"info-discussion\" width=\"26\" height=\"27\" \/>\u00a0les parents, les \u00e9l\u00e8ves, les coll\u00e8gues ou si vous voulez <span style=\"text-decoration: underline\"><strong>\u00e9changez<\/strong><\/span><img loading=\"lazy\" decoding=\"async\" class=\"size-full wp-image-15298 alignnone\" src=\"https:\/\/etab.ac-reunion.fr\/clg-la-montagne\/wp-content\/uploads\/sites\/74\/2016\/03\/info-discussion2-e1457265729476.jpg\" alt=\"info-discussion2\" width=\"24\" height=\"27\" \/>avec eux.<\/p>\n<p>En <span style=\"text-decoration: underline\"><strong>informant<\/strong> <\/span>vous ne recevrez <span style=\"text-decoration: underline\"><strong>aucun retour<\/strong><\/span>. En choisissant la <span style=\"text-decoration: underline\"><strong>discussion<\/strong><\/span> les <span style=\"text-decoration: underline\"><strong>retours<\/strong> <\/span>sont <span style=\"text-decoration: underline\"><strong>possibles<\/strong><\/span>.<\/p>\n<p>Les ic\u00f4nes sont diff\u00e9rentes selon ce que vous souhaitez faire:<\/p>\n<p>Choisissez la classe, ou encore les \u00e9l\u00e8ves \u00e0 qui vous voulez \u00e9crire dans la classe puis cliquer soit sur\u00a0<img loading=\"lazy\" decoding=\"async\" class=\"size-full wp-image-15285 alignnone\" src=\"https:\/\/etab.ac-reunion.fr\/clg-la-montagne\/wp-content\/uploads\/sites\/74\/2016\/03\/info-discussion-e1457265698832.jpg\" alt=\"info-discussion\" width=\"26\" height=\"27\" \/>\u00a0soit sur\u00a0<img loading=\"lazy\" decoding=\"async\" class=\"size-full wp-image-15298 alignnone\" src=\"https:\/\/etab.ac-reunion.fr\/clg-la-montagne\/wp-content\/uploads\/sites\/74\/2016\/03\/info-discussion2-e1457265729476.jpg\" alt=\"info-discussion2\" width=\"24\" height=\"27\" \/><\/p>\n<p><img loading=\"lazy\" decoding=\"async\" class=\"wp-image-15278 alignnone\" src=\"https:\/\/etab.ac-reunion.fr\/clg-la-montagne\/wp-content\/uploads\/sites\/74\/2016\/03\/01-com-liste.jpg\" alt=\"01-com-liste\" width=\"680\" height=\"378\" srcset=\"https:\/\/etab.ac-reunion.fr\/clg-la-montagne\/wp-content\/uploads\/sites\/74\/2016\/03\/01-com-liste.jpg 813w, https:\/\/etab.ac-reunion.fr\/clg-la-montagne\/wp-content\/uploads\/sites\/74\/2016\/03\/01-com-liste-300x167.jpg 300w\" sizes=\"auto, (max-width: 680px) 100vw, 680px\" \/><\/p>\n<p>&nbsp;<\/p>\n<h2><span style=\"color: #ff0000\">II\/\u00a0Saisir son message<\/span><\/h2>\n<p>&nbsp;<\/p>\n<p>Une fen\u00eatre \u00ab\u00a0pop-up\u00a0\u00bb s&rsquo;ouvre et vous invite \u00e0 saisir votre message et vos destinataires:<\/p>\n<ol>\n<li>Cochez les cases qui vous int\u00e9ressent (la mention \u00ab\u00a01\u00a0\u00bb \u00e0 c\u00f4t\u00e9 de classes signifie qu&rsquo;une classe a \u00e9t\u00e9 choisie).<\/li>\n<li>Saisissez un titre \u00e0 votre message.<\/li>\n<li>Tapez votre message.<\/li>\n<li>Un accus\u00e9 r\u00e9ception est par d\u00e9faut coch\u00e9. Si vous n&rsquo;en voulez pas d\u00e9cochez-le.<\/li>\n<li>choisissez la p\u00e9riode pendant laquelle ce message sera visible sur l&rsquo;espace du\/des destinataire(s) (espace parents \/ espace \u00e9l\u00e8ves). Apr\u00e8s la p\u00e9riode indiqu\u00e9e, le message dispara\u00eetra.<\/li>\n<\/ol>\n<p><img loading=\"lazy\" decoding=\"async\" class=\"size-full wp-image-15279 alignnone\" src=\"https:\/\/etab.ac-reunion.fr\/clg-la-montagne\/wp-content\/uploads\/sites\/74\/2016\/03\/02-com-message.jpg\" alt=\"02-com-message\" width=\"608\" height=\"731\" srcset=\"https:\/\/etab.ac-reunion.fr\/clg-la-montagne\/wp-content\/uploads\/sites\/74\/2016\/03\/02-com-message.jpg 608w, https:\/\/etab.ac-reunion.fr\/clg-la-montagne\/wp-content\/uploads\/sites\/74\/2016\/03\/02-com-message-250x300.jpg 250w\" sizes=\"auto, (max-width: 608px) 100vw, 608px\" \/><\/p>\n<p>&nbsp;<\/p>\n<p>Les destinataires choisis (responsables + \u00e9quipe p\u00e9da + \u00e9l\u00e8ves de la 306), le titre indiqu\u00e9, le message saisi et la p\u00e9riode arr\u00eat\u00e9e, j&rsquo;envoie mon message.<\/p>\n<p>&nbsp;<\/p>\n<p><img loading=\"lazy\" decoding=\"async\" class=\"size-full wp-image-15282 alignnone\" src=\"https:\/\/etab.ac-reunion.fr\/clg-la-montagne\/wp-content\/uploads\/sites\/74\/2016\/03\/05-com-message4.jpg\" alt=\"05-com-message4\" width=\"607\" height=\"501\" srcset=\"https:\/\/etab.ac-reunion.fr\/clg-la-montagne\/wp-content\/uploads\/sites\/74\/2016\/03\/05-com-message4.jpg 607w, https:\/\/etab.ac-reunion.fr\/clg-la-montagne\/wp-content\/uploads\/sites\/74\/2016\/03\/05-com-message4-300x248.jpg 300w\" sizes=\"auto, (max-width: 607px) 100vw, 607px\" \/><\/p>\n<p>&nbsp;<\/p>\n<h2><span style=\"color: #ff0000\">III\/ R\u00e9ceptionner le(s) message(s) \/ information(s)<\/span><\/h2>\n<p>Du c\u00f4t\u00e9 des \u00e9l\u00e8ves voici, la notification appara\u00eet dans le coin sup\u00e9rieur droit avec un papillon <img loading=\"lazy\" decoding=\"async\" class=\" wp-image-15300 alignnone\" src=\"https:\/\/etab.ac-reunion.fr\/clg-la-montagne\/wp-content\/uploads\/sites\/74\/2016\/03\/papillon.jpg\" alt=\"papillon\" width=\"29\" height=\"32\" \/>. La pastille bleue indique le nombre de message re\u00e7us. Une rubrique sp\u00e9ciale information r\u00e9capitule les informations et discussions re\u00e7ues. Elles dispara\u00eetront une fois la\/les date(s) pass\u00e9e(s)<\/p>\n<p>&nbsp;<\/p>\n<p><img loading=\"lazy\" decoding=\"async\" class=\"wp-image-15283 alignnone\" src=\"https:\/\/etab.ac-reunion.fr\/clg-la-montagne\/wp-content\/uploads\/sites\/74\/2016\/03\/06-com-cote-eleve.jpg\" alt=\"06-com-cote eleve\" width=\"650\" height=\"279\" srcset=\"https:\/\/etab.ac-reunion.fr\/clg-la-montagne\/wp-content\/uploads\/sites\/74\/2016\/03\/06-com-cote-eleve.jpg 1366w, https:\/\/etab.ac-reunion.fr\/clg-la-montagne\/wp-content\/uploads\/sites\/74\/2016\/03\/06-com-cote-eleve-300x129.jpg 300w, https:\/\/etab.ac-reunion.fr\/clg-la-montagne\/wp-content\/uploads\/sites\/74\/2016\/03\/06-com-cote-eleve-1024x439.jpg 1024w\" sizes=\"auto, (max-width: 650px) 100vw, 650px\" \/><\/p>\n<p>&nbsp;<\/p>\n<p>En zoom cela donne ceci :<\/p>\n<p>&nbsp;<\/p>\n<p><img loading=\"lazy\" decoding=\"async\" class=\"alignnone wp-image-15301\" src=\"https:\/\/etab.ac-reunion.fr\/clg-la-montagne\/wp-content\/uploads\/sites\/74\/2016\/03\/notification2.jpg\" alt=\"notification2\" width=\"680\" height=\"398\" srcset=\"https:\/\/etab.ac-reunion.fr\/clg-la-montagne\/wp-content\/uploads\/sites\/74\/2016\/03\/notification2.jpg 743w, https:\/\/etab.ac-reunion.fr\/clg-la-montagne\/wp-content\/uploads\/sites\/74\/2016\/03\/notification2-300x176.jpg 300w, https:\/\/etab.ac-reunion.fr\/clg-la-montagne\/wp-content\/uploads\/sites\/74\/2016\/03\/notification2-461x271.jpg 461w\" sizes=\"auto, (max-width: 680px) 100vw, 680px\" \/><\/p>\n<p>&nbsp;<\/p>\n<p>Vous voici en mesure de discuter, informer et \u00e9changer avec les membres et partenaires de la communaut\u00e9 \u00e9ducative.<\/p>\n<p>&nbsp;<\/p>\n<p><em>Pierre Vandersteen Mauduit-Larive<\/em><\/p>\n","protected":false},"excerpt":{"rendered":"<p>Il vous est possible de communiquer avec diff\u00e9rents interlocuteurs dans Pronote. Voici un tutoriel tr\u00e8s succinct, vous pr\u00e9sentant comment proc\u00e9der pour faire passer des informations. &nbsp; I\/ Choisir\u00a0le format de la communication &nbsp; Avant toute chose, vous devez vous demander si vous souhaitez informer\u00a0\u00a0les parents, les \u00e9l\u00e8ves, les coll\u00e8gues ou&#8230;<\/p>\n<p> <a class=\"continue-reading-link\" href=\"https:\/\/etab.ac-reunion.fr\/clg-la-montagne\/communication\/\"><span>Lire plus<\/span><i class=\"crycon-right-dir\"><\/i><\/a> <\/p>\n","protected":false},"author":1511,"featured_media":0,"parent":0,"menu_order":0,"comment_status":"open","ping_status":"closed","template":"","meta":{"footnotes":""},"class_list":["post-15290","page","type-page","status-publish","hentry"],"_links":{"self":[{"href":"https:\/\/etab.ac-reunion.fr\/clg-la-montagne\/wp-json\/wp\/v2\/pages\/15290","targetHints":{"allow":["GET"]}}],"collection":[{"href":"https:\/\/etab.ac-reunion.fr\/clg-la-montagne\/wp-json\/wp\/v2\/pages"}],"about":[{"href":"https:\/\/etab.ac-reunion.fr\/clg-la-montagne\/wp-json\/wp\/v2\/types\/page"}],"author":[{"embeddable":true,"href":"https:\/\/etab.ac-reunion.fr\/clg-la-montagne\/wp-json\/wp\/v2\/users\/1511"}],"replies":[{"embeddable":true,"href":"https:\/\/etab.ac-reunion.fr\/clg-la-montagne\/wp-json\/wp\/v2\/comments?post=15290"}],"version-history":[{"count":11,"href":"https:\/\/etab.ac-reunion.fr\/clg-la-montagne\/wp-json\/wp\/v2\/pages\/15290\/revisions"}],"predecessor-version":[{"id":15296,"href":"https:\/\/etab.ac-reunion.fr\/clg-la-montagne\/wp-json\/wp\/v2\/pages\/15290\/revisions\/15296"}],"wp:attachment":[{"href":"https:\/\/etab.ac-reunion.fr\/clg-la-montagne\/wp-json\/wp\/v2\/media?parent=15290"}],"curies":[{"name":"wp","href":"https:\/\/api.w.org\/{rel}","templated":true}]}}