{"id":1716,"date":"2014-05-21T18:01:35","date_gmt":"2014-05-21T14:01:35","guid":{"rendered":"http:\/\/college-lamontagne.ac-reunion.fr\/?page_id=1716"},"modified":"2014-05-21T18:01:35","modified_gmt":"2014-05-21T14:01:35","slug":"moodle","status":"publish","type":"page","link":"https:\/\/etab.ac-reunion.fr\/clg-la-montagne\/moodle\/","title":{"rendered":"Moodle"},"content":{"rendered":"<p>Moodle est une\u00a0plateforme d\u2019apprentissage en ligne\u00a0 servant \u00e0 cr\u00e9er des communaut\u00e9s d\u2019apprenants autour de contenus et d\u2019activit\u00e9s p\u00e9dagogiques.<\/p>\n<p>\u00c0 un\u00a0syst\u00e8me de gestion de contenu , Moodle ajoute des fonctions p\u00e9dagogiques ou communicatives pour cr\u00e9er un environnement d\u2019apprentissage en ligne\u00a0: c\u2019est une application permettant de cr\u00e9er,<\/p>\n<p>par l\u2019interm\u00e9diaire du r\u00e9seau, des interactions entre des p\u00e9dagogues, des apprenants et des ressources p\u00e9dagogiques.<\/p>\n<ul>\n<li>Elle pr\u00e9sente de nombreuses caract\u00e9ristiques partag\u00e9es avec les autres plates-formes de formation en ligne\u00a0: forums, gestionnaire de ressources, tests et neuf modules cl\u00e9 en main (Devoirs,\u00a0clavardage,sondages, glossaires, journal, \u00e9tiquettes, le\u00e7ons,\u00a0wiki, tests, base de donn\u00e9es,\u00a0blogues, flux RSS\u2026). Elle int\u00e8gre aussi un module de cr\u00e9ation de tests d\u2019entra\u00eenement. Les questions cr\u00e9\u00e9es avec ce module peuvent \u00eatre mutualis\u00e9es et r\u00e9utilis\u00e9es dans diff\u00e9rents contextes d\u2019\u00e9preuve.<\/li>\n<\/ul>\n<ul>\n<li>Moodle est tr\u00e8s souple, elle a \u00e9t\u00e9 con\u00e7ue d\u00e8s le d\u00e9part de mani\u00e8re modulaire. Elle permet donc de r\u00e9pondre aux besoins d\u2019un formateur isol\u00e9 comme d\u2019une institution acad\u00e9mique. Aujourd\u2019hui, le d\u00e9veloppement de Moodle est fortement influenc\u00e9 par les demandes de la communaut\u00e9 d\u2019administrateurs et d\u2019utilisateurs de Moodle (enseignants, p\u00e9dagogues). On peut d\u00e9velopper de nouveaux modules facilement puisque Moodle s\u2019appuie sur PHP, le langage actuellement le plus utilis\u00e9 pour le d\u00e9veloppement d\u2019applications web.<\/li>\n<\/ul>\n<ul>\n<li>Elle pr\u00e9sente une interface conviviale avec les formateurs, apprenants et administrateurs.<\/li>\n<\/ul>\n<ul>\n<li>Plusieurs langues peuvent \u00eatre utilis\u00e9es simultan\u00e9ment dans les divers cours d\u2019une m\u00eame plate-forme.<\/li>\n<\/ul>\n<ul>\n<li>Des filtres permettent d\u2019utiliser facilement des fichiers multim\u00e9dias ou des expressions math\u00e9matiques au sein des pages Moodle.<\/li>\n<\/ul>\n<ul>\n<li>Des rapports d\u2019usage d\u00e9taill\u00e9s pour chaque apprenant permettent de superviser les efforts d\u2019apprentissage.<\/li>\n<\/ul>\n<ul>\n<li>Moodle facilite la gestion dynamique d\u2019un cours avec le calendrier. Chaque cours se pr\u00e9sente comme un portail compos\u00e9 de blocs que le tuteur peut afficher \u00e0 sa guise tout au long du d\u00e9roulement du cours, \u00e9vitant ainsi une surcharge informationnelle.<\/li>\n<\/ul>\n<p>Un tr\u00e8s bon lien pour cr\u00e9er des exercices interactifs <a href=\"http:\/\/lyc-elsa-triolet-luce.tice.ac-orleans-tours.fr\/php5\/file\/Moodle_doc\/formation_niveau2\/p1.html\">http:\/\/lyc-elsa-triolet-luce.tice.ac-orleans-tours.fr\/php5\/file\/Moodle_doc\/formation_niveau2\/p1.html<\/a><\/p>\n","protected":false},"excerpt":{"rendered":"<p>Moodle est une\u00a0plateforme d\u2019apprentissage en ligne\u00a0 servant \u00e0 cr\u00e9er des communaut\u00e9s d\u2019apprenants autour de contenus et d\u2019activit\u00e9s p\u00e9dagogiques. \u00c0 un\u00a0syst\u00e8me de gestion de contenu , Moodle ajoute des fonctions p\u00e9dagogiques ou communicatives pour cr\u00e9er un environnement d\u2019apprentissage en ligne\u00a0: c\u2019est une application permettant de cr\u00e9er, par l\u2019interm\u00e9diaire du r\u00e9seau, des&#8230;<\/p>\n<p> <a class=\"continue-reading-link\" href=\"https:\/\/etab.ac-reunion.fr\/clg-la-montagne\/moodle\/\"><span>Lire plus<\/span><i class=\"crycon-right-dir\"><\/i><\/a> <\/p>\n","protected":false},"author":1559,"featured_media":0,"parent":0,"menu_order":0,"comment_status":"open","ping_status":"open","template":"","meta":{"footnotes":""},"class_list":["post-1716","page","type-page","status-publish","hentry"],"_links":{"self":[{"href":"https:\/\/etab.ac-reunion.fr\/clg-la-montagne\/wp-json\/wp\/v2\/pages\/1716","targetHints":{"allow":["GET"]}}],"collection":[{"href":"https:\/\/etab.ac-reunion.fr\/clg-la-montagne\/wp-json\/wp\/v2\/pages"}],"about":[{"href":"https:\/\/etab.ac-reunion.fr\/clg-la-montagne\/wp-json\/wp\/v2\/types\/page"}],"author":[{"embeddable":true,"href":"https:\/\/etab.ac-reunion.fr\/clg-la-montagne\/wp-json\/wp\/v2\/users\/1559"}],"replies":[{"embeddable":true,"href":"https:\/\/etab.ac-reunion.fr\/clg-la-montagne\/wp-json\/wp\/v2\/comments?post=1716"}],"version-history":[{"count":1,"href":"https:\/\/etab.ac-reunion.fr\/clg-la-montagne\/wp-json\/wp\/v2\/pages\/1716\/revisions"}],"predecessor-version":[{"id":1717,"href":"https:\/\/etab.ac-reunion.fr\/clg-la-montagne\/wp-json\/wp\/v2\/pages\/1716\/revisions\/1717"}],"wp:attachment":[{"href":"https:\/\/etab.ac-reunion.fr\/clg-la-montagne\/wp-json\/wp\/v2\/media?parent=1716"}],"curies":[{"name":"wp","href":"https:\/\/api.w.org\/{rel}","templated":true}]}}