{"id":3914,"date":"2014-05-29T16:12:33","date_gmt":"2014-05-29T12:12:33","guid":{"rendered":"http:\/\/college-lamontagne.ac-reunion.fr\/?page_id=3914"},"modified":"2021-10-07T16:21:55","modified_gmt":"2021-10-07T12:21:55","slug":"owncloud","status":"publish","type":"page","link":"https:\/\/etab.ac-reunion.fr\/clg-la-montagne\/owncloud\/","title":{"rendered":"OwnCloud"},"content":{"rendered":"<h2>DESCRIPTION<\/h2>\n<p>ownCloud est une impl\u00e9mentation open source de <span style=\"text-decoration: underline\">services en ligne de stockage<\/span> et d\u2019applications diverses (cloud computing). ownCloud peut \u00eatre install\u00e9 sur le serveur web personnel de l\u2019utilisateur.<\/p>\n<p>OwnCloud se positionne en alternative aux solutions de Dropbox, Box.net et autres drives, en mettant en avant la flexibilit\u00e9 et la s\u00e9curit\u00e9. ownCloud n\u2019enferme pas le client dans une solution propri\u00e9taire.<\/p>\n<p>Gr\u00e2ce \u00e0 cette application vous pouvez partager vos fichiers avec qui vous voulez en un laps de temps que vous pouvez \u00e9galement d\u00e9finir.<\/p>\n<p>Bon partage!<\/p>\n<p>&nbsp;<\/p>\n<h2>FONCTIONNALIT\u00c9S<\/h2>\n<ul>\n<li>Fonctionnalit\u00e9s<\/li>\n<li>Lecteur de musique<\/li>\n<li>Partage de fichiers<\/li>\n<li>Acc\u00e8s aux fichiers WebDAV<\/li>\n<li>Calendrier (CalDAV)<\/li>\n<li>Contacts (CardDAV)<\/li>\n<li>\u00c9diteur de document en ligne<\/li>\n<li>Visionnage de documents en ligne (.txt, .pdf)<\/li>\n<li>Galerie d\u2019images, qui permet de visualiser ses photos et de les classer en albums.<\/li>\n<\/ul>\n<address>(Informations :\u00a0 https:\/\/envole.ac-dijon.fr)<\/address>\n<address>\u00a0<\/address>\n<address><a class=\"fancybox\" href=\"http:\/\/ent.ac-reunion.fr\/wordpress\/wp-content\/uploads\/2014\/04\/owncloud2.jpg\"><img loading=\"lazy\" decoding=\"async\" class=\" wp-image-4929 aligncenter\" src=\"http:\/\/ent.ac-reunion.fr\/wordpress\/wp-content\/uploads\/2014\/04\/owncloud2.jpg\" alt=\"owncloud2\" width=\"622\" height=\"375\" \/><\/a><\/address>\n","protected":false},"excerpt":{"rendered":"<p>DESCRIPTION ownCloud est une impl\u00e9mentation open source de services en ligne de stockage et d\u2019applications diverses (cloud computing). ownCloud peut \u00eatre install\u00e9 sur le serveur web personnel de l\u2019utilisateur. OwnCloud se positionne en alternative aux solutions de Dropbox, Box.net et autres drives, en mettant en avant la flexibilit\u00e9 et la&#8230;<\/p>\n<p> <a class=\"continue-reading-link\" href=\"https:\/\/etab.ac-reunion.fr\/clg-la-montagne\/owncloud\/\"><span>Lire plus<\/span><i class=\"crycon-right-dir\"><\/i><\/a> <\/p>\n","protected":false},"author":1511,"featured_media":0,"parent":0,"menu_order":0,"comment_status":"open","ping_status":"open","template":"","meta":{"footnotes":""},"class_list":["post-3914","page","type-page","status-publish","hentry"],"_links":{"self":[{"href":"https:\/\/etab.ac-reunion.fr\/clg-la-montagne\/wp-json\/wp\/v2\/pages\/3914","targetHints":{"allow":["GET"]}}],"collection":[{"href":"https:\/\/etab.ac-reunion.fr\/clg-la-montagne\/wp-json\/wp\/v2\/pages"}],"about":[{"href":"https:\/\/etab.ac-reunion.fr\/clg-la-montagne\/wp-json\/wp\/v2\/types\/page"}],"author":[{"embeddable":true,"href":"https:\/\/etab.ac-reunion.fr\/clg-la-montagne\/wp-json\/wp\/v2\/users\/1511"}],"replies":[{"embeddable":true,"href":"https:\/\/etab.ac-reunion.fr\/clg-la-montagne\/wp-json\/wp\/v2\/comments?post=3914"}],"version-history":[{"count":1,"href":"https:\/\/etab.ac-reunion.fr\/clg-la-montagne\/wp-json\/wp\/v2\/pages\/3914\/revisions"}],"predecessor-version":[{"id":3915,"href":"https:\/\/etab.ac-reunion.fr\/clg-la-montagne\/wp-json\/wp\/v2\/pages\/3914\/revisions\/3915"}],"wp:attachment":[{"href":"https:\/\/etab.ac-reunion.fr\/clg-la-montagne\/wp-json\/wp\/v2\/media?parent=3914"}],"curies":[{"name":"wp","href":"https:\/\/api.w.org\/{rel}","templated":true}]}}