{"id":448,"date":"2014-05-15T19:35:16","date_gmt":"2014-05-15T15:35:16","guid":{"rendered":"http:\/\/college-lamontagne.ac-reunion.fr\/?page_id=448"},"modified":"2021-09-13T14:21:07","modified_gmt":"2021-09-13T10:21:07","slug":"mentions-legales","status":"publish","type":"page","link":"https:\/\/etab.ac-reunion.fr\/clg-la-montagne\/mentions-legales\/","title":{"rendered":"Mentions l\u00e9gales"},"content":{"rendered":"<p><span style=\"text-decoration: underline\"><em><strong><a href=\"https:\/\/etab.ac-reunion.fr\/clg-la-montagne\/wp-content\/uploads\/sites\/74\/2014\/05\/info-icon.png\"><img loading=\"lazy\" decoding=\"async\" class=\"alignleft wp-image-473 size-full\" src=\"https:\/\/etab.ac-reunion.fr\/clg-la-montagne\/wp-content\/uploads\/sites\/74\/2014\/05\/info-icon.png\" alt=\"info-icon\" width=\"64\" height=\"64\" srcset=\"https:\/\/etab.ac-reunion.fr\/clg-la-montagne\/wp-content\/uploads\/sites\/74\/2014\/05\/info-icon.png 64w, https:\/\/etab.ac-reunion.fr\/clg-la-montagne\/wp-content\/uploads\/sites\/74\/2014\/05\/info-icon-40x40.png 40w\" sizes=\"auto, (max-width: 64px) 100vw, 64px\" \/><\/a><\/strong><\/em><\/span><\/p>\n<p><em><strong>\u00a0<\/strong><\/em><span style=\"text-decoration: underline\"><em><strong>Mentions L\u00e9gales relatives au site WordPress du Coll\u00e8ge de la Montagne<\/strong><\/em><\/span><\/p>\n<p>&nbsp;<\/p>\n<p>&nbsp;<\/p>\n<p><span style=\"text-decoration: underline\"><em><strong>\u00c9diteur:<\/strong><\/em><\/span><\/p>\n<p>Coll\u00e8ge de la Montagne<\/p>\n<p>115, Chemin du Colorado<\/p>\n<p>97417 La Montagne<\/p>\n<p>Saint-Denis &#8211; R\u00c9UNION<\/p>\n<p>T\u00e9l:\u00a00262.23.60.66<\/p>\n<p>Fax:\u00a00262.23.87.34<\/p>\n<p>ce.9740042c@ac-reunion.fr<\/p>\n<p>&nbsp;<\/p>\n<p><span style=\"text-decoration: underline\"><em><strong>Directeur de la publication et responsable de la r\u00e9daction:<\/strong><\/em><\/span><\/p>\n<p>M. Edouard Gokalsing, Chef d&rsquo;\u00e9tablissement<\/p>\n<p><span style=\"text-decoration: underline\"><em><strong>Conception et r\u00e9alisation:<\/strong><\/em><\/span><\/p>\n<p>R\u00e9alisation conjointe interne \u00e0 l&rsquo;\u00e9tablissement par:<\/p>\n<p>-Mme S. COHADIER, webmestre<\/p>\n<p>&nbsp;<\/p>\n<p><span style=\"text-decoration: underline\"><em><strong>Fournisseur de l&rsquo;h\u00e9bergement:<\/strong><\/em><\/span><\/p>\n<p>Rectorat de l\u2019Acad\u00e9mie de La R\u00e9union<\/p>\n<p>Secr\u00e9tariat g\u00e9n\u00e9ral \u2013 Service Communication<\/p>\n<p>24, Avenue Georges Brassens \u2013 97702 \u2013 St-Denis \u2013 Messag Cedex 9<\/p>\n<p>&nbsp;<\/p>\n<p><strong><span style=\"text-decoration: underline\"><em>Propri\u00e9t\u00e9 intellectuelle:<\/em><\/span><\/strong><\/p>\n<p>Les photographies, textes, slogans, dessins, images, s\u00e9quences anim\u00e9es,<\/p>\n<p>sonores ou non, ainsi que toutes les \u0153uvres int\u00e9gr\u00e9es dans le site sont la propri\u00e9t\u00e9<\/p>\n<p>de l&rsquo;\u00e9diteur du site ou de tiers ayant autoris\u00e9 l&rsquo;\u00e9diteur du site \u00e0 les utiliser.<\/p>\n<p>Toute reproduction totale ou partielle de ces \u00e9l\u00e9ments sans l&rsquo;autorisation expresse de<\/p>\n<p>l&rsquo;exploitant du site Internet ou de ses ayant-droit est prohib\u00e9e, au sens de l&rsquo;article L713-2 du CPI.<\/p>\n<p style=\"color: #ffffff\">\n","protected":false},"excerpt":{"rendered":"<p>\u00a0Mentions L\u00e9gales relatives au site WordPress du Coll\u00e8ge de la Montagne &nbsp; &nbsp; \u00c9diteur: Coll\u00e8ge de la Montagne 115, Chemin du Colorado 97417 La Montagne Saint-Denis &#8211; R\u00c9UNION T\u00e9l:\u00a00262.23.60.66 Fax:\u00a00262.23.87.34 ce.9740042c@ac-reunion.fr &nbsp; Directeur de la publication et responsable de la r\u00e9daction: M. Edouard Gokalsing, Chef d&rsquo;\u00e9tablissement Conception et r\u00e9alisation: R\u00e9alisation&#8230;<\/p>\n<p> <a class=\"continue-reading-link\" href=\"https:\/\/etab.ac-reunion.fr\/clg-la-montagne\/mentions-legales\/\"><span>Lire plus<\/span><i class=\"crycon-right-dir\"><\/i><\/a> <\/p>\n","protected":false},"author":1511,"featured_media":0,"parent":0,"menu_order":0,"comment_status":"closed","ping_status":"closed","template":"","meta":{"footnotes":""},"class_list":["post-448","page","type-page","status-publish","hentry"],"_links":{"self":[{"href":"https:\/\/etab.ac-reunion.fr\/clg-la-montagne\/wp-json\/wp\/v2\/pages\/448","targetHints":{"allow":["GET"]}}],"collection":[{"href":"https:\/\/etab.ac-reunion.fr\/clg-la-montagne\/wp-json\/wp\/v2\/pages"}],"about":[{"href":"https:\/\/etab.ac-reunion.fr\/clg-la-montagne\/wp-json\/wp\/v2\/types\/page"}],"author":[{"embeddable":true,"href":"https:\/\/etab.ac-reunion.fr\/clg-la-montagne\/wp-json\/wp\/v2\/users\/1511"}],"replies":[{"embeddable":true,"href":"https:\/\/etab.ac-reunion.fr\/clg-la-montagne\/wp-json\/wp\/v2\/comments?post=448"}],"version-history":[{"count":16,"href":"https:\/\/etab.ac-reunion.fr\/clg-la-montagne\/wp-json\/wp\/v2\/pages\/448\/revisions"}],"predecessor-version":[{"id":18555,"href":"https:\/\/etab.ac-reunion.fr\/clg-la-montagne\/wp-json\/wp\/v2\/pages\/448\/revisions\/18555"}],"wp:attachment":[{"href":"https:\/\/etab.ac-reunion.fr\/clg-la-montagne\/wp-json\/wp\/v2\/media?parent=448"}],"curies":[{"name":"wp","href":"https:\/\/api.w.org\/{rel}","templated":true}]}}