{"id":12,"date":"2014-09-04T19:14:27","date_gmt":"2014-09-04T18:14:27","guid":{"rendered":"http:\/\/college-bernica.ac-reunion.fr\/?page_id=12"},"modified":"2019-09-16T10:25:50","modified_gmt":"2019-09-16T06:25:50","slug":"contacts","status":"publish","type":"page","link":"https:\/\/etab.ac-reunion.fr\/clg-le-bernica\/contacts\/","title":{"rendered":"Contacts"},"content":{"rendered":"<p><strong>Coll\u00e8ge Le Bernica<br \/>\nBP7<br \/>\nrue Gayet<br \/>\n97435 Saint-Gilles les Hauts<\/strong><\/p>\n<ul>\n<li>T\u00e9l : 0262 22 78 01<\/li>\n<li>Fax : 0262 55 52 16<\/li>\n<\/ul>\n<h1>Nous localiser&#8230;<\/h1>\n<ul>\n<li><a href=\"https:\/\/www.openstreetmap.org\/?mlat=-21.04809&amp;mlon=55.26982#map=17\/-21.04809\/55.26982\">OpenStreetMap<\/a><\/li>\n<li><a href=\"https:\/\/www.geoportail.gouv.fr\/carte?c=55.27019352911385,-21.048291073137747&amp;z=17&amp;l0=ORTHOIMAGERY.ORTHOPHOTOS::GEOPORTAIL:OGC:WMTS(1)&amp;l1=GEOGRAPHICALGRIDSYSTEMS.MAPS.SCAN-EXPRESS.STANDARD::GEOPORTAIL:OGC:WMTS(1)&amp;permalink=yes\">G\u00e9oPortail<\/a><\/li>\n<\/ul>\n<h1><a name=\"envoyerunmail\"><\/a>Envoyer un mail au&#8230;<\/h1>\n<h2>Secr\u00e9tariat<\/h2>\n\n<div class=\"wpcf7 no-js\" id=\"wpcf7-f4334-o1\" lang=\"fr-FR\" dir=\"ltr\" data-wpcf7-id=\"4334\">\n<div class=\"screen-reader-response\"><p role=\"status\" aria-live=\"polite\" aria-atomic=\"true\"><\/p> <ul><\/ul><\/div>\n<form action=\"\/clg-le-bernica\/wp-json\/wp\/v2\/pages\/12#wpcf7-f4334-o1\" method=\"post\" class=\"wpcf7-form init\" aria-label=\"Formulaire de contact\" novalidate=\"novalidate\" data-status=\"init\">\n<fieldset class=\"hidden-fields-container\"><input type=\"hidden\" name=\"_wpcf7\" value=\"4334\" \/><input type=\"hidden\" name=\"_wpcf7_version\" value=\"6.1.5\" \/><input type=\"hidden\" name=\"_wpcf7_locale\" value=\"fr_FR\" \/><input type=\"hidden\" name=\"_wpcf7_unit_tag\" value=\"wpcf7-f4334-o1\" \/><input type=\"hidden\" name=\"_wpcf7_container_post\" value=\"0\" \/><input type=\"hidden\" name=\"_wpcf7_posted_data_hash\" value=\"\" \/>\n<\/fieldset>\n<p><label> Votre nom (obligatoire)<br \/>\n<span class=\"wpcf7-form-control-wrap\" data-name=\"your-name\"><input size=\"40\" maxlength=\"400\" class=\"wpcf7-form-control wpcf7-text wpcf7-validates-as-required\" aria-required=\"true\" aria-invalid=\"false\" value=\"\" type=\"text\" name=\"your-name\" \/><\/span> <\/label>\n<\/p>\n<p><label> Votre adresse de messagerie (obligatoire)<br \/>\n<span class=\"wpcf7-form-control-wrap\" data-name=\"your-email\"><input size=\"40\" maxlength=\"400\" class=\"wpcf7-form-control wpcf7-email wpcf7-validates-as-required wpcf7-text wpcf7-validates-as-email\" aria-required=\"true\" aria-invalid=\"false\" value=\"\" type=\"email\" name=\"your-email\" \/><\/span> <\/label>\n<\/p>\n<p><label> Objet<br \/>\n<span class=\"wpcf7-form-control-wrap\" data-name=\"your-subject\"><input size=\"40\" maxlength=\"400\" class=\"wpcf7-form-control wpcf7-text\" aria-invalid=\"false\" value=\"\" type=\"text\" name=\"your-subject\" \/><\/span> <\/label>\n<\/p>\n<p><label> Votre message<br \/>\n<span class=\"wpcf7-form-control-wrap\" data-name=\"your-message\"><textarea cols=\"40\" rows=\"10\" maxlength=\"2000\" class=\"wpcf7-form-control wpcf7-textarea\" aria-invalid=\"false\" name=\"your-message\"><\/textarea><\/span> <\/label>\n<\/p>\n<p>[quiz quiz-810 \"3+5 = ? | 8 \" 10-1 = ? | 9\" \"Quel nombre entier suit 513 ? | 514\" \"Num. d\u00e9partement R\u00e9union ? | 974\"]\n<\/p>\n<p><label>Veuillez lire et accepter le paragraphe suivant pour pouvoir envoyer votre message.<\/label><br \/>\n<span class=\"wpcf7-form-control-wrap\" data-name=\"acceptance-9\"><span class=\"wpcf7-form-control wpcf7-acceptance\"><span class=\"wpcf7-list-item\"><label><input type=\"checkbox\" name=\"acceptance-9\" value=\"1\" aria-invalid=\"false\" \/><span class=\"wpcf7-list-item-label\">Les informations recueillies \u00e0 partir de ce formulaire sont transmises uniquement aux destinataires. Elles ne sont pas conserv\u00e9es ni transmises \u00e0 des tiers.<\/span><\/label><\/span><\/span><\/span>\n<\/p>\n<p><span id=\"wpcf7-69e18e8e096f8-wrapper\" class=\"wpcf7-form-control-wrap email-wrap\" style=\"display:none !important; visibility:hidden !important;\"><label for=\"wpcf7-69e18e8e096f8-field\" class=\"hp-message\">Veuillez laisser ce champ vide.<\/label><input id=\"wpcf7-69e18e8e096f8-field\"  class=\"wpcf7-form-control wpcf7-text\" type=\"text\" name=\"email\" value=\"\" size=\"40\" tabindex=\"-1\" autocomplete=\"new-password\" \/><\/span>\n<\/p>\n<p><input class=\"wpcf7-form-control wpcf7-submit has-spinner\" type=\"submit\" value=\"Envoyer\" \/>\n<\/p><div class=\"wpcf7-response-output\" aria-hidden=\"true\"><\/div>\n<\/form>\n<\/div>\n\n<h2>Compte ATEN (acc\u00e8s M\u00e9tice pour les parents)<\/h2>\n<p>Veuillez visiter la page \u00ab\u00a0<a href=\"https:\/\/etab.ac-reunion.fr\/clg-le-bernica\/2017\/09\/parents-indentifiants-de-connexion-a-metice\/\">Parents : indentifiants de connexion \u00e0 M\u00e9tice\u00a0<\/a>\u00bb, puis utiliser si n\u00e9cessaire le formulaire suivant :<\/p>\n\n<div class=\"wpcf7 no-js\" id=\"wpcf7-f4378-o2\" lang=\"fr-FR\" dir=\"ltr\" data-wpcf7-id=\"4378\">\n<div class=\"screen-reader-response\"><p role=\"status\" aria-live=\"polite\" aria-atomic=\"true\"><\/p> <ul><\/ul><\/div>\n<form action=\"\/clg-le-bernica\/wp-json\/wp\/v2\/pages\/12#wpcf7-f4378-o2\" method=\"post\" class=\"wpcf7-form init\" aria-label=\"Formulaire de contact\" novalidate=\"novalidate\" data-status=\"init\">\n<fieldset class=\"hidden-fields-container\"><input type=\"hidden\" name=\"_wpcf7\" value=\"4378\" \/><input type=\"hidden\" name=\"_wpcf7_version\" value=\"6.1.5\" \/><input type=\"hidden\" name=\"_wpcf7_locale\" value=\"fr_FR\" \/><input type=\"hidden\" name=\"_wpcf7_unit_tag\" value=\"wpcf7-f4378-o2\" \/><input type=\"hidden\" name=\"_wpcf7_container_post\" value=\"0\" \/><input type=\"hidden\" name=\"_wpcf7_posted_data_hash\" value=\"\" \/>\n<\/fieldset>\n<p><label> Votre nom (obligatoire) et pr\u00e9nom<br \/>\n<span class=\"wpcf7-form-control-wrap\" data-name=\"your-name\"><input size=\"40\" maxlength=\"400\" class=\"wpcf7-form-control wpcf7-text wpcf7-validates-as-required\" aria-required=\"true\" aria-invalid=\"false\" placeholder=\"Nom, Pr\u00e9nom de la\/du responsable ?\" value=\"\" type=\"text\" name=\"your-name\" \/><\/span> <\/label>\n<\/p>\n<p><label> Votre adresse de messagerie (obligatoire)<br \/>\n<span class=\"wpcf7-form-control-wrap\" data-name=\"your-email\"><input size=\"40\" maxlength=\"400\" class=\"wpcf7-form-control wpcf7-email wpcf7-validates-as-required wpcf7-text wpcf7-validates-as-email\" aria-required=\"true\" aria-invalid=\"false\" value=\"\" type=\"email\" name=\"your-email\" \/><\/span> <\/label>\n<\/p>\n<p><label> Objet<br \/>\n<span class=\"wpcf7-form-control-wrap\" data-name=\"your-subject\"><input size=\"40\" maxlength=\"400\" class=\"wpcf7-form-control wpcf7-text\" aria-invalid=\"false\" value=\"\" type=\"text\" name=\"your-subject\" \/><\/span> <\/label>\n<\/p>\n<p><label> Responsable de l'\u00e9l\u00e8ve :<br \/>\n<span class=\"wpcf7-form-control-wrap\" data-name=\"quelenfant\"><input size=\"40\" maxlength=\"400\" class=\"wpcf7-form-control wpcf7-text wpcf7-validates-as-required\" aria-required=\"true\" aria-invalid=\"false\" placeholder=\"Quel Enfant ?\" value=\"\" type=\"text\" name=\"quelenfant\" \/><\/span> <\/label>\n<\/p>\n<p><label> Classe de l'\u00e9l\u00e8ve :<br \/>\n<span class=\"wpcf7-form-control-wrap\" data-name=\"quelclasse\"><input size=\"40\" maxlength=\"400\" class=\"wpcf7-form-control wpcf7-text wpcf7-validates-as-required\" aria-required=\"true\" aria-invalid=\"false\" placeholder=\"Quelle classe ?\" value=\"\" type=\"text\" name=\"quelclasse\" \/><\/span> <\/label>\n<\/p>\n<p><label> Votre message<br \/>\n<span class=\"wpcf7-form-control-wrap\" data-name=\"your-message\"><textarea cols=\"40\" rows=\"10\" maxlength=\"2000\" class=\"wpcf7-form-control wpcf7-textarea\" aria-invalid=\"false\" name=\"your-message\"><\/textarea><\/span> <\/label>\n<\/p>\n<p><label> Veuille r\u00e9pondre \u00e0 la question [anti-spam] :<br \/>\n<span class=\"wpcf7-form-control-wrap\" data-name=\"quiz-289\"><label><span class=\"wpcf7-quiz-label\">Chiffre manquant pour la R\u00e9union : 97?<\/span> <input size=\"40\" class=\"wpcf7-form-control wpcf7-quiz\" autocomplete=\"off\" aria-required=\"true\" aria-invalid=\"false\" type=\"text\" name=\"quiz-289\" \/><\/label><input type=\"hidden\" name=\"_wpcf7_quiz_answer_quiz-289\" value=\"f571cb0ef988999721889645bc031d42\" \/><\/span><br \/>\n<\/label><label>Veuillez lire et accepter le paragraphe suivant pour pouvoir envoyer votre message.<\/label><br \/>\n<span class=\"wpcf7-form-control-wrap\" data-name=\"acceptance-9\"><span class=\"wpcf7-form-control wpcf7-acceptance\"><span class=\"wpcf7-list-item\"><label><input type=\"checkbox\" name=\"acceptance-9\" value=\"1\" aria-invalid=\"false\" \/><span class=\"wpcf7-list-item-label\">Les informations recueillies \u00e0 partir de ce formulaire sont transmises uniquement aux destinataires. Elles ne sont pas conserv\u00e9es ni transmises \u00e0 des tiers.<\/span><\/label><\/span><\/span><\/span>\n<\/p>\n<p><span id=\"wpcf7-69e18e8e0a85a-wrapper\" class=\"wpcf7-form-control-wrap email-wrap\" style=\"display:none !important; visibility:hidden !important;\"><label for=\"wpcf7-69e18e8e0a85a-field\" class=\"hp-message\">Veuillez laisser ce champ vide.<\/label><input id=\"wpcf7-69e18e8e0a85a-field\"  class=\"wpcf7-form-control wpcf7-text\" type=\"text\" name=\"email\" value=\"\" size=\"40\" tabindex=\"-1\" autocomplete=\"new-password\" \/><\/span>\n<\/p>\n<p><input class=\"wpcf7-form-control wpcf7-submit has-spinner\" type=\"submit\" value=\"Envoyer\" \/>\n<\/p><div class=\"wpcf7-response-output\" aria-hidden=\"true\"><\/div>\n<\/form>\n<\/div>\n\n<h2>Webmestre :<\/h2>\n\n<div class=\"wpcf7 no-js\" id=\"wpcf7-f3860-o3\" lang=\"fr-FR\" dir=\"ltr\" data-wpcf7-id=\"3860\">\n<div class=\"screen-reader-response\"><p role=\"status\" aria-live=\"polite\" aria-atomic=\"true\"><\/p> <ul><\/ul><\/div>\n<form action=\"\/clg-le-bernica\/wp-json\/wp\/v2\/pages\/12#wpcf7-f3860-o3\" method=\"post\" class=\"wpcf7-form init\" aria-label=\"Formulaire de contact\" novalidate=\"novalidate\" data-status=\"init\">\n<fieldset class=\"hidden-fields-container\"><input type=\"hidden\" name=\"_wpcf7\" value=\"3860\" \/><input type=\"hidden\" name=\"_wpcf7_version\" value=\"6.1.5\" \/><input type=\"hidden\" name=\"_wpcf7_locale\" value=\"fr_FR\" \/><input type=\"hidden\" name=\"_wpcf7_unit_tag\" value=\"wpcf7-f3860-o3\" \/><input type=\"hidden\" name=\"_wpcf7_container_post\" value=\"0\" \/><input type=\"hidden\" name=\"_wpcf7_posted_data_hash\" value=\"\" \/>\n<\/fieldset>\n<p><label> Votre nom (obligatoire)<br \/>\n<span class=\"wpcf7-form-control-wrap\" data-name=\"your-name\"><input size=\"40\" maxlength=\"400\" class=\"wpcf7-form-control wpcf7-text wpcf7-validates-as-required\" aria-required=\"true\" aria-invalid=\"false\" value=\"\" type=\"text\" name=\"your-name\" \/><\/span> <\/label>\n<\/p>\n<p><label> Votre adresse de messagerie (obligatoire)<br \/>\n<span class=\"wpcf7-form-control-wrap\" data-name=\"your-email\"><input size=\"40\" maxlength=\"400\" class=\"wpcf7-form-control wpcf7-email wpcf7-validates-as-required wpcf7-text wpcf7-validates-as-email\" aria-required=\"true\" aria-invalid=\"false\" value=\"\" type=\"email\" name=\"your-email\" \/><\/span> <\/label>\n<\/p>\n<p><label> Objet<br \/>\n<span class=\"wpcf7-form-control-wrap\" data-name=\"your-subject\"><input size=\"40\" maxlength=\"400\" class=\"wpcf7-form-control wpcf7-text\" aria-invalid=\"false\" value=\"\" type=\"text\" name=\"your-subject\" \/><\/span> <\/label>\n<\/p>\n<p><label> Votre message<br \/>\n<span class=\"wpcf7-form-control-wrap\" data-name=\"your-message\"><textarea cols=\"40\" rows=\"10\" maxlength=\"2000\" class=\"wpcf7-form-control wpcf7-textarea\" aria-invalid=\"false\" name=\"your-message\"><\/textarea><\/span> <\/label>\n<\/p>\n<p>[quiz quiz-809 \"2+3 = ? | 5 \" 4+2 = ? | 6\" \"Quel nombre entier suit 5 ? | 6\" \"Num. d\u00e9partement R\u00e9union ? | 974\"]\n<\/p>\n<p><label>Veuillez lire et accepter le paragraphe suivant pour pouvoir envoyer votre message.<\/label><br \/>\n<span class=\"wpcf7-form-control-wrap\" data-name=\"acceptance-9\"><span class=\"wpcf7-form-control wpcf7-acceptance\"><span class=\"wpcf7-list-item\"><label><input type=\"checkbox\" name=\"acceptance-9\" value=\"1\" aria-invalid=\"false\" \/><span class=\"wpcf7-list-item-label\">Les informations recueillies \u00e0 partir de ce formulaire sont transmises uniquement aux destinataires. Elles ne sont pas conserv\u00e9es ni transmises \u00e0 des tiers.<\/span><\/label><\/span><\/span><\/span>\n<\/p>\n<p><span id=\"wpcf7-69e18e8e0b12e-wrapper\" class=\"wpcf7-form-control-wrap email-wrap\" style=\"display:none !important; visibility:hidden !important;\"><label for=\"wpcf7-69e18e8e0b12e-field\" class=\"hp-message\">Veuillez laisser ce champ vide.<\/label><input id=\"wpcf7-69e18e8e0b12e-field\"  class=\"wpcf7-form-control wpcf7-text\" type=\"text\" name=\"email\" value=\"\" size=\"40\" tabindex=\"-1\" autocomplete=\"new-password\" \/><\/span>\n<\/p>\n<p><input class=\"wpcf7-form-control wpcf7-submit has-spinner\" type=\"submit\" value=\"Envoyer\" \/>\n<\/p><div class=\"wpcf7-response-output\" aria-hidden=\"true\"><\/div>\n<\/form>\n<\/div>\n\n","protected":false},"excerpt":{"rendered":"<p>Coll\u00e8ge Le Bernica BP7 rue Gayet 97435 Saint-Gilles les Hauts T\u00e9l : 0262 22 78 01 Fax : 0262 55 52 16 Nous localiser&#8230; OpenStreetMap G\u00e9oPortail Envoyer un mail au&#8230; Secr\u00e9tariat Compte ATEN (acc\u00e8s M\u00e9tice pour les parents) Veuillez visiter la page \u00ab\u00a0Parents : indentifiants de connexion \u00e0 M\u00e9tice\u00a0\u00bb, puis&#8230;<\/p>\n<p> <a class=\"continue-reading-link\" href=\"https:\/\/etab.ac-reunion.fr\/clg-le-bernica\/contacts\/\"><span>Poursuivre la lecture<\/span><i class=\"crycon-right-dir\"><\/i><\/a> <\/p>\n","protected":false},"author":1727,"featured_media":208,"parent":0,"menu_order":0,"comment_status":"closed","ping_status":"closed","template":"","meta":{"footnotes":""},"class_list":["post-12","page","type-page","status-publish","has-post-thumbnail","hentry"],"_links":{"self":[{"href":"https:\/\/etab.ac-reunion.fr\/clg-le-bernica\/wp-json\/wp\/v2\/pages\/12","targetHints":{"allow":["GET"]}}],"collection":[{"href":"https:\/\/etab.ac-reunion.fr\/clg-le-bernica\/wp-json\/wp\/v2\/pages"}],"about":[{"href":"https:\/\/etab.ac-reunion.fr\/clg-le-bernica\/wp-json\/wp\/v2\/types\/page"}],"author":[{"embeddable":true,"href":"https:\/\/etab.ac-reunion.fr\/clg-le-bernica\/wp-json\/wp\/v2\/users\/1727"}],"replies":[{"embeddable":true,"href":"https:\/\/etab.ac-reunion.fr\/clg-le-bernica\/wp-json\/wp\/v2\/comments?post=12"}],"version-history":[{"count":22,"href":"https:\/\/etab.ac-reunion.fr\/clg-le-bernica\/wp-json\/wp\/v2\/pages\/12\/revisions"}],"predecessor-version":[{"id":4379,"href":"https:\/\/etab.ac-reunion.fr\/clg-le-bernica\/wp-json\/wp\/v2\/pages\/12\/revisions\/4379"}],"wp:featuredmedia":[{"embeddable":true,"href":"https:\/\/etab.ac-reunion.fr\/clg-le-bernica\/wp-json\/wp\/v2\/media\/208"}],"wp:attachment":[{"href":"https:\/\/etab.ac-reunion.fr\/clg-le-bernica\/wp-json\/wp\/v2\/media?parent=12"}],"curies":[{"name":"wp","href":"https:\/\/api.w.org\/{rel}","templated":true}]}}