{"id":284,"date":"2014-11-14T14:55:19","date_gmt":"2014-11-14T10:55:19","guid":{"rendered":"http:\/\/college-bernica.ac-reunion.fr\/?page_id=284"},"modified":"2015-03-12T11:48:03","modified_gmt":"2015-03-12T07:48:03","slug":"charte-du-conseil-de-classe","status":"publish","type":"page","link":"https:\/\/etab.ac-reunion.fr\/clg-le-bernica\/charte-du-conseil-de-classe\/","title":{"rendered":"Charte du conseil de classe"},"content":{"rendered":"<p>&nbsp;<\/p>\n<div class=\"su-quote su-quote-style-default\"><div class=\"su-quote-inner su-u-clearfix su-u-trim\">\n<ol>\n<li>Le conseil de classe est la r\u00e9union de l&rsquo;\u00e9quipe p\u00e9dagogique et \u00e9ducative\u00a0: les professeurs, le conseiller principal d&rsquo;\u00e9ducation, les d\u00e9l\u00e9gu\u00e9s des \u00e9l\u00e8ves et des parents en sont les membres permanents\u00a0; le chef d&rsquo;\u00e9tablissement, le principal adjoint, les CPE pr\u00e9sideront ces conseils. Les conseillers d&rsquo;orientation psychologues, l&rsquo;infirmi\u00e8re ou l&rsquo;assistante sociale peuvent y participer.<\/li>\n<li>L&rsquo;objet du conseil de classe est l&rsquo;examen de la scolarit\u00e9 des \u00e9l\u00e8ves\u00a0: s&rsquo;appuyant sur les appr\u00e9ciations et \u00e9valuations port\u00e9es sur le bulletin, il recherche et propose \u00e0 l&rsquo;\u00e9l\u00e8ve et \u00e0 sa famille des conseils pour la suite de sa scolarit\u00e9. Des entretiens peuvent \u00eatre provoqu\u00e9s par le professeur principal ou le chef d&rsquo;\u00e9tablissement \u00e0 la suite du conseil avec l&rsquo;\u00e9l\u00e8ve et sa famille.<\/li>\n<li>Le conseil de classe est anim\u00e9 par le professeur principal qui expose les points forts ou les difficult\u00e9s de chaque \u00e9l\u00e8ve\u00a0; en prenant en compte des \u00e9l\u00e9ments d&rsquo;ordre \u00e9ducatif, m\u00e9dical et social apport\u00e9s par ses membres, le conseil de classe cherchera \u00e0 guider l&rsquo;\u00e9l\u00e8ve dans son travail et dans ses choix d&rsquo;\u00e9tudes.<\/li>\n<li>Le conseil de classe peut permettre \u00e9galement de faire le point dans chaque discipline sur la participation, le dynamisme et la mise au travail des \u00e9l\u00e8ves. Des questions relatives \u00e0 ces points peuvent \u00eatre \u00e9voqu\u00e9es par les d\u00e9l\u00e9gu\u00e9s des \u00e9l\u00e8ves et des parents.<\/li>\n<li>Des mentions pourront \u00eatre d\u00e9cern\u00e9es en conseil de classe\u00a0: les encouragements et les f\u00e9licitations. Le conseil de classe peut proposer une sanction (avertissement) qui pourra \u00eatre prise par le chef d&rsquo;\u00e9tablissement et notifi\u00e9e \u00e0 la famille.<\/li>\n<li>Les d\u00e9finitions correspondant \u00e0 chaque mention sont les suivantes\u00a0:\n<ul>\n<li><strong>Avertissement pour le manque de travail\u00a0:<\/strong> mise en garde adress\u00e9e \u00e0 l&rsquo;\u00e9l\u00e8ve le\u00e7ons non apprises, des devoirs non rendus, etc&#8230;<\/li>\n<li><strong>Avertissement comportement de conduite\u00a0:<\/strong> concerne essentiellement des manquements mineurs aux obligations des \u00e9l\u00e8ves sp\u00e9cifi\u00e9es dans le r\u00e8glement int\u00e9rieur. Des faits d&rsquo;indiscipline prononc\u00e9es directement par le professeur ( ou le personnel comp\u00e9tent ).<\/li>\n<li><strong>Encouragements\u00a0:<\/strong> t\u00e9moignage de reconnaissance adress\u00e9 \u00e0 l&rsquo;\u00e9l\u00e8ve pour son engagement dans le travail, m\u00eame si les r\u00e9sultats ne sont pas brillants, et qui se traduit notamment par des signes d&rsquo;efforts, d&rsquo;investissement, d&rsquo;int\u00e9r\u00eat, de peine qu&rsquo;on se donne, etc&#8230;<\/li>\n<li><strong>Tableau d&rsquo;honneur\u00a0:<\/strong> correspond \u00e0 des r\u00e9sultats satisfaisants. La moyenne de 13\/20 est requise. Ce tableau d&rsquo;honneur peut \u00eatre cumulable avec des encouragements.<\/li>\n<li><strong>F\u00e9licitations\u00a0:<\/strong> t\u00e9moignage de reconnaissance adress\u00e9 \u00e0 l&rsquo;\u00e9l\u00e8ve pour l&rsquo;excellence de ses r\u00e9sultats et de son comportement face au travail. A partir de 15\/20 de moyenne.<\/li>\n<li><strong>Mention d&rsquo;excellence\u00a0<\/strong>: propos\u00e9 aux \u00e9l\u00e8ves ayant une moyenne sup\u00e9rieure \u00e0 17\/20.<\/li>\n<li>Les mentions doivent acqu\u00e9rir un statut formatif en incitant les \u00e9l\u00e8ves et leur famille \u00e0 pers\u00e9v\u00e9rer dans le sens de la qualit\u00e9 ou \u00e0 modifier ce qui pose probl\u00e8me.<\/li>\n<\/ul>\n<\/li>\n<li>Afin d&rsquo;obtenir une attribution \u00e9quitable des mentions, elles seront d\u00e9cern\u00e9es selon les crit\u00e8res suivants\u00a0:\n<ul>\n<li><strong>Avertissements pour le manque de travail\u00a0<\/strong>: \u00e0 partir de quatre observations n\u00e9gatives sur le travail dans les appr\u00e9ciations.<br \/>\nCet avertissement ne figurera pas sur le bulletin mais fera l&rsquo;objet d&rsquo;un courrier sp\u00e9cifique sign\u00e9 du chef d&rsquo;\u00e9tablissement.<\/li>\n<li><strong>Avertissement comportement conduite\u00a0:<\/strong> \u00e0 partir de quatre observations n\u00e9gatives sur le comportement.<br \/>\nCet avertissement ne figurera pas sur le bulletin mais fera l&rsquo;objet d&rsquo;un courrier sp\u00e9cifique sign\u00e9 du chef d&rsquo;\u00e9tablissement.<\/li>\n<li><strong>Encouragements\u00a0:<\/strong> \u00e0 partir de la proposition du professeur principal se fondant sur des remarques signalant le s\u00e9rieux, les efforts, les progr\u00e8s, l&rsquo;investissement, SAUF si deux avis d\u00e9favorables sont exprim\u00e9s par les membres pendant le conseil de classe.<\/li>\n<li><strong>Tableau d&rsquo;honneur \/ F\u00e9licitations \/ Prix d&rsquo;excellence\u00a0:<\/strong> \u00e0 partir de la proposition du professeur principal, SAUF si deux avis d\u00e9favorables sont exprim\u00e9s par les membres pendant le conseil de classe.<\/li>\n<\/ul>\n<\/li>\n<li>Les d\u00e9l\u00e9gu\u00e9s disposeront des moyennes par discipline de tous les \u00e9l\u00e8ves pendant le temps du conseil de classe. Les d\u00e9l\u00e9gu\u00e9s des parents pourront joindre un compte-rendu lors de l&rsquo;envoi des bulletins\u00a0; il ne traitera pas des cas individuels mais des appr\u00e9ciations et remarques d&rsquo;ordre g\u00e9n\u00e9ral.<\/li>\n<li>Les d\u00e9l\u00e9gu\u00e9s des \u00e9l\u00e8ves peuvent \u00eatre invit\u00e9s \u00e0 sortir de la salle lors de l&rsquo;examen de leur cas, il s&rsquo;agit de pr\u00e9server l&rsquo;\u00e9galit\u00e9 de traitement des \u00e9l\u00e8ves et de favoriser l&rsquo;expression des membres du conseil\u00a0; si le d\u00e9l\u00e9gu\u00e9 ne souhaite pas sortir, il n&rsquo;aura pas la parole pour se justifier et les membres ne s&rsquo;adresseront pas directement \u00e0 lui en tant qu&rsquo;\u00e9l\u00e8ve\u00a0; son camarade d\u00e9l\u00e9gu\u00e9 assurera le relais.<\/li>\n<li>L&rsquo;ensemble des membres du conseil de classe est tenu au devoir de discr\u00e9tion et de r\u00e9serve. Si des informations d\u00e9licates sur un \u00e9l\u00e8ve doivent \u00eatre \u00e9voqu\u00e9es, elles pourront \u00e9ventuellement l&rsquo;\u00eatre lors d&rsquo;un conseil restreint r\u00e9unissant l&rsquo;\u00e9quipe p\u00e9dagogique et \u00e9ducative.<\/li>\n<\/ol>\n<\/div><\/div>\n<hr \/>\n<div class=\"su-button-center\"><a href=\"https:\/\/etab.ac-reunion.fr\/clg-le-bernica\/wp-content\/uploads\/sites\/88\/2014\/11\/charte-du-conseil-de-classe.pdf\" class=\"su-button su-button-style-flat\" style=\"color:#FFFFFF;background-color:#2D89EF;border-color:#246ec0;border-radius:11px\" target=\"_blank\" rel=\"noopener noreferrer\"><span style=\"color:#FFFFFF;padding:9px 28px;font-size:21px;line-height:32px;border-color:#6cadf4;border-radius:11px;text-shadow:5px 4px 2px #111111\"><i class=\"sui sui-cloud-download\" style=\"font-size:21px;color:#FFFFFF\"><\/i> Voir le pdf<\/span><\/a><\/div>\n","protected":false},"excerpt":{"rendered":"<p>&nbsp;<\/p>\n<p> <a class=\"continue-reading-link\" href=\"https:\/\/etab.ac-reunion.fr\/clg-le-bernica\/charte-du-conseil-de-classe\/\"><span>Poursuivre la lecture<\/span><i class=\"crycon-right-dir\"><\/i><\/a> <\/p>\n","protected":false},"author":1727,"featured_media":0,"parent":0,"menu_order":0,"comment_status":"closed","ping_status":"closed","template":"","meta":{"footnotes":""},"class_list":["post-284","page","type-page","status-publish","hentry"],"_links":{"self":[{"href":"https:\/\/etab.ac-reunion.fr\/clg-le-bernica\/wp-json\/wp\/v2\/pages\/284","targetHints":{"allow":["GET"]}}],"collection":[{"href":"https:\/\/etab.ac-reunion.fr\/clg-le-bernica\/wp-json\/wp\/v2\/pages"}],"about":[{"href":"https:\/\/etab.ac-reunion.fr\/clg-le-bernica\/wp-json\/wp\/v2\/types\/page"}],"author":[{"embeddable":true,"href":"https:\/\/etab.ac-reunion.fr\/clg-le-bernica\/wp-json\/wp\/v2\/users\/1727"}],"replies":[{"embeddable":true,"href":"https:\/\/etab.ac-reunion.fr\/clg-le-bernica\/wp-json\/wp\/v2\/comments?post=284"}],"version-history":[{"count":7,"href":"https:\/\/etab.ac-reunion.fr\/clg-le-bernica\/wp-json\/wp\/v2\/pages\/284\/revisions"}],"predecessor-version":[{"id":294,"href":"https:\/\/etab.ac-reunion.fr\/clg-le-bernica\/wp-json\/wp\/v2\/pages\/284\/revisions\/294"}],"wp:attachment":[{"href":"https:\/\/etab.ac-reunion.fr\/clg-le-bernica\/wp-json\/wp\/v2\/media?parent=284"}],"curies":[{"name":"wp","href":"https:\/\/api.w.org\/{rel}","templated":true}]}}