{"id":623,"date":"2014-12-10T21:49:52","date_gmt":"2014-12-10T17:49:52","guid":{"rendered":"http:\/\/college-bernica.ac-reunion.fr\/?page_id=623"},"modified":"2014-12-15T12:56:27","modified_gmt":"2014-12-15T08:56:27","slug":"histoire-des-arts","status":"publish","type":"page","link":"https:\/\/etab.ac-reunion.fr\/clg-le-bernica\/histoire-des-arts\/","title":{"rendered":"Histoire des Arts"},"content":{"rendered":"<h2>Les documents \u00e0 consulter pour l&rsquo;\u00e9preuve d&rsquo;Histoire des arts&#8230;<\/h2>\n<div class=\"su-list\" style=\"margin-left:0px\">\n<p>&nbsp;<\/p>\n<ul>\n<li><i class=\"sui sui-arrow-circle-right\" style=\"color:#333\"><\/i> <a href=\"https:\/\/etab.ac-reunion.fr\/clg-le-bernica\/wp-content\/uploads\/sites\/88\/2014\/12\/1-pre\u0301sentation-e\u0301preuve-hda-e\u0301le\u0300ve-.pdf\">1 pre\u0301sentation de l&rsquo;e\u0301preuve d&rsquo;histoire des arts, document pour l&rsquo;e\u0301le\u0300ve<\/a><\/li>\n<li><i class=\"sui sui-arrow-circle-right\" style=\"color:#333\"><\/i> <a href=\"https:\/\/etab.ac-reunion.fr\/clg-le-bernica\/wp-content\/uploads\/sites\/88\/2014\/12\/2-Liste-HDA2015.pdf\">2- Liste HDA2015<\/a><\/li>\n<li><i class=\"sui sui-arrow-circle-right\" style=\"color:#333\"><\/i> <a href=\"https:\/\/etab.ac-reunion.fr\/clg-le-bernica\/wp-content\/uploads\/sites\/88\/2014\/12\/3-me\u0301thodologie1.pdf\">3- me\u0301thodologie1<\/a><\/li>\n<li><i class=\"sui sui-arrow-circle-right\" style=\"color:#333\"><\/i> <a href=\"https:\/\/etab.ac-reunion.fr\/clg-le-bernica\/wp-content\/uploads\/sites\/88\/2014\/12\/3-me\u0301thodologie-2.pdf\">3- me\u0301thodologie 2<\/a><\/li>\n<li><i class=\"sui sui-arrow-circle-right\" style=\"color:#333\"><\/i> <a href=\"https:\/\/etab.ac-reunion.fr\/clg-le-bernica\/wp-content\/uploads\/sites\/88\/2014\/12\/3-Me\u0301thodologie3-re\u0301vision-.pdf\">3- Me\u0301thodologie3-re\u0301vision<\/a><\/li>\n<li><i class=\"sui sui-arrow-circle-right\" style=\"color:#333\"><\/i> <a href=\"https:\/\/etab.ac-reunion.fr\/clg-le-bernica\/wp-content\/uploads\/sites\/88\/2014\/12\/liste-officielle-pour-validation.pdf\">liste officielle pour validation<\/a><\/li>\n<\/ul>\n<\/div>\n<p>Les professeurs ou tuteurs trouveront <a href=\"https:\/\/portail.college-bernica.re\/wordpress\/?p=606\">sur cette autre page<\/a> les d\u00e9tails de leurs r\u00f4les (connexion \u00e0 l&rsquo;ENT du coll\u00e8ge Le Bernica n\u00e9cessaire).<\/p>\n","protected":false},"excerpt":{"rendered":"<p>Les documents \u00e0 consulter pour l&rsquo;\u00e9preuve d&rsquo;Histoire des arts&#8230; Les professeurs ou tuteurs trouveront sur cette autre page les d\u00e9tails de leurs r\u00f4les (connexion \u00e0 l&rsquo;ENT du coll\u00e8ge Le Bernica n\u00e9cessaire).<\/p>\n<p> <a class=\"continue-reading-link\" href=\"https:\/\/etab.ac-reunion.fr\/clg-le-bernica\/histoire-des-arts\/\"><span>Poursuivre la lecture<\/span><i class=\"crycon-right-dir\"><\/i><\/a> <\/p>\n","protected":false},"author":3945,"featured_media":0,"parent":0,"menu_order":0,"comment_status":"closed","ping_status":"closed","template":"","meta":{"footnotes":""},"class_list":["post-623","page","type-page","status-publish","hentry"],"_links":{"self":[{"href":"https:\/\/etab.ac-reunion.fr\/clg-le-bernica\/wp-json\/wp\/v2\/pages\/623","targetHints":{"allow":["GET"]}}],"collection":[{"href":"https:\/\/etab.ac-reunion.fr\/clg-le-bernica\/wp-json\/wp\/v2\/pages"}],"about":[{"href":"https:\/\/etab.ac-reunion.fr\/clg-le-bernica\/wp-json\/wp\/v2\/types\/page"}],"author":[{"embeddable":true,"href":"https:\/\/etab.ac-reunion.fr\/clg-le-bernica\/wp-json\/wp\/v2\/users\/3945"}],"replies":[{"embeddable":true,"href":"https:\/\/etab.ac-reunion.fr\/clg-le-bernica\/wp-json\/wp\/v2\/comments?post=623"}],"version-history":[{"count":5,"href":"https:\/\/etab.ac-reunion.fr\/clg-le-bernica\/wp-json\/wp\/v2\/pages\/623\/revisions"}],"predecessor-version":[{"id":636,"href":"https:\/\/etab.ac-reunion.fr\/clg-le-bernica\/wp-json\/wp\/v2\/pages\/623\/revisions\/636"}],"wp:attachment":[{"href":"https:\/\/etab.ac-reunion.fr\/clg-le-bernica\/wp-json\/wp\/v2\/media?parent=623"}],"curies":[{"name":"wp","href":"https:\/\/api.w.org\/{rel}","templated":true}]}}