{"id":14,"date":"2015-07-14T13:50:41","date_gmt":"2015-07-14T12:50:41","guid":{"rendered":"http:\/\/college-ledimitile.ac-reunion.fr\/?page_id=14"},"modified":"2025-12-12T09:39:42","modified_gmt":"2025-12-12T05:39:42","slug":"assr","status":"publish","type":"page","link":"https:\/\/etab.ac-reunion.fr\/clg-le-dimitile\/assr\/","title":{"rendered":"ASSR"},"content":{"rendered":"<section class=\"section-title wrapper\" data-v-60605313=\"\">\n<h1 data-v-60605313=\"\">Attestation scolaire de s\u00e9curit\u00e9 routi\u00e8re (ASSR)<\/h1>\n<\/section>\n<section class=\"section-intro wrapper\" data-v-60605313=\"\">\n<div class=\"wyz\" data-v-60605313=\"\">\n<p data-v-60605313=\"\">Les attestations scolaires de s\u00e9curit\u00e9 routi\u00e8re (ASSR) de 1er et 2e niveaux s&rsquo;obtiennent dans le cadre d&rsquo;un enseignement obligatoire des r\u00e8gles de s\u00e9curit\u00e9 routi\u00e8re. Elles sont d\u00e9livr\u00e9es pendant le temps scolaire apr\u00e8s un contr\u00f4le des connaissances th\u00e9oriques.<\/p>\n<h2 class=\"paragraph-title title\" data-v-3f0d4e39=\"\">De quoi s\u2019agit-il\u00a0?<\/h2>\n<div class=\"wyz\" data-v-1622461e=\"\">\n<p>Les attestations ASSR 1 et ASSR 2, d\u00e9livr\u00e9es au coll\u00e8ge, portent sur la connaissance des risques et des r\u00e8gles applicables pour chacun des types d&rsquo;usagers\u00a0: pi\u00e9ton, cycliste, cyclomotoriste, passager d&rsquo;une voiture, futur automobiliste.<\/p>\n<p>\u2028\u2028Ces formations th\u00e9oriques se d\u00e9roulent en deux temps, en classes de 5<sup>e<\/sup>\u00a0et de 3<sup>e<\/sup>. \u2028\u2028<\/p>\n<p>Elles font partie int\u00e9grante de l&rsquo;enseignement obligatoire et permettent de v\u00e9rifier les connaissances de s\u00e9curit\u00e9 routi\u00e8re progressivement acquises tout au long de la scolarit\u00e9.<\/p>\n<\/div>\n<\/div>\n<\/section>\n<h3 style=\"text-align: center\">Cliquez ci-dessous (sur l&rsquo;image) pour vous entra\u00eener \u00e0 l\u2019ASSR1 et l\u2019ASSR2 :<\/h3>\n\n<div class=\"wp-block-image\">\n<figure class=\"aligncenter size-full is-resized\"><a href=\"https:\/\/e-assr.education-securite-routiere.fr\/preparer\/assr\"><img loading=\"lazy\" decoding=\"async\" width=\"680\" height=\"383\" src=\"https:\/\/etab.ac-reunion.fr\/clg-le-dimitile\/wp-content\/uploads\/sites\/129\/2023\/12\/ASSR.png\" alt=\"\" class=\"wp-image-14177\" style=\"width:605px;height:auto\" srcset=\"https:\/\/etab.ac-reunion.fr\/clg-le-dimitile\/wp-content\/uploads\/sites\/129\/2023\/12\/ASSR.png 680w, https:\/\/etab.ac-reunion.fr\/clg-le-dimitile\/wp-content\/uploads\/sites\/129\/2023\/12\/ASSR-300x169.png 300w, https:\/\/etab.ac-reunion.fr\/clg-le-dimitile\/wp-content\/uploads\/sites\/129\/2023\/12\/ASSR-150x84.png 150w\" sizes=\"auto, (max-width: 680px) 100vw, 680px\" \/><\/a><\/figure>\n<\/div>","protected":false},"excerpt":{"rendered":"<p>Attestation scolaire de s\u00e9curit\u00e9 routi\u00e8re (ASSR) Les attestations scolaires de s\u00e9curit\u00e9 routi\u00e8re (ASSR) de 1er et 2e niveaux s&rsquo;obtiennent dans le cadre d&rsquo;un enseignement obligatoire des r\u00e8gles de s\u00e9curit\u00e9 routi\u00e8re. Elles sont d\u00e9livr\u00e9es pendant le temps scolaire apr\u00e8s un contr\u00f4le des connaissances th\u00e9oriques. De quoi s\u2019agit-il\u00a0? Les attestations ASSR 1\u2026<\/p>\n<p class=\"continue-reading-button\"> <a class=\"continue-reading-link\" href=\"https:\/\/etab.ac-reunion.fr\/clg-le-dimitile\/assr\/\">Lire la suite<i class=\"crycon-right-dir\"><\/i><\/a><\/p>\n","protected":false},"author":8105,"featured_media":0,"parent":0,"menu_order":0,"comment_status":"closed","ping_status":"closed","template":"","meta":{"footnotes":""},"class_list":["post-14","page","type-page","status-publish","hentry"],"_links":{"self":[{"href":"https:\/\/etab.ac-reunion.fr\/clg-le-dimitile\/wp-json\/wp\/v2\/pages\/14","targetHints":{"allow":["GET"]}}],"collection":[{"href":"https:\/\/etab.ac-reunion.fr\/clg-le-dimitile\/wp-json\/wp\/v2\/pages"}],"about":[{"href":"https:\/\/etab.ac-reunion.fr\/clg-le-dimitile\/wp-json\/wp\/v2\/types\/page"}],"author":[{"embeddable":true,"href":"https:\/\/etab.ac-reunion.fr\/clg-le-dimitile\/wp-json\/wp\/v2\/users\/8105"}],"replies":[{"embeddable":true,"href":"https:\/\/etab.ac-reunion.fr\/clg-le-dimitile\/wp-json\/wp\/v2\/comments?post=14"}],"version-history":[{"count":10,"href":"https:\/\/etab.ac-reunion.fr\/clg-le-dimitile\/wp-json\/wp\/v2\/pages\/14\/revisions"}],"predecessor-version":[{"id":14579,"href":"https:\/\/etab.ac-reunion.fr\/clg-le-dimitile\/wp-json\/wp\/v2\/pages\/14\/revisions\/14579"}],"wp:attachment":[{"href":"https:\/\/etab.ac-reunion.fr\/clg-le-dimitile\/wp-json\/wp\/v2\/media?parent=14"}],"curies":[{"name":"wp","href":"https:\/\/api.w.org\/{rel}","templated":true}]}}