{"id":14166,"date":"2023-12-13T10:26:26","date_gmt":"2023-12-13T06:26:26","guid":{"rendered":"https:\/\/etab.ac-reunion.fr\/clg-le-dimitile\/?page_id=14166"},"modified":"2023-12-13T11:17:34","modified_gmt":"2023-12-13T07:17:34","slug":"une-jeunesse-motivee-et-responsable","status":"publish","type":"page","link":"https:\/\/etab.ac-reunion.fr\/clg-le-dimitile\/une-jeunesse-motivee-et-responsable\/","title":{"rendered":"Une Jeunesse motiv\u00e9e et responsable"},"content":{"rendered":"\n<p><strong>D\u00e9l\u00e9gu\u00e9(e) de classe:<\/strong>  2 repr\u00e9sentant par classe &#8211; encadr\u00e9 par les professeurs principaux<\/p>\n\n\n\n<p>Apr\u00e8s avoir fait campagne, les d\u00e9l\u00e9gu\u00e9s sont \u00e9lus par leur classe d\u00e9but octobre. Ils sont porte-parole de leurs camarades et des enseignants. Ils participent aux conseils de classe et aux r\u00e9unions de d\u00e9l\u00e9gu\u00e9s. Ils se doivent d&rsquo;\u00eatre exemplaires et bienveillants.<\/p>\n\n\n\n<p><strong>D\u00e9l\u00e9gu\u00e9(e) \u00e9co-responsable<\/strong><strong>&nbsp;(\u00e0 l&rsquo;ann\u00e9e)<\/strong>&nbsp;: <\/p>\n\n\n\n<p>Le d\u00e9l\u00e9gu\u00e9 \u00e9co-responsable est charg\u00e9 de\u200b promouvoir le respect de l&rsquo;environnement en organisant des campagnes d&rsquo;affichage, en favorisant le tri des d\u00e9chets\u2026 Il n&rsquo;assiste pas aux conseils de classe mais est pr\u00e9sent au conseil des d\u00e9l\u00e9gu\u00e9s.<\/p>\n\n\n\n<p><strong>Ambassadeur contre le harc\u00e8lement<\/strong>: Ils sont reconnaissable par leurs bandana de couleur rouge<\/p>\n\n\n\n<p>Tous les coll\u00e9giens volontaire peuvent devenir ambassadeur contre le harc\u00e8lement et s&rsquo;engager dans les action de pr\u00e9vention<\/p>\n","protected":false},"excerpt":{"rendered":"<p>D\u00e9l\u00e9gu\u00e9(e) de classe: 2 repr\u00e9sentant par classe &#8211; encadr\u00e9 par les professeurs principaux Apr\u00e8s avoir fait campagne, les d\u00e9l\u00e9gu\u00e9s sont \u00e9lus par leur classe d\u00e9but octobre. Ils sont porte-parole de leurs camarades et des enseignants. Ils participent aux conseils de classe et aux r\u00e9unions de d\u00e9l\u00e9gu\u00e9s. Ils se doivent d&rsquo;\u00eatre\u2026<\/p>\n<p class=\"continue-reading-button\"> <a class=\"continue-reading-link\" href=\"https:\/\/etab.ac-reunion.fr\/clg-le-dimitile\/une-jeunesse-motivee-et-responsable\/\">Lire la suite<i class=\"crycon-right-dir\"><\/i><\/a><\/p>\n","protected":false},"author":32994,"featured_media":0,"parent":0,"menu_order":0,"comment_status":"closed","ping_status":"closed","template":"","meta":{"footnotes":""},"class_list":["post-14166","page","type-page","status-publish","hentry"],"_links":{"self":[{"href":"https:\/\/etab.ac-reunion.fr\/clg-le-dimitile\/wp-json\/wp\/v2\/pages\/14166","targetHints":{"allow":["GET"]}}],"collection":[{"href":"https:\/\/etab.ac-reunion.fr\/clg-le-dimitile\/wp-json\/wp\/v2\/pages"}],"about":[{"href":"https:\/\/etab.ac-reunion.fr\/clg-le-dimitile\/wp-json\/wp\/v2\/types\/page"}],"author":[{"embeddable":true,"href":"https:\/\/etab.ac-reunion.fr\/clg-le-dimitile\/wp-json\/wp\/v2\/users\/32994"}],"replies":[{"embeddable":true,"href":"https:\/\/etab.ac-reunion.fr\/clg-le-dimitile\/wp-json\/wp\/v2\/comments?post=14166"}],"version-history":[{"count":5,"href":"https:\/\/etab.ac-reunion.fr\/clg-le-dimitile\/wp-json\/wp\/v2\/pages\/14166\/revisions"}],"predecessor-version":[{"id":14180,"href":"https:\/\/etab.ac-reunion.fr\/clg-le-dimitile\/wp-json\/wp\/v2\/pages\/14166\/revisions\/14180"}],"wp:attachment":[{"href":"https:\/\/etab.ac-reunion.fr\/clg-le-dimitile\/wp-json\/wp\/v2\/media?parent=14166"}],"curies":[{"name":"wp","href":"https:\/\/api.w.org\/{rel}","templated":true}]}}